-- Table structure for table `product_music_extra`
--

CREATE TABLE `product_music_extra` (
  `products_id` int(11) NOT NULL default '0',
  `artists_id` int(11) NOT NULL default '0',
  `record_company_id` int(11) NOT NULL default '0',
  `music_genre_id` int(11) NOT NULL default '0',
  PRIMARY KEY  (`products_id`),
  KEY `idx_music_genre_id_zen` (`music_genre_id`)
) ENGINE=MyISAM DEFAULT CHARSET=latin1;

--
-- Dumping data for table `product_music_extra`
--


--
-- Table structure for table `product_type_layout`
--

CREATE TABLE `product_type_layout` (
  `configuration_id` int(11) NOT NULL auto_increment,
  `configuration_title` text NOT NULL,
  `configuration_key` varchar(255) NOT NULL default '',
  `configuration_value` text NOT NULL,
  `configuration_description` text NOT NULL,
  `product_type_id` int(11) NOT NULL default '0',
  `sort_order` int(5) default NULL,
  `last_modified` datetime default NULL,
  `date_added` datetime NOT NULL default '0001-01-01 00:00:00',
  `use_function` text,
  `set_function` text,
  PRIMARY KEY  (`configuration_id`),
  UNIQUE KEY `unq_config_key_zen` (`configuration_key`),
  KEY `idx_key_value_zen` (`configuration_key`,`configuration_value`(10))
) ENGINE=MyISAM AUTO_INCREMENT=99 DEFAULT CHARSET=latin1;

--
-- Dumping data for table `product_type_layout`
--

INSERT INTO `product_type_layout` VALUES (1,'Show Model Number','SHOW_PRODUCT_INFO_MODEL','1','Display Model Number on Product Info 0= off 1= on',1,1,NULL,'2005-09-20 18:35:50',NULL,'zen_cfg_select_drop_down(array(array(\'id\'=>\'1\', \'text\'=>\'True\'), array(\'id\'=>\'0\', \'text\'=>\'False\')), '),(2,'Show Weight','SHOW_PRODUCT_INFO_WEIGHT','1','Display Weight on Product Info 0= off 1= on',1,2,NULL,'2005-09-20 18:35:50',NULL,'zen_cfg_select_drop_down(array(array(\'id\'=>\'1\', \'text\'=>\'True\'), array(\'id\'=>\'0\', \'text\'=>\'False\')), '),(3,'Show Attribute Weight','SHOW_PRODUCT_INFO_WEIGHT_ATTRIBUTES','1','Display Attribute Weight on Product Info 0= off 1= on',1,3,NULL,'2005-09-20 18:35:50',NULL,'zen_cfg_select_drop_down(array(array(\'id\'=>\'1\', \'text\'=>\'True\'), array(\'id\'=>\'0\', \'text\'=>\'False\')), '),(4,'Show Manufacturer','SHOW_PRODUCT_INFO_MANUFACTURER','1','Display Manufacturer Name on Product Info 0= off 1= on',1,4,NULL,'2005-09-20 18:35:50',NULL,'zen_cfg_select_drop_down(array(array(\'id\'=>\'1\', \'text\'=>\'True\'), array(\'id\'=>\'0\', \'text\'=>\'False\')), '),(5,'Show Quantity in Shopping Cart','SHOW_PRODUCT_INFO_IN_CART_QTY','1','Display Quantity in Current Shopping Cart on Product Info 0= off 1= on',1,5,NULL,'2005-09-20 18:35:50',NULL,'zen_cfg_select_drop_down(array(array(\'id\'=>\'1\', \'text\'=>\'True\'), array(\'id\'=>\'0\', \'text\'=>\'False\')), '),(6,'Show Quantity in Stock','SHOW_PRODUCT_INFO_QUANTITY','1','Display Quantity in Stock on Product Info 0= off 1= on',1,6,NULL,'2005-09-20 18:35:50',NULL,'zen_cfg_select_drop_down(array(array(\'id\'=>\'1\', \'text\'=>\'True\'), array(\'id\'=>\'0\', \'text\'=>\'False\')), '),(7,'Show Product Reviews Count','SHOW_PRODUCT_INFO_REVIEWS_COUNT','1','Display Product Reviews Count on Product Info 0= off 1= on',1,7,NULL,'2005-09-20 18:35:50',NULL,'zen_cfg_select_drop_down(array(array(\'id\'=>\'1\', \'text\'=>\'True\'), array(\'id\'=>\'0\', \'text\'=>\'False\')), '),(8,'Show Product Reviews Button','SHOW_PRODUCT_INFO_REVIEWS','1','Display Product Reviews Button on Product Info 0= off 1= on',1,8,NULL,'2005-09-20 18:35:50',NULL,'zen_cfg_select_drop_down(array(array(\'id\'=>\'1\', \'text\'=>\'True\'), array(\'id\'=>\'0\', \'text\'=>\'False\')), '),(9,'Show Date Available','SHOW_PRODUCT_INFO_DATE_AVAILABLE','1','Display Date Available on Product Info 0= off 1= on',1,9,NULL,'2005-09-20 18:35:50',NULL,'zen_cfg_select_drop_down(array(array(\'id\'=>\'1\', \'text\'=>\'True\'), array(\'id\'=>\'0\', \'text\'=>\'False\')), '),(10,'Show Date Added','SHOW_PRODUCT_INFO_DATE_ADDED','1','Display Date Added on Product Info 0= off 1= on',1,10,NULL,'2005-09-20 18:35:50',NULL,'zen_cfg_select_drop_down(array(array(\'id\'=>\'1\', \'text\'=>\'True\'), array(\'id\'=>\'0\', \'text\'=>\'False\')), '),(11,'Show Product URL','SHOW_PRODUCT_INFO_URL','1','Display URL on Product Info 0= off 1= on',1,11,NULL,'2005-09-20 18:35:50',NULL,'zen_cfg_select_drop_down(array(array(\'id\'=>\'1\', \'text\'=>\'True\'), array(\'id\'=>\'0\', \'text\'=>\'False\')), '),(12,'Show Starting At text on Price','SHOW_PRODUCT_INFO_STARTING_AT','1','Display Starting At text on products with attributes Product Info 0= off 1= on',1,12,NULL,'2005-09-20 18:35:50',NULL,'zen_cfg_select_drop_down(array(array(\'id\'=>\'1\', \'text\'=>\'True\'), array(\'id\'=>\'0\', \'text\'=>\'False\')), '),(13,'Show Product Tell a Friend button','SHOW_PRODUCT_INFO_TELL_A_FRIEND','1','Display the Tell a Friend button on Product Info<br /><br />Note: Turning this setting off does not affect the Tell a Friend box in the columns and turning off the Tell a Friend box does not affect the button<br />0= off 1= on',1,15,NULL,'2005-09-20 18:35:50',NULL,'zen_cfg_select_drop_down(array(array(\'id\'=>\'1\', \'text\'=>\'True\'), array(\'id\'=>\'0\', \'text\'=>\'False\')), '),(14,'Product Free Shipping Image Status - Catalog','SHOW_PRODUCT_INFO_ALWAYS_FREE_SHIPPING_IMAGE_SWITCH','0','Show the Free Shipping image/text in the catalog?',1,16,NULL,'2005-09-20 18:35:50',NULL,'zen_cfg_select_drop_down(array(array(\'id\'=>\'1\', \'text\'=>\'Yes\'), array(\'id\'=>\'0\', \'text\'=>\'No\')), '),(15,'Product Price Tax Class Default - When adding new products?','DEFAULT_PRODUCT_TAX_CLASS_ID','0','What should the Product Price Tax Class Default ID be when adding new products?',1,100,NULL,'2005-09-20 18:35:50','',''),(16,'Product Virtual Default Status - Skip Shipping Address - When adding new products?','DEFAULT_PRODUCT_PRODUCTS_VIRTUAL','0','Default Virtual Product status to be ON when adding new products?',1,101,NULL,'2005-09-20 18:35:50',NULL,'zen_cfg_select_drop_down(array(array(\'id\'=>\'1\', \'text\'=>\'True\'), array(\'id\'=>\'0\', \'text\'=>\'False\')), '),(17,'Product Free Shipping Default Status - Normal Shipping Rules - When adding new products?','DEFAULT_PRODUCT_PRODUCTS_IS_ALWAYS_FREE_SHIPPING','0','What should the Default Free Shipping status be when adding new products?',1,102,NULL,'2005-09-20 18:35:50',NULL,'zen_cfg_select_drop_down(array(array(\'id\'=>\'1\', \'text\'=>\'True\'), array(\'id\'=>\'0\', \'text\'=>\'False\')), '),(18,'Show Model Number','SHOW_PRODUCT_MUSIC_INFO_MODEL','1','Display Model Number on Product Info 0= off 1= on',2,1,NULL,'2005-09-20 18:35:50',NULL,'zen_cfg_select_drop_down(array(array(\'id\'=>\'1\', \'text\'=>\'True\'), array(\'id\'=>\'0\', \'text\'=>\'False\')), '),(19,'Show Weight','SHOW_PRODUCT_MUSIC_INFO_WEIGHT','0','Display Weight on Product Info 0= off 1= on',2,2,NULL,'2005-09-20 18:35:50',NULL,'zen_cfg_select_drop_down(array(array(\'id\'=>\'1\', \'text\'=>\'True\'), array(\'id\'=>\'0\', \'text\'=>\'False\')), '),(20,'Show Attribute Weight','SHOW_PRODUCT_MUSIC_INFO_WEIGHT_ATTRIBUTES','1','Display Attribute Weight on Product Info 0= off 1= on',2,3,NULL,'2005-09-20 18:35:50',NULL,'zen_cfg_select_drop_down(array(array(\'id\'=>\'1\', \'text\'=>\'True\'), array(\'id\'=>\'0\', \'text\'=>\'False\')), '),(21,'Show Artist','SHOW_PRODUCT_MUSIC_INFO_ARTIST','1','Display Artists Name on Product Info 0= off 1= on',2,4,NULL,'2005-09-20 18:35:50',NULL,'zen_cfg_select_drop_down(array(array(\'id\'=>\'1\', \'text\'=>\'True\'), array(\'id\'=>\'0\', \'text\'=>\'False\')), '),(22,'Show Music Genre','SHOW_PRODUCT_MUSIC_INFO_GENRE','1','Display Music Genre on Product Info 0= off 1= on',2,4,NULL,'2005-09-20 18:35:50',NULL,'zen_cfg_select_drop_down(array(array(\'id\'=>\'1\', \'text\'=>\'True\'), array(\'id\'=>\'0\', \'text\'=>\'False\')), '),(23,'Show Record Company','SHOW_PRODUCT_MUSIC_INFO_RECORD_COMPANY','1','Display Recoprd Company on Product Info 0= off 1= on',2,4,NULL,'2005-09-20 18:35:50',NULL,'zen_cfg_select_drop_down(array(array(\'id\'=>\'1\', \'text\'=>\'True\'), array(\'id\'=>\'0\', \'text\'=>\'False\')), '),(24,'Show Quantity in Shopping Cart','SHOW_PRODUCT_MUSIC_INFO_IN_CART_QTY','1','Display Quantity in Current Shopping Cart on Product Info 0= off 1= on',2,5,NULL,'2005-09-20 18:35:50',NULL,'zen_cfg_select_drop_down(array(array(\'id\'=>\'1\', \'text\'=>\'True\'), array(\'id\'=>\'0\', \'text\'=>\'False\')), '),(25,'Show Quantity in Stock','SHOW_PRODUCT_MUSIC_INFO_QUANTITY','0','Display Quantity in Stock on Product Info 0= off 1= on',2,6,NULL,'2005-09-20 18:35:50',NULL,'zen_cfg_select_drop_down(array(array(\'id\'=>\'1\', \'text\'=>\'True\'), array(\'id\'=>\'0\', \'text\'=>\'False\')), '),(26,'Show Product Reviews Count','SHOW_PRODUCT_MUSIC_INFO_REVIEWS_COUNT','1','Display Product Reviews Count on Product Info 0= off 1= on',2,7,NULL,'2005-09-20 18:35:50',NULL,'zen_cfg_select_drop_down(array(array(\'id\'=>\'1\', \'text\'=>\'True\'), array(\'id\'=>\'0\', \'text\'=>\'False\')), '),(27,'Show Product Reviews Button','SHOW_PRODUCT_MUSIC_INFO_REVIEWS','1','Display Product Reviews Button on Product Info 0= off 1= on',2,8,NULL,'2005-09-20 18:35:50',NULL,'zen_cfg_select_drop_down(array(array(\'id\'=>\'1\', \'text\'=>\'True\'), array(\'id\'=>\'0\', \'text\'=>\'False\')), '),(28,'Show Date Available','SHOW_PRODUCT_MUSIC_INFO_DATE_AVAILABLE','1','Display Date Available on Product Info 0= off 1= on',2,9,NULL,'2005-09-20 18:35:50',NULL,'zen_cfg_select_drop_down(array(array(\'id\'=>\'1\', \'text\'=>\'True\'), array(\'id\'=>\'0\', \'text\'=>\'False\')), '),(29,'Show Date Added','SHOW_PRODUCT_MUSIC_INFO_DATE_ADDED','1','Display Date Added on Product Info 0= off 1= on',2,10,NULL,'2005-09-20 18:35:50',NULL,'zen_cfg_select_drop_down(array(array(\'id\'=>\'1\', \'text\'=>\'True\'), array(\'id\'=>\'0\', \'text\'=>\'False\')), '),(30,'Show Starting At text on Price','SHOW_PRODUCT_MUSIC_INFO_STARTING_AT','1','Display Starting At text on products with attributes Product Info 0= off 1= on',2,12,NULL,'2005-09-20 18:35:50',NULL,'zen_cfg_select_drop_down(array(array(\'id\'=>\'1\', \'text\'=>\'True\'), array(\'id\'=>\'0\', \'text\'=>\'False\')), '),(31,'Show Product Tell a Friend button','SHOW_PRODUCT_MUSIC_INFO_TELL_A_FRIEND','1','Display the Tell a Friend button on Product Info<br /><br />Note: Turning this setting off does not affect the Tell a Friend box in the columns and turning off the Tell a Friend box does not affect the button<br />0= off 1= on',2,15,NULL,'2005-09-20 18:35:50',NULL,'zen_cfg_select_drop_down(array(array(\'id\'=>\'1\', \'text\'=>\'True\'), array(\'id\'=>\'0\', \'text\'=>\'False\')), '),(32,'Product Free Shipping Image Status - Catalog','SHOW_PRODUCT_MUSIC_INFO_ALWAYS_FREE_SHIPPING_IMAGE_SWITCH','0','Show the Free Shipping image/text in the catalog?',2,16,NULL,'2005-09-20 18:35:50',NULL,'zen_cfg_select_drop_down(array(array(\'id\'=>\'1\', \'text\'=>\'Yes\'), array(\'id\'=>\'0\', \'text\'=>\'No\')), '),(33,'Product Price Tax Class Default - When adding new products?','DEFAULT_PRODUCT_MUSIC_TAX_CLASS_ID','0','What should the Product Price Tax Class Default ID be when adding new products?',2,100,NULL,'2005-09-20 18:35:50','',''),(34,'Product Virtual Default Status - Skip Shipping Address - When adding new products?','DEFAULT_PRODUCT_MUSIC_PRODUCTS_VIRTUAL','0','Default Virtual Product status to be ON when adding new products?',2,101,NULL,'2005-09-20 18:35:50',NULL,'zen_cfg_select_drop_down(array(array(\'id\'=>\'1\', \'text\'=>\'True\'), array(\'id\'=>\'0\', \'text\'=>\'False\')), '),(35,'Product Free Shipping Default Status - Normal Shipping Rules - When adding new products?','DEFAULT_PRODUCT_MUSIC_PRODUCTS_IS_ALWAYS_FREE_SHIPPING','0','What should the Default Free Shipping status be when adding new products?',2,102,NULL,'2005-09-20 18:35:50',NULL,'zen_cfg_select_drop_down(array(array(\'id\'=>\'1\', \'text\'=>\'True\'), array(\'id\'=>\'0\', \'text\'=>\'False\')), '),(36,'Show Product Reviews Count','SHOW_DOCUMENT_GENERAL_INFO_REVIEWS_COUNT','1','Display Product Reviews Count on Product Info 0= off 1= on',3,7,NULL,'2005-09-20 18:35:50',NULL,'zen_cfg_select_drop_down(array(array(\'id\'=>\'1\', \'text\'=>\'True\'), array(\'id\'=>\'0\', \'text\'=>\'False\')), '),(37,'Show Product Reviews Button','SHOW_DOCUMENT_GENERAL_INFO_REVIEWS','1','Display Product Reviews Button on Product Info 0= off 1= on',3,8,NULL,'2005-09-20 18:35:50',NULL,'zen_cfg_select_drop_down(array(array(\'id\'=>\'1\', \'text\'=>\'True\'), array(\'id\'=>\'0\', \'text\'=>\'False\')), '),(38,'Show Date Available','SHOW_DOCUMENT_GENERAL_INFO_DATE_AVAILABLE','1','Display Date Available on Product Info 0= off 1= on',3,9,NULL,'2005-09-20 18:35:50',NULL,'zen_cfg_select_drop_down(array(array(\'id\'=>\'1\', \'text\'=>\'True\'), array(\'id\'=>\'0\', \'text\'=>\'False\')), '),(39,'Show Date Added','SHOW_DOCUMENT_GENERAL_INFO_DATE_ADDED','1','Display Date Added on Product Info 0= off 1= on',3,10,NULL,'2005-09-20 18:35:50',NULL,'zen_cfg_select_drop_down(array(array(\'id\'=>\'1\', \'text\'=>\'True\'), array(\'id\'=>\'0\', \'text\'=>\'False\')), '),(40,'Show Product Tell a Friend button','SHOW_DOCUMENT_GENERAL_INFO_TELL_A_FRIEND','1','Display the Tell a Friend button on Product Info<br /><br />Note: Turning this setting off does not affect the Tell a Friend box in the columns and turning off the Tell a Friend box does not affect the button<br />0= off 1= on',3,15,NULL,'2005-09-20 18:35:50',NULL,'zen_cfg_select_drop_down(array(array(\'id\'=>\'1\', \'text\'=>\'True\'), array(\'id\'=>\'0\', \'text\'=>\'False\')), '),(41,'Show Product URL','SHOW_DOCUMENT_GENERAL_INFO_URL','1','Display URL on Product Info 0= off 1= on',3,11,NULL,'2005-09-20 18:35:50',NULL,'zen_cfg_select_drop_down(array(array(\'id\'=>\'1\', \'text\'=>\'True\'), array(\'id\'=>\'0\', \'text\'=>\'False\')), '),(42,'Show Model Number','SHOW_DOCUMENT_PRODUCT_INFO_MODEL','1','Display Model Number on Product Info 0= off 1= on',4,1,NULL,'2005-09-20 18:35:50',NULL,'zen_cfg_select_drop_down(array(array(\'id\'=>\'1\', \'text\'=>\'True\'), array(\'id\'=>\'0\', \'text\'=>\'False\')), '),(43,'Show Weight','SHOW_DOCUMENT_PRODUCT_INFO_WEIGHT','0','Display Weight on Product Info 0= off 1= on',4,2,NULL,'2005-09-20 18:35:50',NULL,'zen_cfg_select_drop_down(array(array(\'id\'=>\'1\', \'text\'=>\'True\'), array(\'id\'=>\'0\', \'text\'=>\'False\')), '),(44,'Show Attribute Weight','SHOW_DOCUMENT_PRODUCT_INFO_WEIGHT_ATTRIBUTES','1','Display Attribute Weight on Product Info 0= off 1= on',4,3,NULL,'2005-09-20 18:35:50',NULL,'zen_cfg_select_drop_down(array(array(\'id\'=>\'1\', \'text\'=>\'True\'), array(\'id\'=>\'0\', \'text\'=>\'False\')), '),(45,'Show Manufacturer','SHOW_DOCUMENT_PRODUCT_INFO_MANUFACTURER','1','Display Manufacturer Name on Product Info 0= off 1= on',4,4,NULL,'2005-09-20 18:35:50',NULL,'zen_cfg_select_drop_down(array(array(\'id\'=>\'1\', \'text\'=>\'True\'), array(\'id\'=>\'0\', \'text\'=>\'False\')), '),(46,'Show Quantity in Shopping Cart','SHOW_DOCUMENT_PRODUCT_INFO_IN_CART_QTY','1','Display Quantity in Current Shopping Cart on Product Info 0= off 1= on',4,5,NULL,'2005-09-20 18:35:50',NULL,'zen_cfg_select_drop_down(array(array(\'id\'=>\'1\', \'text\'=>\'True\'), array(\'id\'=>\'0\', \'text\'=>\'False\')), '),(47,'Show Quantity in Stock','SHOW_DOCUMENT_PRODUCT_INFO_QUANTITY','0','Display Quantity in Stock on Product Info 0= off 1= on',4,6,NULL,'2005-09-20 18:35:50',NULL,'zen_cfg_select_drop_down(array(array(\'id\'=>\'1\', \'text\'=>\'True\'), array(\'id\'=>\'0\', \'text\'=>\'False\')), '),(48,'Show Product Reviews Count','SHOW_DOCUMENT_PRODUCT_INFO_REVIEWS_COUNT','1','Display Product Reviews Count on Product Info 0= off 1= on',4,7,NULL,'2005-09-20 18:35:50',NULL,'zen_cfg_select_drop_down(array(array(\'id\'=>\'1\', \'text\'=>\'True\'), array(\'id\'=>\'0\', \'text\'=>\'False\')), '),(49,'Show Product Reviews Button','SHOW_DOCUMENT_PRODUCT_INFO_REVIEWS','1','Display Product Reviews Button on Product Info 0= off 1= on',4,8,NULL,'2005-09-20 18:35:50',NULL,'zen_cfg_select_drop_down(array(array(\'id\'=>\'1\', \'text\'=>\'True\'), array(\'id\'=>\'0\', \'text\'=>\'False\')), '),(50,'Show Date Available','SHOW_DOCUMENT_PRODUCT_INFO_DATE_AVAILABLE','1','Display Date Available on Product Info 0= off 1= on',4,9,NULL,'2005-09-20 18:35:50',NULL,'zen_cfg_select_drop_down(array(array(\'id\'=>\'1\', \'text\'=>\'True\'), array(\'id\'=>\'0\', \'text\'=>\'False\')), '),(51,'Show Date Added','SHOW_DOCUMENT_PRODUCT_INFO_DATE_ADDED','1','Display Date Added on Product Info 0= off 1= on',4,10,NULL,'2005-09-20 18:35:50',NULL,'zen_cfg_select_drop_down(array(array(\'id\'=>\'1\', \'text\'=>\'True\'), array(\'id\'=>\'0\', \'text\'=>\'False\')), '),(52,'Show Product URL','SHOW_DOCUMENT_PRODUCT_INFO_URL','1','Display URL on Product Info 0= off 1= on',4,11,NULL,'2005-09-20 18:35:50',NULL,'zen_cfg_select_drop_down(array(array(\'id\'=>\'1\', \'text\'=>\'True\'), array(\'id\'=>\'0\', \'text\'=>\'False\')), '),(53,'Show Starting At text on Price','SHOW_DOCUMENT_PRODUCT_INFO_STARTING_AT','1','Display Starting At text on products with attributes Product Info 0= off 1= on',4,12,NULL,'2005-09-20 18:35:50',NULL,'zen_cfg_select_drop_down(array(array(\'id\'=>\'1\', \'text\'=>\'True\'), array(\'id\'=>\'0\', \'text\'=>\'False\')), '),(54,'Show Product Tell a Friend button','SHOW_DOCUMENT_PRODUCT_INFO_TELL_A_FRIEND','1','Display the Tell a Friend button on Product Info<br /><br />Note: Turning this setting off does not affect the Tell a Friend box in the columns and turning off the Tell a Friend box does not affect the button<br />0= off 1= on',4,15,NULL,'2005-09-20 18:35:50',NULL,'zen_cfg_select_drop_down(array(array(\'id\'=>\'1\', \'text\'=>\'True\'), array(\'id\'=>\'0\', \'text\'=>\'False\')), '),(55,'Product Free Shipping Image Status - Catalog','SHOW_DOCUMENT_PRODUCT_INFO_ALWAYS_FREE_SHIPPING_IMAGE_SWITCH','0','Show the Free Shipping image/text in the catalog?',4,16,NULL,'2005-09-20 18:35:50',NULL,'zen_cfg_select_drop_down(array(array(\'id\'=>\'1\', \'text\'=>\'Yes\'), array(\'id\'=>\'0\', \'text\'=>\'No\')), '),(56,'Product Price Tax Class Default - When adding new products?','DEFAULT_DOCUMENT_PRODUCT_TAX_CLASS_ID','0','What should the Product Price Tax Class Default ID be when adding new products?',4,100,NULL,'2005-09-20 18:35:50','',''),(57,'Product Virtual Default Status - Skip Shipping Address - When adding new products?','DEFAULT_DOCUMENT_PRODUCT_PRODUCTS_VIRTUAL','0','Default Virtual Product status to be ON when adding new products?',4,101,NULL,'2005-09-20 18:35:50',NULL,'zen_cfg_select_drop_down(array(array(\'id\'=>\'1\', \'text\'=>\'True\'), array(\'id\'=>\'0\', \'text\'=>\'False\')), '),(58,'Product Free Shipping Default Status - Normal Shipping Rules - When adding new products?','DEFAULT_DOCUMENT_PRODUCT_PRODUCTS_IS_ALWAYS_FREE_SHIPPING','0','What should the Default Free Shipping status be when adding new products?',4,102,NULL,'2005-09-20 18:35:50',NULL,'zen_cfg_select_drop_down(array(array(\'id\'=>\'1\', \'text\'=>\'True\'), array(\'id\'=>\'0\', \'text\'=>\'False\')), '),(59,'Show Model Number','SHOW_PRODUCT_FREE_SHIPPING_INFO_MODEL','1','Display Model Number on Product Info 0= off 1= on',5,1,NULL,'2005-09-20 18:35:50',NULL,'zen_cfg_select_drop_down(array(array(\'id\'=>\'1\', \'text\'=>\'True\'), array(\'id\'=>\'0\', \'text\'=>\'False\')), '),(60,'Show Weight','SHOW_PRODUCT_FREE_SHIPPING_INFO_WEIGHT','0','Display Weight on Product Info 0= off 1= on',5,2,NULL,'2005-09-20 18:35:50',NULL,'zen_cfg_select_drop_down(array(array(\'id\'=>\'1\', \'text\'=>\'True\'), array(\'id\'=>\'0\', \'text\'=>\'False\')), '),(61,'Show Attribute Weight','SHOW_PRODUCT_FREE_SHIPPING_INFO_WEIGHT_ATTRIBUTES','1','Display Attribute Weight on Product Info 0= off 1= on',5,3,NULL,'2005-09-20 18:35:50',NULL,'zen_cfg_select_drop_down(array(array(\'id\'=>\'1\', \'text\'=>\'True\'), array(\'id\'=>\'0\', \'text\'=>\'False\')), '),(62,'Show Manufacturer','SHOW_PRODUCT_FREE_SHIPPING_INFO_MANUFACTURER','1','Display Manufacturer Name on Product Info 0= off 1= on',5,4,NULL,'2005-09-20 18:35:50',NULL,'zen_cfg_select_drop_down(array(array(\'id\'=>\'1\', \'text\'=>\'True\'), array(\'id\'=>\'0\', \'text\'=>\'False\')), '),(63,'Show Quantity in Shopping Cart','SHOW_PRODUCT_FREE_SHIPPING_INFO_IN_CART_QTY','1','Display Quantity in Current Shopping Cart on Product Info 0= off 1= on',5,5,NULL,'2005-09-20 18:35:50',NULL,'zen_cfg_select_drop_down(array(array(\'id\'=>\'1\', \'text\'=>\'True\'), array(\'id\'=>\'0\', \'text\'=>\'False\')), '),(64,'Show Quantity in Stock','SHOW_PRODUCT_FREE_SHIPPING_INFO_QUANTITY','1','Display Quantity in Stock on Product Info 0= off 1= on',5,6,NULL,'2005-09-20 18:35:50',NULL,'zen_cfg_select_drop_down(array(array(\'id\'=>\'1\', \'text\'=>\'True\'), array(\'id\'=>\'0\', \'text\'=>\'False\')), '),(65,'Show Product Reviews Count','SHOW_PRODUCT_FREE_SHIPPING_INFO_REVIEWS_COUNT','1','Display Product Reviews Count on Product Info 0= off 1= on',5,7,NULL,'2005-09-20 18:35:50',NULL,'zen_cfg_select_drop_down(array(array(\'id\'=>\'1\', \'text\'=>\'True\'), array(\'id\'=>\'0\', \'text\'=>\'False\')), '),(66,'Show Product Reviews Button','SHOW_PRODUCT_FREE_SHIPPING_INFO_REVIEWS','1','Display Product Reviews Button on Product Info 0= off 1= on',5,8,NULL,'2005-09-20 18:35:50',NULL,'zen_cfg_select_drop_down(array(array(\'id\'=>\'1\', \'text\'=>\'True\'), array(\'id\'=>\'0\', \'text\'=>\'False\')), '),(67,'Show Date Available','SHOW_PRODUCT_FREE_SHIPPING_INFO_DATE_AVAILABLE','0','Display Date Available on Product Info 0= off 1= on',5,9,NULL,'2005-09-20 18:35:50',NULL,'zen_cfg_select_drop_down(array(array(\'id\'=>\'1\', \'text\'=>\'True\'), array(\'id\'=>\'0\', \'text\'=>\'False\')), '),(68,'Show Date Added','SHOW_PRODUCT_FREE_SHIPPING_INFO_DATE_ADDED','1','Display Date Added on Product Info 0= off 1= on',5,10,NULL,'2005-09-20 18:35:50',NULL,'zen_cfg_select_drop_down(array(array(\'id\'=>\'1\', \'text\'=>\'True\'), array(\'id\'=>\'0\', \'text\'=>\'False\')), '),(69,'Show Product URL','SHOW_PRODUCT_FREE_SHIPPING_INFO_URL','1','Display URL on Product Info 0= off 1= on',5,11,NULL,'2005-09-20 18:35:50',NULL,'zen_cfg_select_drop_down(array(array(\'id\'=>\'1\', \'text\'=>\'True\'), array(\'id\'=>\'0\', \'text\'=>\'False\')), '),(70,'Show Starting At text on Price','SHOW_PRODUCT_FREE_SHIPPING_INFO_STARTING_AT','1','Display Starting At text on products with attributes Product Info 0= off 1= on',5,12,NULL,'2005-09-20 18:35:50',NULL,'zen_cfg_select_drop_down(array(array(\'id\'=>\'1\', \'text\'=>\'True\'), array(\'id\'=>\'0\', \'text\'=>\'False\')), '),(71,'Show Product Tell a Friend button','SHOW_PRODUCT_FREE_SHIPPING_INFO_TELL_A_FRIEND','1','Display the Tell a Friend button on Product Info<br /><br />Note: Turning this setting off does not affect the Tell a Friend box in the columns and turning off the Tell a Friend box does not affect the button<br />0= off 1= on',5,15,NULL,'2005-09-20 18:35:50',NULL,'zen_cfg_select_drop_down(array(array(\'id\'=>\'1\', \'text\'=>\'True\'), array(\'id\'=>\'0\', \'text\'=>\'False\')), '),(72,'Product Free Shipping Image Status - Catalog','SHOW_PRODUCT_FREE_SHIPPING_INFO_ALWAYS_FREE_SHIPPING_IMAGE_SWITCH','1','Show the Free Shipping image/text in the catalog?',5,16,NULL,'2005-09-20 18:35:50',NULL,'zen_cfg_select_drop_down(array(array(\'id\'=>\'1\', \'text\'=>\'Yes\'), array(\'id\'=>\'0\', \'text\'=>\'No\')), '),(73,'Product Price Tax Class Default - When adding new products?','DEFAULT_PRODUCT_FREE_SHIPPING_TAX_CLASS_ID','0','What should the Product Price Tax Class Default ID be when adding new products?',5,100,NULL,'2005-09-20 18:35:50','',''),(74,'Product Virtual Default Status - Skip Shipping Address - When adding new products?','DEFAULT_PRODUCT_FREE_SHIPPING_PRODUCTS_VIRTUAL','0','Default Virtual Product status to be ON when adding new products?',5,101,NULL,'2005-09-20 18:35:50',NULL,'zen_cfg_select_drop_down(array(array(\'id\'=>\'1\', \'text\'=>\'True\'), array(\'id\'=>\'0\', \'text\'=>\'False\')), '),(75,'Product Free Shipping Default Status - Normal Shipping Rules - When adding new products?','DEFAULT_PRODUCT_FREE_SHIPPING_PRODUCTS_IS_ALWAYS_FREE_SHIPPING','1','What should the Default Free Shipping status be when adding new products?',5,102,NULL,'2005-09-20 18:35:50',NULL,'zen_cfg_select_drop_down(array(array(\'id\'=>\'1\', \'text\'=>\'True\'), array(\'id\'=>\'0\', \'text\'=>\'False\')), '),(76,'Show Metatags Title Default - Product Title','SHOW_PRODUCT_INFO_METATAGS_TITLE_STATUS','1','Display Product Title in Meta Tags Title 0= off 1= on',1,50,NULL,'2005-09-20 18:35:50',NULL,'zen_cfg_select_drop_down(array(array(\'id\'=>\'1\', \'text\'=>\'True\'), array(\'id\'=>\'0\', \'text\'=>\'False\')), '),(77,'Show Metatags Title Default - Product Name','SHOW_PRODUCT_INFO_METATAGS_PRODUCTS_NAME_STATUS','1','Display Product Name in Meta Tags Title 0= off 1= on',1,51,NULL,'2005-09-20 18:35:50',NULL,'zen_cfg_select_drop_down(array(array(\'id\'=>\'1\', \'text\'=>\'True\'), array(\'id\'=>\'0\', \'text\'=>\'False\')), '),(78,'Show Metatags Title Default - Product Model','SHOW_PRODUCT_INFO_METATAGS_MODEL_STATUS','1','Display Product Model in Meta Tags Title 0= off 1= on',1,52,NULL,'2005-09-20 18:35:50',NULL,'zen_cfg_select_drop_down(array(array(\'id\'=>\'1\', \'text\'=>\'True\'), array(\'id\'=>\'0\', \'text\'=>\'False\')), '),(79,'Show Metatags Title Default - Product Price','SHOW_PRODUCT_INFO_METATAGS_PRICE_STATUS','1','Display Product Price in Meta Tags Title 0= off 1= on',1,53,NULL,'2005-09-20 18:35:50',NULL,'zen_cfg_select_drop_down(array(array(\'id\'=>\'1\', \'text\'=>\'True\'), array(\'id\'=>\'0\', \'text\'=>\'False\')), '),(80,'Show Metatags Title Default - Product Tagline','SHOW_PRODUCT_INFO_METATAGS_TITLE_TAGLINE_STATUS','1','Display Product Tagline in Meta Tags Title 0= off 1= on',1,54,NULL,'2005-09-20 18:35:50',NULL,'zen_cfg_select_drop_down(array(array(\'id\'=>\'1\', \'text\'=>\'True\'), array(\'id\'=>\'0\', \'text\'=>\'False\')), '),(81,'Show Metatags Title Default - Product Title','SHOW_PRODUCT_MUSIC_INFO_METATAGS_TITLE_STATUS','1','Display Product Title in Meta Tags Title 0= off 1= on',2,50,NULL,'2005-09-20 18:35:50',NULL,'zen_cfg_select_drop_down(array(array(\'id\'=>\'1\', \'text\'=>\'True\'), array(\'id\'=>\'0\', \'text\'=>\'False\')), '),(82,'Show Metatags Title Default - Product Name','SHOW_PRODUCT_MUSIC_INFO_METATAGS_PRODUCTS_NAME_STATUS','1','Display Product Name in Meta Tags Title 0= off 1= on',2,51,NULL,'2005-09-20 18:35:50',NULL,'zen_cfg_select_drop_down(array(array(\'id\'=>\'1\', \'text\'=>\'True\'), array(\'id\'=>\'0\', \'text\'=>\'False\')), '),(83,'Show Metatags Title Default - Product Model','SHOW_PRODUCT_MUSIC_INFO_METATAGS_MODEL_STATUS','1','Display Product Model in Meta Tags Title 0= off 1= on',2,52,NULL,'2005-09-20 18:35:50',NULL,'zen_cfg_select_drop_down(array(array(\'id\'=>\'1\', \'text\'=>\'True\'), array(\'id\'=>\'0\', \'text\'=>\'False\')), '),(84,'Show Metatags Title Default - Product Price','SHOW_PRODUCT_MUSIC_INFO_METATAGS_PRICE_STATUS','1','Display Product Price in Meta Tags Title 0= off 1= on',2,53,NULL,'2005-09-20 18:35:50',NULL,'zen_cfg_select_drop_down(array(array(\'id\'=>\'1\', \'text\'=>\'True\'), array(\'id\'=>\'0\', \'text\'=>\'False\')), '),(85,'Show Metatags Title Default - Product Tagline','SHOW_PRODUCT_MUSIC_INFO_METATAGS_TITLE_TAGLINE_STATUS','1','Display Product Tagline in Meta Tags Title 0= off 1= on',2,54,NULL,'2005-09-20 18:35:50',NULL,'zen_cfg_select_drop_down(array(array(\'id\'=>\'1\', \'text\'=>\'True\'), array(\'id\'=>\'0\', \'text\'=>\'False\')), '),(86,'Show Metatags Title Default - Document Title','SHOW_DOCUMENT_GENERAL_INFO_METATAGS_TITLE_STATUS','1','Display Document Title in Meta Tags Title 0= off 1= on',3,50,NULL,'2005-09-20 18:35:50',NULL,'zen_cfg_select_drop_down(array(array(\'id\'=>\'1\', \'text\'=>\'True\'), array(\'id\'=>\'0\', \'text\'=>\'False\')), '),(87,'Show Metatags Title Default - Document Name','SHOW_DOCUMENT_GENERAL_INFO_METATAGS_PRODUCTS_NAME_STATUS','1','Display Document Name in Meta Tags Title 0= off 1= on',3,51,NULL,'2005-09-20 18:35:50',NULL,'zen_cfg_select_drop_down(array(array(\'id\'=>\'1\', \'text\'=>\'True\'), array(\'id\'=>\'0\', \'text\'=>\'False\')), '),(88,'Show Metatags Title Default - Document Tagline','SHOW_DOCUMENT_GENERAL_INFO_METATAGS_TITLE_TAGLINE_STATUS','1','Display Document Tagline in Meta Tags Title 0= off 1= on',3,54,NULL,'2005-09-20 18:35:50',NULL,'zen_cfg_select_drop_down(array(array(\'id\'=>\'1\', \'text\'=>\'True\'), array(\'id\'=>\'0\', \'text\'=>\'False\')), '),(89,'Show Metatags Title Default - Document Title','SHOW_DOCUMENT_PRODUCT_INFO_METATAGS_TITLE_STATUS','1','Display Document Title in Meta Tags Title 0= off 1= on',4,50,NULL,'2005-09-20 18:35:50',NULL,'zen_cfg_select_drop_down(array(array(\'id\'=>\'1\', \'text\'=>\'True\'), array(\'id\'=>\'0\', \'text\'=>\'False\')), '),(90,'Show Metatags Title Default - Document Name','SHOW_DOCUMENT_PRODUCT_INFO_METATAGS_PRODUCTS_NAME_STATUS','1','Display Document Name in Meta Tags Title 0= off 1= on',4,51,NULL,'2005-09-20 18:35:50',NULL,'zen_cfg_select_drop_down(array(array(\'id\'=>\'1\', \'text\'=>\'True\'), array(\'id\'=>\'0\', \'text\'=>\'False\')), '),(91,'Show Metatags Title Default - Document Model','SHOW_DOCUMENT_PRODUCT_INFO_METATAGS_MODEL_STATUS','1','Display Document Model in Meta Tags Title 0= off 1= on',4,52,NULL,'2005-09-20 18:35:50',NULL,'zen_cfg_select_drop_down(array(array(\'id\'=>\'1\', \'text\'=>\'True\'), array(\'id\'=>\'0\', \'text\'=>\'False\')), '),(92,'Show Metatags Title Default - Document Price','SHOW_DOCUMENT_PRODUCT_INFO_METATAGS_PRICE_STATUS','1','Display Document Price in Meta Tags Title 0= off 1= on',4,53,NULL,'2005-09-20 18:35:50',NULL,'zen_cfg_select_drop_down(array(array(\'id\'=>\'1\', \'text\'=>\'True\'), array(\'id\'=>\'0\', \'text\'=>\'False\')), '),(93,'Show Metatags Title Default - Document Tagline','SHOW_DOCUMENT_PRODUCT_INFO_METATAGS_TITLE_TAGLINE_STATUS','1','Display Document Tagline in Meta Tags Title 0= off 1= on',4,54,NULL,'2005-09-20 18:35:50',NULL,'zen_cfg_select_drop_down(array(array(\'id\'=>\'1\', \'text\'=>\'True\'), array(\'id\'=>\'0\', \'text\'=>\'False\')), '),(94,'Show Metatags Title Default - Product Title','SHOW_PRODUCT_FREE_SHIPPING_INFO_METATAGS_TITLE_STATUS','1','Display Product Title in Meta Tags Title 0= off 1= on',5,50,NULL,'2005-09-20 18:35:50',NULL,'zen_cfg_select_drop_down(array(array(\'id\'=>\'1\', \'text\'=>\'True\'), array(\'id\'=>\'0\', \'text\'=>\'False\')), '),(95,'Show Metatags Title Default - Product Name','SHOW_PRODUCT_FREE_SHIPPING_INFO_METATAGS_PRODUCTS_NAME_STATUS','1','Display Product Name in Meta Tags Title 0= off 1= on',5,51,NULL,'2005-09-20 18:35:50',NULL,'zen_cfg_select_drop_down(array(array(\'id\'=>\'1\', \'text\'=>\'True\'), array(\'id\'=>\'0\', \'text\'=>\'False\')), '),(96,'Show Metatags Title Default - Product Model','SHOW_PRODUCT_FREE_SHIPPING_INFO_METATAGS_MODEL_STATUS','1','Display Product Model in Meta Tags Title 0= off 1= on',5,52,NULL,'2005-09-20 18:35:50',NULL,'zen_cfg_select_drop_down(array(array(\'id\'=>\'1\', \'text\'=>\'True\'), array(\'id\'=>\'0\', \'text\'=>\'False\')), '),(97,'Show Metatags Title Default - Product Price','SHOW_PRODUCT_FREE_SHIPPING_INFO_METATAGS_PRICE_STATUS','1','Display Product Price in Meta Tags Title 0= off 1= on',5,53,NULL,'2005-09-20 18:35:50',NULL,'zen_cfg_select_drop_down(array(array(\'id\'=>\'1\', \'text\'=>\'True\'), array(\'id\'=>\'0\', \'text\'=>\'False\')), '),(98,'Show Metatags Title Default - Product Tagline','SHOW_PRODUCT_FREE_SHIPPING_INFO_METATAGS_TITLE_TAGLINE_STATUS','1','Display Product Tagline in Meta Tags Title 0= off 1= on',5,54,NULL,'2005-09-20 18:35:50',NULL,'zen_cfg_select_drop_down(array(array(\'id\'=>\'1\', \'text\'=>\'True\'), array(\'id\'=>\'0\', \'text\'=>\'False\')), ');

--
-- Table structure for table `product_types`
--

CREATE TABLE `product_types` (
  `type_id` int(11) NOT NULL auto_increment,
  `type_name` varchar(255) NOT NULL default '',
  `type_handler` varchar(255) NOT NULL default '',
  `type_master_type` int(11) NOT NULL default '1',
  `allow_add_to_cart` char(1) NOT NULL default 'Y',
  `default_image` varchar(255) NOT NULL default '',
  `date_added` datetime NOT NULL default '0001-01-01 00:00:00',
  `last_modified` datetime NOT NULL default '0001-01-01 00:00:00',
  PRIMARY KEY  (`type_id`),
  KEY `idx_type_master_type_zen` (`type_master_type`)
) ENGINE=MyISAM AUTO_INCREMENT=6 DEFAULT CHARSET=latin1;

--
-- Dumping data for table `product_types`
--

INSERT INTO `product_types` VALUES (1,'Product - General','product',1,'Y','','2005-09-20 18:35:50','2005-09-20 18:35:50'),(2,'Product - Music','product_music',1,'Y','','2005-09-20 18:35:50','2005-09-20 18:35:50'),(3,'Document - General','document_general',3,'N','','2005-09-20 18:35:50','2005-09-20 18:35:50'),(4,'Document - Product','document_product',3,'Y','','2005-09-20 18:35:50','2005-09-20 18:35:50'),(5,'Product - Free Shipping','product_free_shipping',1,'Y','','2005-09-20 18:35:50','2005-09-20 18:35:50');

--
-- Table structure for table `product_types_to_category`
--

CREATE TABLE `product_types_to_category` (
  `product_type_id` int(11) NOT NULL default '0',
  `category_id` int(11) NOT NULL default '0',
  KEY `idx_category_id_zen` (`category_id`),
  KEY `idx_product_type_id_zen` (`product_type_id`)
) ENGINE=MyISAM DEFAULT CHARSET=latin1;

--
-- Dumping data for table `product_types_to_category`
--


--
-- Table structure for table `products`
--

CREATE TABLE `products` (
  `products_id` int(11) NOT NULL auto_increment,
  `products_type` int(11) NOT NULL default '1',
  `products_quantity` float NOT NULL default '0',
  `products_model` varchar(32) default NULL,
  `products_image` varchar(64) default NULL,
  `products_price` decimal(15,4) NOT NULL default '0.0000',
  `products_virtual` tinyint(1) NOT NULL default '0',
  `products_date_added` datetime NOT NULL default '0001-01-01 00:00:00',
  `products_last_modified` datetime default NULL,
  `products_date_available` datetime default NULL,
  `products_weight` float NOT NULL default '0',
  `products_status` tinyint(1) NOT NULL default '0',
  `products_tax_class_id` int(11) NOT NULL default '0',
  `manufacturers_id` int(11) default NULL,
  `products_ordered` float NOT NULL default '0',
  `products_quantity_order_min` float NOT NULL default '1',
  `products_quantity_order_units` float NOT NULL default '1',
  `products_priced_by_attribute` tinyint(1) NOT NULL default '0',
  `product_is_free` tinyint(1) NOT NULL default '0',
  `product_is_call` tinyint(1) NOT NULL default '0',
  `products_quantity_mixed` tinyint(1) NOT NULL default '0',
  `product_is_always_free_shipping` tinyint(1) NOT NULL default '0',
  `products_qty_box_status` tinyint(1) NOT NULL default '1',
  `products_quantity_order_max` float NOT NULL default '0',
  `products_sort_order` int(11) NOT NULL default '0',
  `products_discount_type` tinyint(1) NOT NULL default '0',
  `products_discount_type_from` tinyint(1) NOT NULL default '0',
  `products_price_sorter` decimal(15,4) NOT NULL default '0.0000',
  `master_categories_id` int(11) NOT NULL default '0',
  `products_mixed_discount_quantity` tinyint(1) NOT NULL default '1',
  `metatags_title_status` tinyint(1) NOT NULL default '0',
  `metatags_products_name_status` tinyint(1) NOT NULL default '0',
  `metatags_model_status` tinyint(1) NOT NULL default '0',
  `metatags_price_status` tinyint(1) NOT NULL default '0',
  `metatags_title_tagline_status` tinyint(1) NOT NULL default '0',
  PRIMARY KEY  (`products_id`),
  KEY `idx_products_date_added_zen` (`products_date_added`),
  KEY `idx_products_status_zen` (`products_status`)
) ENGINE=MyISAM AUTO_INCREMENT=12 DEFAULT CHARSET=latin1;

--
-- Dumping data for table `products`
--

INSERT INTO `products` VALUES (1,1,9931,'','josie021.jpg','20.0000',0,'2005-09-20 19:17:46','2008-10-06 00:15:58',NULL,0.5,1,1,0,68,1,1,0,0,0,1,0,1,0,0,0,0,'20.0000',0,1,1,1,1,1,1),(2,1,9891,'','bullet.jpg','15.0000',0,'2005-09-20 20:06:54','2008-10-06 00:20:07',NULL,0,1,1,0,108,1,1,0,0,0,1,0,1,0,0,0,0,'15.0000',0,0,1,1,1,1,1),(3,1,9954,'','','12.0000',0,'2005-11-09 20:20:42','2008-10-06 00:16:38',NULL,0.2,1,1,0,45,1,1,0,0,0,1,0,1,0,0,0,0,'12.0000',0,1,1,1,1,1,1),(4,1,9915,'Package','','45.0000',0,'2005-11-10 15:31:47','2008-10-06 00:16:53',NULL,0.5,0,1,0,84,1,1,0,0,0,1,0,1,0,0,0,0,'45.0000',0,1,1,1,1,1,1),(5,1,9929,'Package','','25.0000',0,'2005-11-10 16:58:46','2008-10-06 00:16:16',NULL,0.5,1,1,0,70,1,1,0,0,0,1,0,1,0,0,0,0,'25.0000',0,0,1,1,1,1,1),(6,1,9940,'Package','','42.0000',0,'2005-11-10 17:19:13','2007-10-16 23:36:30',NULL,0,1,1,0,59,1,1,0,0,0,1,0,1,0,0,0,0,'42.0000',0,1,1,1,1,1,1),(7,1,9974,'Package','','30.0000',0,'2005-11-10 18:01:07','2007-10-14 11:54:28',NULL,0,1,1,0,25,1,1,0,0,0,1,0,1,0,0,0,0,'30.0000',0,1,1,1,1,1,1),(8,1,9999,'','','13.0000',0,'2008-10-06 00:14:29','2008-10-06 00:20:31',NULL,0.5,1,1,0,0,1,1,0,0,0,1,0,1,0,0,0,0,'13.0000',0,1,0,0,0,0,0),(9,1,9999,'','','15.0000',0,'2008-10-06 00:17:52',NULL,NULL,0.2,1,1,0,0,1,1,0,0,0,1,0,1,0,0,0,0,'15.0000',0,1,0,0,0,0,0),(10,1,9999,'','','20.0000',0,'2008-10-06 00:18:46','2008-10-06 00:19:55',NULL,0.3,1,1,0,1,1,1,0,0,0,1,0,1,0,0,0,0,'20.0000',0,1,0,0,0,0,0),(11,1,500,'','','20.0000',0,'2008-10-06 00:22:19',NULL,NULL,0.2,1,1,0,0,1,1,0,0,0,1,0,1,0,0,0,0,'20.0000',0,1,0,0,0,0,0);

--
-- Table structure for table `products_attributes`
--

CREATE TABLE `products_attributes` (
  `products_attributes_id` int(11) NOT NULL auto_increment,
  `products_id` int(11) NOT NULL default '0',
  `options_id` int(11) NOT NULL default '0',
  `options_values_id` int(11) NOT NULL default '0',
  `options_values_price` decimal(15,4) NOT NULL default '0.0000',
  `price_prefix` char(1) NOT NULL default '',
  `products_options_sort_order` int(11) NOT NULL default '0',
  `product_attribute_is_free` tinyint(1) NOT NULL default '0',
  `products_attributes_weight` float NOT NULL default '0',
  `products_attributes_weight_prefix` char(1) NOT NULL default '',
  `attributes_display_only` tinyint(1) NOT NULL default '0',
  `attributes_default` tinyint(1) NOT NULL default '0',
  `attributes_discounted` tinyint(1) NOT NULL default '1',
  `attributes_image` varchar(64) default NULL,
  `attributes_price_base_included` tinyint(1) NOT NULL default '1',
  `attributes_price_onetime` decimal(15,4) NOT NULL default '0.0000',
  `attributes_price_factor` decimal(15,4) NOT NULL default '0.0000',
  `attributes_price_factor_offset` decimal(15,4) NOT NULL default '0.0000',
  `attributes_price_factor_onetime` decimal(15,4) NOT NULL default '0.0000',
  `attributes_price_factor_onetime_offset` decimal(15,4) NOT NULL default '0.0000',
  `attributes_qty_prices` text,
  `attributes_qty_prices_onetime` text,
  `attributes_price_words` decimal(15,4) NOT NULL default '0.0000',
  `attributes_price_words_free` int(4) NOT NULL default '0',
  `attributes_price_letters` decimal(15,4) NOT NULL default '0.0000',
  `attributes_price_letters_free` int(4) NOT NULL default '0',
  `attributes_required` tinyint(1) NOT NULL default '0',
  PRIMARY KEY  (`products_attributes_id`),
  KEY `idx_id_options_id_values_zen` (`products_id`,`options_id`,`options_values_id`)
) ENGINE=MyISAM AUTO_INCREMENT=72 DEFAULT CHARSET=latin1;

--
-- Dumping data for table `products_attributes`
--

INSERT INTO `products_attributes` VALUES (1,1,1,1,'0.0000','+',0,0,0,'+',0,0,1,'',1,'0.0000','0.0000','0.0000','0.0000','0.0000','','','0.0000',0,'0.0000',0,0),(2,1,1,2,'0.0000','+',0,0,0,'+',0,0,1,'',1,'0.0000','0.0000','0.0000','0.0000','0.0000','','','0.0000',0,'0.0000',0,0),(16,2,2,9,'0.0000','+',70,0,0,'+',0,0,1,'',1,'0.0000','0.0000','0.0000','0.0000','0.0000','','','0.0000',0,'0.0000',0,0),(11,2,2,4,'0.0000','+',20,0,0,'+',0,0,1,'',1,'0.0000','0.0000','0.0000','0.0000','0.0000','','','0.0000',0,'0.0000',0,0),(12,2,2,5,'0.0000','+',30,0,0,'+',0,0,1,'',1,'0.0000','0.0000','0.0000','0.0000','0.0000','','','0.0000',0,'0.0000',0,0),(13,2,2,6,'0.0000','+',40,0,0,'+',0,0,1,'',1,'0.0000','0.0000','0.0000','0.0000','0.0000','','','0.0000',0,'0.0000',0,0),(14,2,2,7,'0.0000','+',50,0,0,'+',0,0,1,'',1,'0.0000','0.0000','0.0000','0.0000','0.0000','','','0.0000',0,'0.0000',0,0),(15,2,2,8,'0.0000','+',60,0,0,'+',0,0,1,'',1,'0.0000','0.0000','0.0000','0.0000','0.0000','','','0.0000',0,'0.0000',0,0),(10,2,2,3,'0.0000','+',10,0,0,'+',0,0,1,'',1,'0.0000','0.0000','0.0000','0.0000','0.0000','','','0.0000',0,'0.0000',0,0),(17,4,1,1,'0.0000','+',110,0,0,'+',0,0,1,'',1,'0.0000','0.0000','0.0000','0.0000','0.0000','','','0.0000',0,'0.0000',0,0),(18,4,1,2,'0.0000','+',120,0,0,'+',0,0,1,'',1,'0.0000','0.0000','0.0000','0.0000','0.0000','','','0.0000',0,'0.0000',0,0),(19,4,2,3,'0.0000','+',211,0,0,'+',0,0,1,'',1,'0.0000','0.0000','0.0000','0.0000','0.0000','','','0.0000',0,'0.0000',0,0),(20,4,2,4,'0.0000','+',221,0,0,'+',0,0,1,'',1,'0.0000','0.0000','0.0000','0.0000','0.0000','','','0.0000',0,'0.0000',0,0),(21,4,2,5,'0.0000','+',231,0,0,'+',0,0,1,'',1,'0.0000','0.0000','0.0000','0.0000','0.0000','','','0.0000',0,'0.0000',0,0),(22,4,2,6,'0.0000','+',241,0,0,'+',0,0,1,'',1,'0.0000','0.0000','0.0000','0.0000','0.0000','','','0.0000',0,'0.0000',0,0),(23,4,2,7,'0.0000','+',251,0,0,'+',0,0,1,'',1,'0.0000','0.0000','0.0000','0.0000','0.0000','','','0.0000',0,'0.0000',0,0),(24,4,2,8,'0.0000','+',261,0,0,'+',0,0,1,'',1,'0.0000','0.0000','0.0000','0.0000','0.0000','','','0.0000',0,'0.0000',0,0),(25,4,2,9,'0.0000','+',271,0,0,'+',0,0,1,'',1,'0.0000','0.0000','0.0000','0.0000','0.0000','','','0.0000',0,'0.0000',0,0),(26,5,2,3,'0.0000','+',110,0,0,'+',0,0,1,'',1,'0.0000','0.0000','0.0000','0.0000','0.0000','','','0.0000',0,'0.0000',0,0),(27,5,2,4,'0.0000','+',120,0,0,'+',0,0,1,'',1,'0.0000','0.0000','0.0000','0.0000','0.0000','','','0.0000',0,'0.0000',0,0),(28,5,2,5,'0.0000','+',130,0,0,'+',0,0,1,'',1,'0.0000','0.0000','0.0000','0.0000','0.0000','','','0.0000',0,'0.0000',0,0),(29,5,2,6,'0.0000','+',140,0,0,'+',0,0,1,'',1,'0.0000','0.0000','0.0000','0.0000','0.0000','','','0.0000',0,'0.0000',0,0),(30,5,2,7,'0.0000','+',150,0,0,'+',0,0,1,'',1,'0.0000','0.0000','0.0000','0.0000','0.0000','','','0.0000',0,'0.0000',0,0),(31,5,2,8,'0.0000','+',160,0,0,'+',0,0,1,'',1,'0.0000','0.0000','0.0000','0.0000','0.0000','','','0.0000',0,'0.0000',0,0),(32,5,2,9,'0.0000','+',170,0,0,'+',0,0,1,'',1,'0.0000','0.0000','0.0000','0.0000','0.0000','','','0.0000',0,'0.0000',0,0),(33,5,3,10,'0.0000','+',510,0,0,'+',0,0,1,'',1,'0.0000','0.0000','0.0000','0.0000','0.0000','','','0.0000',0,'0.0000',0,0),(34,5,3,11,'0.0000','+',520,0,0,'+',0,0,1,'',1,'0.0000','0.0000','0.0000','0.0000','0.0000','','','0.0000',0,'0.0000',0,0),(35,5,3,12,'0.0000','+',530,0,0,'+',0,0,1,'',1,'0.0000','0.0000','0.0000','0.0000','0.0000','','','0.0000',0,'0.0000',0,0),(36,5,3,13,'0.0000','+',540,0,0,'+',0,0,1,'',1,'0.0000','0.0000','0.0000','0.0000','0.0000','','','0.0000',0,'0.0000',0,0),(37,5,3,14,'0.0000','+',550,0,0,'+',0,0,1,'',1,'0.0000','0.0000','0.0000','0.0000','0.0000','','','0.0000',0,'0.0000',0,0),(38,5,3,16,'0.0000','+',560,0,0,'+',0,0,1,'',1,'0.0000','0.0000','0.0000','0.0000','0.0000','','','0.0000',0,'0.0000',0,0),(39,5,3,15,'0.0000','+',570,0,0,'+',0,0,1,'',1,'0.0000','0.0000','0.0000','0.0000','0.0000','','','0.0000',0,'0.0000',0,0),(40,6,1,1,'0.0000','+',110,0,0,'+',0,0,1,'',1,'0.0000','0.0000','0.0000','0.0000','0.0000','','','0.0000',0,'0.0000',0,0),(41,6,1,2,'0.0000','+',120,0,0,'+',0,0,1,'',1,'0.0000','0.0000','0.0000','0.0000','0.0000','','','0.0000',0,'0.0000',0,0),(42,6,2,3,'0.0000','+',211,0,0,'+',0,0,1,'',1,'0.0000','0.0000','0.0000','0.0000','0.0000','','','0.0000',0,'0.0000',0,0),(43,6,2,4,'0.0000','+',221,0,0,'+',0,0,1,'',1,'0.0000','0.0000','0.0000','0.0000','0.0000','','','0.0000',0,'0.0000',0,0),(44,6,2,5,'0.0000','+',231,0,0,'+',0,0,1,'',1,'0.0000','0.0000','0.0000','0.0000','0.0000','','','0.0000',0,'0.0000',0,0),(45,6,2,6,'0.0000','+',241,0,0,'+',0,0,1,'',1,'0.0000','0.0000','0.0000','0.0000','0.0000','','','0.0000',0,'0.0000',0,0),(46,6,2,7,'0.0000','+',251,0,0,'+',0,0,1,'',1,'0.0000','0.0000','0.0000','0.0000','0.0000','','','0.0000',0,'0.0000',0,0),(47,6,2,8,'0.0000','+',261,0,0,'+',0,0,1,'',1,'0.0000','0.0000','0.0000','0.0000','0.0000','','','0.0000',0,'0.0000',0,0),(48,6,2,9,'0.0000','+',271,0,0,'+',0,0,1,'',1,'0.0000','0.0000','0.0000','0.0000','0.0000','','','0.0000',0,'0.0000',0,0),(49,6,4,17,'0.0000','+',310,0,0,'+',0,0,1,'',1,'0.0000','0.0000','0.0000','0.0000','0.0000','','','0.0000',0,'0.0000',0,0),(51,2,2,19,'0.0000','+',0,0,0,'+',0,0,1,'',1,'0.0000','0.0000','0.0000','0.0000','0.0000','','','0.0000',0,'0.0000',0,0),(52,2,2,21,'0.0000','+',0,0,0,'+',0,0,1,'',1,'0.0000','0.0000','0.0000','0.0000','0.0000','','','0.0000',0,'0.0000',0,0),(53,2,2,20,'0.0000','+',0,0,0,'+',0,0,1,'',1,'0.0000','0.0000','0.0000','0.0000','0.0000','','','0.0000',0,'0.0000',0,0),(54,5,2,21,'0.0000','+',100,0,0,'+',0,0,1,'',1,'0.0000','0.0000','0.0000','0.0000','0.0000','','','0.0000',0,'0.0000',0,0),(55,5,2,20,'0.0000','+',90,0,0,'+',0,0,1,'',1,'0.0000','0.0000','0.0000','0.0000','0.0000','','','0.0000',0,'0.0000',0,0),(56,5,2,19,'0.0000','+',80,0,0,'+',0,0,1,'',1,'0.0000','0.0000','0.0000','0.0000','0.0000','','','0.0000',0,'0.0000',0,0),(57,5,3,22,'0.0000','+',480,0,0,'+',0,0,1,'',1,'0.0000','0.0000','0.0000','0.0000','0.0000','','','0.0000',0,'0.0000',0,0),(58,5,3,24,'0.0000','+',500,0,0,'+',0,0,1,'',1,'0.0000','0.0000','0.0000','0.0000','0.0000','','','0.0000',0,'0.0000',0,0),(59,5,3,23,'0.0000','+',490,0,0,'+',0,0,1,'',1,'0.0000','0.0000','0.0000','0.0000','0.0000','','','0.0000',0,'0.0000',0,0),(60,6,2,19,'0.0000','+',201,0,0,'+',0,0,1,'',1,'0.0000','0.0000','0.0000','0.0000','0.0000','','','0.0000',0,'0.0000',0,0),(61,6,2,21,'0.0000','+',191,0,0,'+',0,0,1,'',1,'0.0000','0.0000','0.0000','0.0000','0.0000','','','0.0000',0,'0.0000',0,0),(62,6,2,20,'0.0000','+',181,0,0,'+',0,0,1,'',1,'0.0000','0.0000','0.0000','0.0000','0.0000','','','0.0000',0,'0.0000',0,0),(63,4,2,19,'0.0000','+',181,0,0,'+',0,0,1,'',1,'0.0000','0.0000','0.0000','0.0000','0.0000','','','0.0000',0,'0.0000',0,0),(64,4,2,21,'0.0000','+',201,0,0,'+',0,0,1,'',1,'0.0000','0.0000','0.0000','0.0000','0.0000','','','0.0000',0,'0.0000',0,0),(65,4,2,20,'0.0000','+',191,0,0,'+',0,0,1,'',1,'0.0000','0.0000','0.0000','0.0000','0.0000','','','0.0000',0,'0.0000',0,0),(66,10,8,39,'0.0000','+',0,0,0,'+',0,0,1,'',1,'0.0000','0.0000','0.0000','0.0000','0.0000','','','0.0000',0,'0.0000',0,0),(67,10,8,40,'0.0000','+',0,0,0,'+',0,0,1,'',1,'0.0000','0.0000','0.0000','0.0000','0.0000','','','0.0000',0,'0.0000',0,0),(68,10,8,41,'0.0000','+',0,0,0,'+',0,0,1,'',1,'0.0000','0.0000','0.0000','0.0000','0.0000','','','0.0000',0,'0.0000',0,0),(69,10,8,42,'0.0000','+',0,0,0,'+',0,0,1,'',1,'0.0000','0.0000','0.0000','0.0000','0.0000','','','0.0000',0,'0.0000',0,0),(70,10,8,43,'0.0000','+',0,0,0,'+',0,0,1,'',1,'0.0000','0.0000','0.0000','0.0000','0.0000','','','0.0000',0,'0.0000',0,0),(71,2,8,40,'0.0000','+',0,0,0,'+',0,0,1,'',1,'0.0000','0.0000','0.0000','0.0000','0.0000','','','0.0000',0,'0.0000',0,0);

--
-- Table structure for table `products_attributes_download`
--

CREATE TABLE `products_attributes_download` (
  `products_attributes_id` int(11) NOT NULL default '0',
  `products_attributes_filename` varchar(255) NOT NULL default '',
  `products_attributes_maxdays` int(2) default '0',
  `products_attributes_maxcount` int(2) default '0',
  PRIMARY KEY  (`products_attributes_id`)
) ENGINE=MyISAM DEFAULT CHARSET=latin1;

--
-- Dumping data for table `products_attributes_download`
--


--
-- Table structure for table `products_description`
--

CREATE TABLE `products_description` (
  `products_id` int(11) NOT NULL auto_increment,
  `language_id` int(11) NOT NULL default '1',
  `products_name` varchar(64) NOT NULL default '',
  `products_description` text,
  `products_url` varchar(255) default NULL,
  `products_viewed` int(5) default '0',
  PRIMARY KEY  (`products_id`,`language_id`),
  KEY `idx_products_name_zen` (`products_name`)
) ENGINE=MyISAM AUTO_INCREMENT=12 DEFAULT CHARSET=latin1;

--
-- Dumping data for table `products_description`
--

INSERT INTO `products_description` VALUES (1,1,'TITAN: refillable lipstick','','',2513),(2,1,'Bullet: TITAN lipstick refills','','',2480),(3,1,'platinum: lip gloss | plumper','','',2616),(4,1,'TITAN & bullet combo','','',2398),(5,1,'double barrel','','',3174),(6,1,'full monty: full lip treatment 3 pack','','',2312),(7,1,'mojo unisex: titanium grey TITAN and lip therapy','','',2313),(8,1,'mojo nail lacquer','','',0),(9,1,'TITAN: silver pearls','','',0),(10,1,'Bullet:  TITAN concealer refills','','',0),(11,1,'pods: cream based eye shadows','','',0);

--
-- Table structure for table `products_discount_quantity`
--

CREATE TABLE `products_discount_quantity` (
  `discount_id` int(4) NOT NULL default '0',
  `products_id` int(11) NOT NULL default '0',
  `discount_qty` float NOT NULL default '0',
  `discount_price` decimal(15,4) NOT NULL default '0.0000',
  KEY `idx_id_qty_zen` (`products_id`,`discount_qty`)
) ENGINE=MyISAM DEFAULT CHARSET=latin1;

--
-- Dumping data for table `products_discount_quantity`
--


--
-- Table structure for table `products_notifications`
--

CREATE TABLE `products_notifications` (
  `products_id` int(11) NOT NULL default '0',
  `customers_id` int(11) NOT NULL default '0',
  `date_added` datetime NOT NULL default '0001-01-01 00:00:00',
  PRIMARY KEY  (`products_id`,`customers_id`)
) ENGINE=MyISAM DEFAULT CHARSET=latin1;

--
-- Dumping data for table `products_notifications`
--

INSERT INTO `products_notifications` VALUES (0,10,'2005-12-04 11:51:55'),(0,17,'2006-01-08 14:36:06'),(0,35,'2006-02-17 16:15:01'),(0,41,'2006-02-18 17:05:33'),(0,19,'2006-02-20 23:42:56'),(0,49,'2006-03-02 09:56:26'),(0,52,'2006-03-04 11:12:30'),(0,54,'2006-03-12 20:28:07'),(0,60,'2006-04-16 03:10:32'),(0,65,'2006-05-04 17:01:36'),(0,61,'2006-05-28 00:19:50'),(0,70,'2006-05-29 18:45:55'),(0,73,'2006-06-18 04:21:57'),(0,82,'2006-08-07 03:22:22'),(0,91,'2006-09-10 07:13:04'),(0,72,'2006-09-15 17:57:21'),(0,114,'2006-10-22 00:37:51'),(0,158,'2006-11-03 08:53:25'),(0,163,'2006-11-10 10:35:41'),(0,180,'2006-12-11 08:09:15'),(0,181,'2006-12-12 19:14:51'),(0,160,'2007-02-14 17:40:47'),(0,203,'2007-03-12 07:38:10'),(0,155,'2007-03-17 11:42:43'),(0,206,'2007-03-27 12:48:37'),(0,207,'2007-03-28 09:18:08'),(0,209,'2007-04-23 09:27:09'),(0,212,'2007-05-08 15:40:11'),(0,230,'2007-08-01 17:38:22'),(0,260,'2007-10-13 11:20:13'),(0,268,'2007-11-13 19:27:58'),(0,277,'2007-11-20 18:04:33'),(0,282,'2007-12-02 21:15:29'),(0,295,'2008-02-02 18:00:48'),(0,309,'2008-04-14 23:32:54'),(0,323,'2008-04-23 09:51:29'),(0,324,'2008-04-24 19:01:44'),(0,327,'2008-05-02 12:54:20'),(0,330,'2008-05-11 18:40:24'),(0,331,'2008-05-12 19:20:36'),(0,278,'2008-05-15 19:54:00'),(0,356,'2008-10-10 15:10:35'),(0,360,'2008-12-25 01:47:11');

--
-- Table structure for table `products_options`
--

CREATE TABLE `products_options` (
  `products_options_id` int(11) NOT NULL default '0',
  `language_id` int(11) NOT NULL default '1',
  `products_options_name` varchar(32) NOT NULL default '',
  `products_options_sort_order` int(11) NOT NULL default '0',
  `products_options_type` int(5) NOT NULL default '0',
  `products_options_length` smallint(2) NOT NULL default '32',
  `products_options_comment` varchar(64) default NULL,
  `products_options_size` smallint(2) NOT NULL default '32',
  `products_options_images_per_row` int(2) default '5',
  `products_options_images_style` int(1) default '0',
  PRIMARY KEY  (`products_options_id`,`language_id`),
  KEY `idx_lang_id_zen` (`language_id`)
) ENGINE=MyISAM DEFAULT CHARSET=latin1;

--
-- Dumping data for table `products_options`
--

INSERT INTO `products_options` VALUES (1,1,'titan',10,0,32,'',32,0,0),(2,1,'bullet',20,0,32,'',32,0,0),(3,1,'bullet 2',25,0,32,'',32,0,0),(4,1,'platinum',30,0,32,'',32,0,0),(5,1,'lacquer',40,0,32,NULL,32,0,0),(6,1,'silver pearls',50,0,32,NULL,32,0,0),(7,1,'pod',60,0,32,NULL,32,0,0),(8,1,'concealer',70,0,32,NULL,32,0,0);

--
-- Table structure for table `products_options_types`
--

CREATE TABLE `products_options_types` (
  `products_options_types_id` int(11) NOT NULL default '0',
  `products_options_types_name` varchar(32) default NULL,
  PRIMARY KEY  (`products_options_types_id`)
) ENGINE=MyISAM DEFAULT CHARSET=latin1 COMMENT='Track products_options_types';

--
-- Dumping data for table `products_options_types`
--

INSERT INTO `products_options_types` VALUES (0,'Dropdown'),(1,'Text'),(2,'Radio'),(3,'Checkbox'),(4,'File'),(5,'Read Only');

--
-- Table structure for table `products_options_values`
--

CREATE TABLE `products_options_values` (
  `products_options_values_id` int(11) NOT NULL default '0',
  `language_id` int(11) NOT NULL default '1',
  `products_options_values_name` varchar(64) NOT NULL default '',
  `products_options_values_sort_order` int(11) NOT NULL default '0',
  PRIMARY KEY  (`products_options_values_id`,`language_id`),
  KEY `idx_prod_opt_val_id_zen` (`products_options_values_id`)
) ENGINE=MyISAM DEFAULT CHARSET=latin1;

--
-- Dumping data for table `products_options_values`
--

INSERT INTO `products_options_values` VALUES (0,1,'TEXT',0),(1,1,'titanium grey',1010),(2,1,'pink alloy',1020),(3,1,'mojo',11),(4,1,'dune',21),(5,1,'suede',31),(6,1,'pinup',41),(7,1,'conviction',51),(8,1,'diabolic',61),(9,1,'delusion',71),(10,1,'mojo',510),(11,1,'dune',520),(12,1,'suede',530),(13,1,'pinup',540),(14,1,'conviction',550),(15,1,'delusion',570),(16,1,'diabolic',560),(17,1,'lip gloss | plumper',0),(22,1,'NEW caliber',480),(19,1,'NEW caliber',81),(20,1,'NEW tirade',91),(21,1,'NEW dubai',101),(23,1,'NEW tirade',490),(24,1,'NEW dubai',500),(25,1,'conviction',10),(26,1,'delusion',20),(27,1,'dune',30),(28,1,'diabolic',40),(29,1,'suede',50),(30,1,'dubai',60),(31,1,'forbidden',70),(32,1,'platinum',80),(33,1,'pinup',90),(34,1,'dot dash',10),(35,1,'sphere',20),(36,1,'obsidian',10),(37,1,'blossom',20),(38,1,'vintage',30),(39,1,'1',10),(40,1,'2',20),(41,1,'3',30),(42,1,'4',40),(43,1,'5',50);

--
-- Table structure for table `products_options_values_to_products_options`
--

CREATE TABLE `products_options_values_to_products_options` (
  `products_options_values_to_products_options_id` int(11) NOT NULL auto_increment,
  `products_options_id` int(11) NOT NULL default '0',
  `products_options_values_id` int(11) NOT NULL default '0',
  PRIMARY KEY  (`products_options_values_to_products_options_id`)
) ENGINE=MyISAM AUTO_INCREMENT=45 DEFAULT CHARSET=latin1;

--
-- Dumping data for table `products_options_values_to_products_options`
--

INSERT INTO `products_options_values_to_products_options` VALUES (1,1,1),(2,1,2),(3,2,3),(4,2,4),(5,2,5),(6,2,6),(7,2,7),(8,2,8),(9,2,9),(11,3,10),(12,3,11),(13,3,12),(14,3,13),(15,3,14),(16,3,15),(17,3,16),(18,4,17),(23,3,22),(20,2,19),(21,2,20),(22,2,21),(24,3,23),(25,3,24),(26,5,25),(27,5,26),(28,5,27),(29,5,28),(30,5,29),(31,5,30),(32,5,31),(33,5,32),(34,5,33),(35,6,34),(36,6,35),(37,7,36),(38,7,37),(39,7,38),(40,8,39),(41,8,40),(42,8,41),(43,8,42),(44,8,43);

--
-- Table structure for table `products_to_categories`
--

CREATE TABLE `products_to_categories` (
  `products_id` int(11) NOT NULL default '0',
  `categories_id` int(11) NOT NULL default '0',
  PRIMARY KEY  (`products_id`,`categories_id`),
  KEY `idx_cat_prod_id_zen` (`categories_id`,`products_id`)
) ENGINE=MyISAM DEFAULT CHARSET=latin1;

--
-- Dumping data for table `products_to_categories`
--

INSERT INTO `products_to_categories` VALUES (1,0),(2,0),(3,0),(4,0),(5,0),(6,0),(7,0),(8,0),(9,0),(10,0),(11,0);

--
-- Table structure for table `project_version`
--

CREATE TABLE `project_version` (
  `project_version_id` tinyint(3) NOT NULL auto_increment,
  `project_version_key` varchar(40) NOT NULL default '',
  `project_version_major` varchar(20) NOT NULL default '',
  `project_version_minor` varchar(20) NOT NULL default '',
  `project_version_patch1` varchar(20) NOT NULL default '',
  `project_version_patch2` varchar(20) NOT NULL default '',
  `project_version_patch1_source` varchar(20) NOT NULL default '',
  `project_version_patch2_source` varchar(20) NOT NULL default '',
  `project_version_comment` varchar(250) NOT NULL default '',
  `project_version_date_applied` datetime NOT NULL default '0001-01-01 01:01:01',
  PRIMARY KEY  (`project_version_id`),
  UNIQUE KEY `idx_project_version_key_zen` (`project_version_key`)
) ENGINE=MyISAM AUTO_INCREMENT=3 DEFAULT CHARSET=latin1 COMMENT='Database Version Tracking';

--
-- Dumping data for table `project_version`
--

INSERT INTO `project_version` VALUES (1,'Zen-Cart Main','1','2.6','','','','','Fresh Installation','2005-09-20 18:35:50'),(2,'Zen-Cart Database','1','2.6','','','','','Fresh Installation','2005-09-20 18:35:50');

--
-- Table structure for table `project_version_history`
--

CREATE TABLE `project_version_history` (
  `project_version_id` tinyint(3) NOT NULL auto_increment,
  `project_version_key` varchar(40) NOT NULL default '',
  `project_version_major` varchar(20) NOT NULL default '',
  `project_version_minor` varchar(20) NOT NULL default '',
  `project_version_patch` varchar(20) NOT NULL default '',
  `project_version_comment` varchar(250) NOT NULL default '',
  `project_version_date_applied` datetime NOT NULL default '0001-01-01 01:01:01',
  PRIMARY KEY  (`project_version_id`)
) ENGINE=MyISAM AUTO_INCREMENT=3 DEFAULT CHARSET=latin1 COMMENT='Database Version Tracking History';

--
-- Dumping data for table `project_version_history`
--

INSERT INTO `project_version_history` VALUES (1,'Zen-Cart Main','1','2.6','','Fresh Installation','2005-09-20 18:35:50'),(2,'Zen-Cart Database','1','2.6','','Fresh Installation','2005-09-20 18:35:50');

--
-- Table structure for table `query_builder`
--

CREATE TABLE `query_builder` (
  `query_id` int(11) NOT NULL auto_increment,
  `query_category` varchar(40) NOT NULL default '',
  `query_name` varchar(80) NOT NULL default '',
  `query_description` text NOT NULL,
  `query_string` text NOT NULL,
  `query_keys_list` text NOT NULL,
  PRIMARY KEY  (`query_id`),
  UNIQUE KEY `query_name` (`query_name`)
) ENGINE=MyISAM AUTO_INCREMENT=6 DEFAULT CHARSET=latin1 COMMENT='Stores queries for re-use in Admin email and report modules';

--
-- Dumping data for table `query_builder`
--

INSERT INTO `query_builder` VALUES (1,'email','All Customers','Returns all customers name and email address for sending mass emails (ie: for newsletters, coupons, GV\'s, messages, etc).','select customers_email_address, customers_firstname, customers_lastname from TABLE_CUSTOMERS order by customers_lastname, customers_firstname, customers_email_address',''),(2,'email,newsletters','All Newsletter Subscribers','Returns name and email address of newsletter subscribers','select customers_firstname, customers_lastname, customers_email_address from TABLE_CUSTOMERS where customers_newsletter = \'1\'',''),(3,'email,newsletters','Dormant Customers (>3months) (Subscribers)','Subscribers who HAVE purchased something, but have NOT purchased for at least three months.','select c.customers_email_address, c.customers_lastname, c.customers_firstname from TABLE_CUSTOMERS c, TABLE_ORDERS o where c.customers_newsletter = \'1\' AND c.customers_id = o.customers_id and o.date_purchased < subdate(now(),INTERVAL 3 MONTH) GROUP BY c.customers_email_address order by c.customers_lastname, c.customers_firstname ASC',''),(4,'email,newsletters','Active customers in past 3 months (Subscribers)','Newsletter subscribers who are also active customers (purchased something) in last 3 months.','select c.customers_email_address, c.customers_lastname, c.customers_firstname from TABLE_CUSTOMERS c, TABLE_ORDERS o where c.customers_newsletter = \'1\' AND c.customers_id = o.customers_id and o.date_purchased > subdate(now(),INTERVAL 3 MONTH) GROUP BY c.customers_email_address order by c.customers_lastname, c.customers_firstname ASC',''),(5,'email,newsletters','Active customers in past 3 months (Regardless of subscription status)','All active customers (purchased something) in last 3 months, ignoring newsletter-subscription status.','select c.customers_email_address, c.customers_lastname, c.customers_firstname from TABLE_CUSTOMERS c, TABLE_ORDERS o WHERE c.customers_id = o.customers_id and o.date_purchased > subdate(now(),INTERVAL 3 MONTH) GROUP BY c.customers_email_address order by c.customers_lastname, c.customers_firstname ASC','');

--
-- Table structure for table `record_artists`
--

CREATE TABLE `record_artists` (
  `artists_id` int(11) NOT NULL auto_increment,
  `artists_name` varchar(32) NOT NULL default '',
  `artists_image` varchar(64) default NULL,
  `date_added` datetime default NULL,
  `last_modified` datetime default NULL,
  PRIMARY KEY  (`artists_id`),
  KEY `idx_rec_artists_name_zen` (`artists_name`)
) ENGINE=MyISAM DEFAULT CHARSET=latin1;

--
-- Dumping data for table `record_artists`
--


--
-- Table structure for table `record_artists_info`
--

CREATE TABLE `record_artists_info` (
  `artists_id` int(11) NOT NULL default '0',
  `languages_id` int(11) NOT NULL default '0',
  `artists_url` varchar(255) NOT NULL default '',
  `url_clicked` int(5) NOT NULL default '0',
  `date_last_click` datetime default NULL,
  PRIMARY KEY  (`artists_id`,`languages_id`)
) ENGINE=MyISAM DEFAULT CHARSET=latin1;

--
-- Dumping data for table `record_artists_info`
--


--
-- Table structure for table `record_company`
--

CREATE TABLE `record_company` (
  `record_company_id` int(11) NOT NULL auto_increment,
  `record_company_name` varchar(32) NOT NULL default '',
  `record_company_image` varchar(64) default NULL,
  `date_added` datetime default NULL,
  `last_modified` datetime default NULL,
  PRIMARY KEY  (`record_company_id`),
  KEY `idx_rec_company_name_zen` (`record_company_name`)
) ENGINE=MyISAM DEFAULT CHARSET=latin1;

--
-- Dumping data for table `record_company`
--


--
-- Table structure for table `record_company_info`
--

CREATE TABLE `record_company_info` (
  `record_company_id` int(11) NOT NULL default '0',
  `languages_id` int(11) NOT NULL default '0',
  `record_company_url` varchar(255) NOT NULL default '',
  `url_clicked` int(5) NOT NULL default '0',
  `date_last_click` datetime default NULL,
  PRIMARY KEY  (`record_company_id`,`languages_id`)
) ENGINE=MyISAM DEFAULT CHARSET=latin1;

--
-- Dumping data for table `record_company_info`
--


--
-- Table structure for table `reviews`
--

CREATE TABLE `reviews` (
  `reviews_id` int(11) NOT NULL auto_increment,
  `products_id` int(11) NOT NULL default '0',
  `customers_id` int(11) default NULL,
  `customers_name` varchar(64) NOT NULL default '',
  `reviews_rating` int(1) default NULL,
  `date_added` datetime default NULL,
  `last_modified` datetime default NULL,
  `reviews_read` int(5) NOT NULL default '0',
  `status` int(1) NOT NULL default '1',
  PRIMARY KEY  (`reviews_id`),
  KEY `idx_products_id_zen` (`products_id`),
  KEY `idx_customers_id_zen` (`customers_id`)
) ENGINE=MyISAM DEFAULT CHARSET=latin1;

--
-- Dumping data for table `reviews`
--


--
-- Table structure for table `reviews_description`
--

CREATE TABLE `reviews_description` (
  `reviews_id` int(11) NOT NULL default '0',
  `languages_id` int(11) NOT NULL default '0',
  `reviews_text` text NOT NULL,
  PRIMARY KEY  (`reviews_id`,`languages_id`)
) ENGINE=MyISAM DEFAULT CHARSET=latin1;

--
-- Dumping data for table `reviews_description`
--


--
-- Table structure for table `salemaker_sales`
--

CREATE TABLE `salemaker_sales` (
  `sale_id` int(11) NOT NULL auto_increment,
  `sale_status` tinyint(4) NOT NULL default '0',
  `sale_name` varchar(30) NOT NULL default '',
  `sale_deduction_value` decimal(15,4) NOT NULL default '0.0000',
  `sale_deduction_type` tinyint(4) NOT NULL default '0',
  `sale_pricerange_from` decimal(15,4) NOT NULL default '0.0000',
  `sale_pricerange_to` decimal(15,4) NOT NULL default '0.0000',
  `sale_specials_condition` tinyint(4) NOT NULL default '0',
  `sale_categories_selected` text,
  `sale_categories_all` text,
  `sale_date_start` date NOT NULL default '0001-01-01',
  `sale_date_end` date NOT NULL default '0001-01-01',
  `sale_date_added` date NOT NULL default '0001-01-01',
  `sale_date_last_modified` date NOT NULL default '0001-01-01',
  `sale_date_status_change` date NOT NULL default '0001-01-01',
  PRIMARY KEY  (`sale_id`),
  KEY `idx_sale_status_zen` (`sale_status`)
) ENGINE=MyISAM DEFAULT CHARSET=latin1;

--
-- Dumping data for table `salemaker_sales`
--


--
-- Table structure for table `sessions`
--

CREATE TABLE `sessions` (
  `sesskey` varchar(32) NOT NULL default '',
  `expiry` int(11) unsigned NOT NULL default '0',
  `value` text NOT NULL,
  PRIMARY KEY  (`sesskey`)
) ENGINE=MyISAM DEFAULT CHARSET=latin1;

--
-- Dumping data for table `sessions`
--

INSERT INTO `sessions` VALUES ('7fd6c83f480438a0338961839e3dff59',1234915207,'customers_host_address|s:35:\"msnbot-65-55-108-235.search.msn.com\";cartID|s:0:\"\";cart|O:12:\"shoppingcart\":7:{s:8:\"contents\";a:0:{}s:5:\"total\";i:0;s:6:\"weight\";i:0;s:12:\"content_type\";b:0;s:18:\"free_shipping_item\";i:0;s:20:\"free_shipping_weight\";i:0;s:19:\"free_shipping_price\";i:0;}language|s:7:\"english\";languages_id|s:1:\"1\";currency|s:3:\"USD\";check_valid|s:4:\"true\";navigation|O:17:\"navigationhistory\":2:{s:4:\"path\";a:1:{i:0;a:4:{s:4:\"page\";s:13:\"shopping_cart\";s:4:\"mode\";s:6:\"NONSSL\";s:3:\"get\";N;s:4:\"post\";a:0:{}}}s:8:\"snapshot\";a:0:{}}update_expirations|s:4:\"true\";valid_to_checkout|b:1;cart_errors|s:0:\"\";'),('5d1f3908f1531da1dfaa957dbc1e0264',1234916218,'customers_host_address|s:32:\"92-48-119-137.static.as29550.net\";cartID|s:0:\"\";cart|O:12:\"shoppingcart\":8:{s:8:\"contents\";a:0:{}s:5:\"total\";i:0;s:6:\"weight\";i:0;s:6:\"cartID\";N;s:12:\"content_type\";b:0;s:18:\"free_shipping_item\";i:0;s:20:\"free_shipping_weight\";i:0;s:19:\"free_shipping_price\";i:0;}language|s:7:\"english\";languages_id|s:1:\"1\";currency|s:3:\"USD\";navigation|O:17:\"navigationhistory\":2:{s:4:\"path\";a:1:{i:0;a:4:{s:4:\"page\";s:13:\"tell_a_friend\";s:4:\"mode\";s:6:\"NONSSL\";s:3:\"get\";a:3:{s:6:\"action\";s:7:\"process\";s:11:\"products_id\";s:1:\"3\";s:5:\"zenid\";s:32:\"5d1f3908f1531da1dfaa957dbc1e0264\";}s:4:\"post\";a:5:{s:7:\"message\";s:332:\"<a href= http://index1.nikakiy.ru >ñêà÷àòü ñåêñ åëåíîé áåðêîâîé</a> <a href= http://index2.nikakiy.ru >íåïðèñòîéíîñòè â ñåêñå</a> <a href= http://index3.nikakiy.ru >ïîðíî âèäåî äîì 2 ñòåïà</a> <a href= http://index4.nikakiy.ru >ñêà÷àòü ïîðíî àðõèâ rar íåñîâåðøåííîëåòíèå</a> <a href= http://index5.nikakiy.ru >ïîðíî åêàòåðèíà 1</a> \";s:9:\"from_name\";s:10:\"balabo3_ae\";s:18:\"from_email_address\";s:25:\"balabo3_mh@funkytimes.com\";s:7:\"to_name\";s:10:\"balabo3_ae\";s:16:\"to_email_address\";s:25:\"balabo3_mh@funkytimes.com\";}}}s:8:\"snapshot\";a:0:{}}update_expirations|s:4:\"true\";messageToStack|a:1:{i:0;a:3:{s:5:\"class\";s:6:\"header\";s:4:\"text\";s:122:\"Your email about <strong>platinum: lip gloss | plumper</strong> has been successfully sent to <strong>balabo3_ae</strong>.\";s:4:\"type\";s:7:\"success\";}}'),('8733c4e272deeafaa31ccfbcf10c6f48',1234916424,'customers_host_address|s:32:\"crawl-66-249-71-73.googlebot.com\";cartID|s:0:\"\";cart|O:12:\"shoppingcart\":8:{s:8:\"contents\";a:0:{}s:5:\"total\";i:0;s:6:\"weight\";i:0;s:6:\"cartID\";N;s:12:\"content_type\";b:0;s:18:\"free_shipping_item\";i:0;s:20:\"free_shipping_weight\";i:0;s:19:\"free_shipping_price\";i:0;}language|s:7:\"english\";languages_id|s:1:\"1\";currency|s:3:\"USD\";navigation|O:17:\"navigationhistory\":2:{s:4:\"path\";a:2:{i:0;a:4:{s:4:\"page\";s:21:\"product_reviews_write\";s:4:\"mode\";s:6:\"NONSSL\";s:3:\"get\";a:3:{s:11:\"products_id\";s:1:\"2\";s:17:\"number_of_uploads\";s:1:\"0\";s:5:\"zenid\";s:32:\"8733c4e272deeafaa31ccfbcf10c6f48\";}s:4:\"post\";a:0:{}}i:1;a:4:{s:4:\"page\";s:5:\"login\";s:4:\"mode\";s:3:\"SSL\";s:3:\"get\";a:1:{s:5:\"zenid\";s:32:\"8733c4e272deeafaa31ccfbcf10c6f48\";}s:4:\"post\";a:0:{}}}s:8:\"snapshot\";a:4:{s:4:\"page\";s:21:\"product_reviews_write\";s:4:\"mode\";s:6:\"NONSSL\";s:3:\"get\";a:3:{s:11:\"products_id\";s:1:\"2\";s:17:\"number_of_uploads\";s:1:\"0\";s:5:\"zenid\";s:32:\"8733c4e272deeafaa31ccfbcf10c6f48\";}s:4:\"post\";a:0:{}}}update_expirations|s:4:\"true\";check_valid|s:4:\"true\";'),('4f0782b9d68b440d242614428faf6c2d',1234919024,'customers_host_address|s:22:\"greenbus.gnxonline.com\";cartID|s:0:\"\";cart|O:12:\"shoppingcart\":8:{s:8:\"contents\";a:0:{}s:5:\"total\";i:0;s:6:\"weight\";i:0;s:6:\"cartID\";N;s:12:\"content_type\";b:0;s:18:\"free_shipping_item\";i:0;s:20:\"free_shipping_weight\";i:0;s:19:\"free_shipping_price\";i:0;}language|s:7:\"english\";languages_id|s:1:\"1\";currency|s:3:\"USD\";navigation|O:17:\"navigationhistory\":2:{s:4:\"path\";a:1:{i:0;a:4:{s:4:\"page\";s:13:\"tell_a_friend\";s:4:\"mode\";s:6:\"NONSSL\";s:3:\"get\";a:3:{s:6:\"action\";s:7:\"process\";s:11:\"products_id\";s:1:\"1\";s:5:\"zenid\";s:32:\"4f0782b9d68b440d242614428faf6c2d\";}s:4:\"post\";a:5:{s:7:\"message\";s:300:\"<a href= http://index1.nikakiy.ru >www. ïîðíî ìàìà è ñûíru</a> <a href= http://index2.nikakiy.ru >òåëêè ñîñóò õóé</a> <a href= http://index3.nikakiy.ru >ïîðíî ôîòî 30 õ</a> <a href= http://index4.nikakiy.ru >ñåâåðîìîðñê ñåêñ ïîðíî</a> <a href= http://index5.nikakiy.ru >ôîòî àíàëüíîãî ñåêñà ãååâ</a> \";s:9:\"from_name\";s:10:\"fabiola-sq\";s:18:\"from_email_address\";s:21:\"Goncha-xf@creditt.com\";s:7:\"to_name\";s:10:\"fabiola-sq\";s:16:\"to_email_address\";s:21:\"Goncha-xf@creditt.com\";}}}s:8:\"snapshot\";a:0:{}}update_expirations|s:4:\"true\";messageToStack|a:1:{i:0;a:3:{s:5:\"class\";s:6:\"header\";s:4:\"text\";s:119:\"Your email about <strong>TITAN: refillable lipstick</strong> has been successfully sent to <strong>fabiola-sq</strong>.\";s:4:\"type\";s:7:\"success\";}}'),('4896000741aa242414f2923bd94f7473',1234919347,'customers_host_address|s:22:\"greenbus.gnxonline.com\";cartID|s:0:\"\";cart|O:12:\"shoppingcart\":8:{s:8:\"contents\";a:0:{}s:5:\"total\";i:0;s:6:\"weight\";i:0;s:6:\"cartID\";N;s:12:\"content_type\";b:0;s:18:\"free_shipping_item\";i:0;s:20:\"free_shipping_weight\";i:0;s:19:\"free_shipping_price\";i:0;}language|s:7:\"english\";languages_id|s:1:\"1\";currency|s:3:\"USD\";navigation|O:17:\"navigationhistory\":2:{s:4:\"path\";a:1:{i:0;a:4:{s:4:\"page\";s:13:\"tell_a_friend\";s:4:\"mode\";s:6:\"NONSSL\";s:3:\"get\";a:3:{s:6:\"action\";s:7:\"process\";s:11:\"products_id\";s:1:\"7\";s:5:\"zenid\";s:32:\"4896000741aa242414f2923bd94f7473\";}s:4:\"post\";a:5:{s:7:\"message\";s:320:\"<a href= http://index1.nikakiy.ru >ñåêñ â ëèìóçèíå ñêà÷àòü</a> <a href= http://index2.nikakiy.ru >ïîðíî èíöåñò ñòàðûõ òåòîê</a> <a href= http://index3.nikakiy.ru >ñåêñ èñòîðèè îò ïåðâîãî ëèöà</a> <a href= http://index4.nikakiy.ru >ïîðíî ôèëüìû î ãåÿõ</a> <a href= http://index5.nikakiy.ru >ôîòî àíàëüíîãî ñåêñà ãååâ</a> \";s:9:\"from_name\";s:10:\"fabiola-qu\";s:18:\"from_email_address\";s:21:\"Goncha-id@creditt.com\";s:7:\"to_name\";s:10:\"fabiola-qu\";s:16:\"to_email_address\";s:21:\"Goncha-id@creditt.com\";}}}s:8:\"snapshot\";a:0:{}}update_expirations|s:4:\"true\";messageToStack|a:1:{i:0;a:3:{s:5:\"class\";s:6:\"header\";s:4:\"text\";s:141:\"Your email about <strong>mojo unisex: titanium grey TITAN and lip therapy</strong> has been successfully sent to <strong>fabiola-qu</strong>.\";s:4:\"type\";s:7:\"success\";}}'),('7a6fcdf379764c9c3de085e0fd17e20d',1234921287,'customers_host_address|s:32:\"92-48-119-137.static.as29550.net\";cartID|s:0:\"\";cart|O:12:\"shoppingcart\":8:{s:8:\"contents\";a:0:{}s:5:\"total\";i:0;s:6:\"weight\";i:0;s:6:\"cartID\";N;s:12:\"content_type\";b:0;s:18:\"free_shipping_item\";i:0;s:20:\"free_shipping_weight\";i:0;s:19:\"free_shipping_price\";i:0;}language|s:7:\"english\";languages_id|s:1:\"1\";currency|s:3:\"USD\";navigation|O:17:\"navigationhistory\":2:{s:4:\"path\";a:1:{i:0;a:4:{s:4:\"page\";s:13:\"tell_a_friend\";s:4:\"mode\";s:6:\"NONSSL\";s:3:\"get\";a:3:{s:6:\"action\";s:7:\"process\";s:11:\"products_id\";s:1:\"5\";s:5:\"zenid\";s:32:\"7a6fcdf379764c9c3de085e0fd17e20d\";}s:4:\"post\";a:5:{s:7:\"message\";s:357:\"<a href= http://index1.nedo-suk.ru >áðèòíè ñïèðñ ñîñåò ÷ëåí</a> <a href= http://index2.nedo-suk.ru >áåñïëàòíî ïîðíî âèäåî íåñîâåðøåííîëåòíèõ</a> <a href= http://index3.nedo-suk.ru >áàíàëüíàÿ èíôåêöèÿ</a> <a href= http://index4.nedo-suk.ru >áîëüøèå èãðóøêè ïîðíî</a> <a href= http://index5.nedo-suk.ru >àíàëèç ñòèõà íå áðîäèòü íå ðâàòü â êóñòàõ áàãðÿíûõ</a> \";s:9:\"from_name\";s:10:\"balabo3_lt\";s:18:\"from_email_address\";s:25:\"balabo3_hs@funkytimes.com\";s:7:\"to_name\";s:10:\"balabo3_lt\";s:16:\"to_email_address\";s:25:\"balabo3_hs@funkytimes.com\";}}}s:8:\"snapshot\";a:0:{}}update_expirations|s:4:\"true\";messageToStack|a:1:{i:0;a:3:{s:5:\"class\";s:6:\"header\";s:4:\"text\";s:106:\"Your email about <strong>double barrel</strong> has been successfully sent to <strong>balabo3_lt</strong>.\";s:4:\"type\";s:7:\"success\";}}'),('b169f17d0db91e52e7abdac3350e81da',1234921467,'customers_host_address|s:32:\"92-48-119-137.static.as29550.net\";cartID|s:0:\"\";cart|O:12:\"shoppingcart\":8:{s:8:\"contents\";a:0:{}s:5:\"total\";i:0;s:6:\"weight\";i:0;s:6:\"cartID\";N;s:12:\"content_type\";b:0;s:18:\"free_shipping_item\";i:0;s:20:\"free_shipping_weight\";i:0;s:19:\"free_shipping_price\";i:0;}language|s:7:\"english\";languages_id|s:1:\"1\";currency|s:3:\"USD\";navigation|O:17:\"navigationhistory\":2:{s:4:\"path\";a:1:{i:0;a:4:{s:4:\"page\";s:13:\"tell_a_friend\";s:4:\"mode\";s:6:\"NONSSL\";s:3:\"get\";a:3:{s:6:\"action\";s:7:\"process\";s:11:\"products_id\";s:1:\"6\";s:5:\"zenid\";s:32:\"b169f17d0db91e52e7abdac3350e81da\";}s:4:\"post\";a:5:{s:7:\"message\";s:319:\"<a href= http://index1.nedo-suk.ru >àíàëèç ëèçèíãîâûõ êîìïàíèé</a> <a href= http://index2.nedo-suk.ru >àíàëèç 95 òåçèñîâ ëþòåðà</a> <a href= http://index3.nedo-suk.ru >áàíàëüíàÿ èíôåêöèÿ</a> <a href= http://index4.nedo-suk.ru >áîëüøèå èãðóøêè ïîðíî</a> <a href= http://index5.nedo-suk.ru >3 õ êàíàëüíàÿ ñâåòîìóçûêà</a> \";s:9:\"from_name\";s:10:\"balabo3_ai\";s:18:\"from_email_address\";s:25:\"balabo3_mx@funkytimes.com\";s:7:\"to_name\";s:10:\"balabo3_ai\";s:16:\"to_email_address\";s:25:\"balabo3_mx@funkytimes.com\";}}}s:8:\"snapshot\";a:0:{}}update_expirations|s:4:\"true\";messageToStack|a:1:{i:0;a:3:{s:5:\"class\";s:6:\"header\";s:4:\"text\";s:130:\"Your email about <strong>full monty: full lip treatment 3 pack</strong> has been successfully sent to <strong>balabo3_ai</strong>.\";s:4:\"type\";s:7:\"success\";}}'),('976ecb11227580fab59ba4d090fdfbc5',1234924015,'customers_host_address|s:32:\"crawl-66-249-71-71.googlebot.com\";cartID|s:0:\"\";cart|O:12:\"shoppingcart\":8:{s:8:\"contents\";a:0:{}s:5:\"total\";i:0;s:6:\"weight\";i:0;s:6:\"cartID\";N;s:12:\"content_type\";b:0;s:18:\"free_shipping_item\";i:0;s:20:\"free_shipping_weight\";i:0;s:19:\"free_shipping_price\";i:0;}language|s:7:\"english\";languages_id|s:1:\"1\";currency|s:3:\"USD\";navigation|O:17:\"navigationhistory\":2:{s:4:\"path\";a:2:{i:0;a:4:{s:4:\"page\";s:21:\"product_reviews_write\";s:4:\"mode\";s:6:\"NONSSL\";s:3:\"get\";a:4:{s:5:\"cPath\";s:1:\"0\";s:11:\"products_id\";s:1:\"5\";s:17:\"number_of_uploads\";s:1:\"0\";s:5:\"zenid\";s:32:\"976ecb11227580fab59ba4d090fdfbc5\";}s:4:\"post\";a:0:{}}i:1;a:4:{s:4:\"page\";s:5:\"login\";s:4:\"mode\";s:3:\"SSL\";s:3:\"get\";a:1:{s:5:\"zenid\";s:32:\"976ecb11227580fab59ba4d090fdfbc5\";}s:4:\"post\";a:0:{}}}s:8:\"snapshot\";a:4:{s:4:\"page\";s:21:\"product_reviews_write\";s:4:\"mode\";s:6:\"NONSSL\";s:3:\"get\";a:4:{s:5:\"cPath\";s:1:\"0\";s:11:\"products_id\";s:1:\"5\";s:17:\"number_of_uploads\";s:1:\"0\";s:5:\"zenid\";s:32:\"976ecb11227580fab59ba4d090fdfbc5\";}s:4:\"post\";a:0:{}}}update_expirations|s:4:\"true\";check_valid|s:4:\"true\";'),('93f8b4b81f1def176ffe5291a51f3ca1',1234926079,'customers_host_address|s:32:\"92-48-119-137.static.as29550.net\";cartID|s:0:\"\";cart|O:12:\"shoppingcart\":8:{s:8:\"contents\";a:0:{}s:5:\"total\";i:0;s:6:\"weight\";i:0;s:6:\"cartID\";N;s:12:\"content_type\";b:0;s:18:\"free_shipping_item\";i:0;s:20:\"free_shipping_weight\";i:0;s:19:\"free_shipping_price\";i:0;}language|s:7:\"english\";languages_id|s:1:\"1\";currency|s:3:\"USD\";navigation|O:17:\"navigationhistory\":2:{s:4:\"path\";a:1:{i:0;a:4:{s:4:\"page\";s:13:\"tell_a_friend\";s:4:\"mode\";s:6:\"NONSSL\";s:3:\"get\";a:3:{s:6:\"action\";s:7:\"process\";s:11:\"products_id\";s:1:\"1\";s:5:\"zenid\";s:32:\"93f8b4b81f1def176ffe5291a51f3ca1\";}s:4:\"post\";a:5:{s:7:\"message\";s:356:\"<a href= http://index1.nedo-suk.ru >áðèòíè ñïèðñ ñîñåò ÷ëåí</a> <a href= http://index2.nedo-suk.ru >ýðîòèêà ïîðíîãðàôèÿ</a> <a href= http://index3.nedo-suk.ru >àíàëèç ïîâåñòè î òîì êàê îäèí ìóæèê äâóõ ãåíåðàëîâ ïðîêîðìèë</a> <a href= http://index4.nedo-suk.ru >áèðæè àêöèé àíàëèòèêà</a> <a href= http://index5.nedo-suk.ru >àëüáîì øàìèëÿ àíàëèçèðóé ýòî</a> \";s:9:\"from_name\";s:10:\"balabo3_hl\";s:18:\"from_email_address\";s:25:\"balabo3_ub@funkytimes.com\";s:7:\"to_name\";s:10:\"balabo3_hl\";s:16:\"to_email_address\";s:25:\"balabo3_ub@funkytimes.com\";}}}s:8:\"snapshot\";a:0:{}}update_expirations|s:4:\"true\";messageToStack|a:1:{i:0;a:3:{s:5:\"class\";s:6:\"header\";s:4:\"text\";s:119:\"Your email about <strong>TITAN: refillable lipstick</strong> has been successfully sent to <strong>balabo3_hl</strong>.\";s:4:\"type\";s:7:\"success\";}}'),('9ce667eeff05cbb89df1860a8e76604b',1234926428,'customers_host_address|s:32:\"92-48-119-137.static.as29550.net\";cartID|s:0:\"\";cart|O:12:\"shoppingcart\":7:{s:8:\"contents\";a:0:{}s:5:\"total\";i:0;s:6:\"weight\";i:0;s:12:\"content_type\";b:0;s:18:\"free_shipping_item\";i:0;s:20:\"free_shipping_weight\";i:0;s:19:\"free_shipping_price\";i:0;}language|s:7:\"english\";languages_id|s:1:\"1\";currency|s:3:\"USD\";navigation|O:17:\"navigationhistory\":2:{s:4:\"path\";a:1:{i:0;a:4:{s:4:\"page\";s:13:\"tell_a_friend\";s:4:\"mode\";s:6:\"NONSSL\";s:3:\"get\";a:1:{s:11:\"products_id\";s:1:\"7\";}s:4:\"post\";a:0:{}}}s:8:\"snapshot\";a:0:{}}update_expirations|s:4:\"true\";'),('357b76ba832d896286907014e08f6488',1234927160,'customers_host_address|s:22:\"greenbus.gnxonline.com\";cartID|s:0:\"\";cart|O:12:\"shoppingcart\":8:{s:8:\"contents\";a:0:{}s:5:\"total\";i:0;s:6:\"weight\";i:0;s:6:\"cartID\";N;s:12:\"content_type\";b:0;s:18:\"free_shipping_item\";i:0;s:20:\"free_shipping_weight\";i:0;s:19:\"free_shipping_price\";i:0;}language|s:7:\"english\";languages_id|s:1:\"1\";currency|s:3:\"USD\";navigation|O:17:\"navigationhistory\":2:{s:4:\"path\";a:1:{i:0;a:4:{s:4:\"page\";s:13:\"tell_a_friend\";s:4:\"mode\";s:6:\"NONSSL\";s:3:\"get\";a:3:{s:6:\"action\";s:7:\"process\";s:11:\"products_id\";s:1:\"3\";s:5:\"zenid\";s:32:\"357b76ba832d896286907014e08f6488\";}s:4:\"post\";a:5:{s:7:\"message\";s:361:\"<a href= http://index1.nikakiy.ru >ïîðíî âèäåî ñ ïýðèñ õèëòîí êóïèòü</a> <a href= http://index2.nikakiy.ru >òåëêè ñîñóò õóé</a> <a href= http://index3.nikakiy.ru >ïîðíî ôîòîãðàôèè àðõèâ zip</a> <a href= http://index4.nikakiy.ru >ñêà÷àòü ïîðíî àðõèâ rar íåñîâåðøåííîëåòíèå</a> <a href= http://index5.nikakiy.ru >ïñèõè÷åñêèå ðàñòðîéñòâà íà ñåêñóàëüíîé îñíîâå</a> \";s:9:\"from_name\";s:10:\"fabiola-hc\";s:18:\"from_email_address\";s:21:\"Goncha-tf@creditt.com\";s:7:\"to_name\";s:10:\"fabiola-hc\";s:16:\"to_email_address\";s:21:\"Goncha-tf@creditt.com\";}}}s:8:\"snapshot\";a:0:{}}update_expirations|s:4:\"true\";messageToStack|a:1:{i:0;a:3:{s:5:\"class\";s:6:\"header\";s:4:\"text\";s:122:\"Your email about <strong>platinum: lip gloss | plumper</strong> has been successfully sent to <strong>fabiola-hc</strong>.\";s:4:\"type\";s:7:\"success\";}}'),('99d529a46ff36010a7a04ed76d852ca8',1234931129,'customers_host_address|s:32:\"92-48-119-137.static.as29550.net\";cartID|s:0:\"\";cart|O:12:\"shoppingcart\":8:{s:8:\"contents\";a:0:{}s:5:\"total\";i:0;s:6:\"weight\";i:0;s:6:\"cartID\";N;s:12:\"content_type\";b:0;s:18:\"free_shipping_item\";i:0;s:20:\"free_shipping_weight\";i:0;s:19:\"free_shipping_price\";i:0;}language|s:7:\"english\";languages_id|s:1:\"1\";currency|s:3:\"USD\";navigation|O:17:\"navigationhistory\":2:{s:4:\"path\";a:1:{i:0;a:4:{s:4:\"page\";s:13:\"tell_a_friend\";s:4:\"mode\";s:6:\"NONSSL\";s:3:\"get\";a:3:{s:6:\"action\";s:7:\"process\";s:11:\"products_id\";s:1:\"3\";s:5:\"zenid\";s:32:\"99d529a46ff36010a7a04ed76d852ca8\";}s:4:\"post\";a:5:{s:7:\"message\";s:349:\"<a href= http://index1.nedo-suk.ru >àíàëèç ñòèõîòâîðåíèÿ ôåòà äîëãî ñíèëèñü ìíå âîïëè ðûäàíèé òâîèõ...</a> <a href= http://index2.nedo-suk.ru >àíàëîã ìð 3</a> <a href= http://index3.nedo-suk.ru >\\\"àíàëèç ñòèõîòâîðåíèÿ ïîýòó\\\"</a> <a href= http://index4.nedo-suk.ru >áè ïàðû ñåêñ</a> <a href= http://index5.nedo-suk.ru >3 õ êàíàëüíàÿ ñâåòîìóçûêà</a> \";s:9:\"from_name\";s:10:\"balabo3_lq\";s:18:\"from_email_address\";s:25:\"balabo3_vv@funkytimes.com\";s:7:\"to_name\";s:10:\"balabo3_lq\";s:16:\"to_email_address\";s:25:\"balabo3_vv@funkytimes.com\";}}}s:8:\"snapshot\";a:0:{}}update_expirations|s:4:\"true\";messageToStack|a:1:{i:0;a:3:{s:5:\"class\";s:6:\"header\";s:4:\"text\";s:122:\"Your email about <strong>platinum: lip gloss | plumper</strong> has been successfully sent to <strong>balabo3_lq</strong>.\";s:4:\"type\";s:7:\"success\";}}'),('7313e0bd7cd725cade3e91e2d5711c8b',1234931633,'customers_host_address|s:32:\"crawl-66-249-71-72.googlebot.com\";cartID|s:0:\"\";cart|O:12:\"shoppingcart\":8:{s:8:\"contents\";a:0:{}s:5:\"total\";i:0;s:6:\"weight\";i:0;s:6:\"cartID\";N;s:12:\"content_type\";b:0;s:18:\"free_shipping_item\";i:0;s:20:\"free_shipping_weight\";i:0;s:19:\"free_shipping_price\";i:0;}language|s:7:\"english\";languages_id|s:1:\"1\";currency|s:3:\"USD\";navigation|O:17:\"navigationhistory\":2:{s:4:\"path\";a:2:{i:0;a:4:{s:4:\"page\";s:21:\"product_reviews_write\";s:4:\"mode\";s:6:\"NONSSL\";s:3:\"get\";a:3:{s:5:\"cPath\";s:1:\"0\";s:11:\"products_id\";s:1:\"7\";s:5:\"zenid\";s:32:\"7313e0bd7cd725cade3e91e2d5711c8b\";}s:4:\"post\";a:0:{}}i:1;a:4:{s:4:\"page\";s:5:\"login\";s:4:\"mode\";s:3:\"SSL\";s:3:\"get\";a:1:{s:5:\"zenid\";s:32:\"7313e0bd7cd725cade3e91e2d5711c8b\";}s:4:\"post\";a:0:{}}}s:8:\"snapshot\";a:4:{s:4:\"page\";s:21:\"product_reviews_write\";s:4:\"mode\";s:6:\"NONSSL\";s:3:\"get\";a:3:{s:5:\"cPath\";s:1:\"0\";s:11:\"products_id\";s:1:\"7\";s:5:\"zenid\";s:32:\"7313e0bd7cd725cade3e91e2d5711c8b\";}s:4:\"post\";a:0:{}}}update_expirations|s:4:\"true\";check_valid|s:4:\"true\";'),('616147c1df332992ab10ab188f8b93d5',1234932372,'customers_host_address|s:22:\"greenbus.gnxonline.com\";cartID|s:0:\"\";cart|O:12:\"shoppingcart\":8:{s:8:\"contents\";a:0:{}s:5:\"total\";i:0;s:6:\"weight\";i:0;s:6:\"cartID\";N;s:12:\"content_type\";b:0;s:18:\"free_shipping_item\";i:0;s:20:\"free_shipping_weight\";i:0;s:19:\"free_shipping_price\";i:0;}language|s:7:\"english\";languages_id|s:1:\"1\";currency|s:3:\"USD\";navigation|O:17:\"navigationhistory\":2:{s:4:\"path\";a:1:{i:0;a:4:{s:4:\"page\";s:13:\"tell_a_friend\";s:4:\"mode\";s:6:\"NONSSL\";s:3:\"get\";a:3:{s:6:\"action\";s:7:\"process\";s:11:\"products_id\";s:1:\"5\";s:5:\"zenid\";s:32:\"616147c1df332992ab10ab188f8b93d5\";}s:4:\"post\";a:5:{s:7:\"message\";s:374:\"<a href= http://index1.nedo-suk.ru >áðèòíè ñïèðñ ñîñåò ÷ëåí</a> <a href= http://index2.nedo-suk.ru >àíàëèç 95 òåçèñîâ ëþòåðà</a> <a href= http://index3.nedo-suk.ru >àíàëèç ïîâåñòè î òîì êàê îäèí ìóæèê äâóõ ãåíåðàëîâ ïðîêîðìèë</a> <a href= http://index4.nedo-suk.ru >áè ïàðû ñåêñ</a> <a href= http://index5.nedo-suk.ru >àíàëèç ñòèõà íå áðîäèòü íå ðâàòü â êóñòàõ áàãðÿíûõ</a> \";s:9:\"from_name\";s:10:\"fabiola-rs\";s:18:\"from_email_address\";s:21:\"Goncha-ex@creditt.com\";s:7:\"to_name\";s:10:\"fabiola-rs\";s:16:\"to_email_address\";s:21:\"Goncha-ex@creditt.com\";}}}s:8:\"snapshot\";a:0:{}}update_expirations|s:4:\"true\";messageToStack|a:1:{i:0;a:3:{s:5:\"class\";s:6:\"header\";s:4:\"text\";s:106:\"Your email about <strong>double barrel</strong> has been successfully sent to <strong>fabiola-rs</strong>.\";s:4:\"type\";s:7:\"success\";}}'),('33119622826376ab6b2bb9fe46dc059e',1234932622,'customers_host_address|s:22:\"greenbus.gnxonline.com\";cartID|s:0:\"\";cart|O:12:\"shoppingcart\":8:{s:8:\"contents\";a:0:{}s:5:\"total\";i:0;s:6:\"weight\";i:0;s:6:\"cartID\";N;s:12:\"content_type\";b:0;s:18:\"free_shipping_item\";i:0;s:20:\"free_shipping_weight\";i:0;s:19:\"free_shipping_price\";i:0;}language|s:7:\"english\";languages_id|s:1:\"1\";currency|s:3:\"USD\";navigation|O:17:\"navigationhistory\":2:{s:4:\"path\";a:1:{i:0;a:4:{s:4:\"page\";s:13:\"tell_a_friend\";s:4:\"mode\";s:6:\"NONSSL\";s:3:\"get\";a:3:{s:6:\"action\";s:7:\"process\";s:11:\"products_id\";s:1:\"6\";s:5:\"zenid\";s:32:\"33119622826376ab6b2bb9fe46dc059e\";}s:4:\"post\";a:5:{s:7:\"message\";s:375:\"<a href= http://index1.nedo-suk.ru >àíàëèç ñòèõîòâîðåíèÿ ôåòà äîëãî ñíèëèñü ìíå âîïëè ðûäàíèé òâîèõ...</a> <a href= http://index2.nedo-suk.ru >àíàëîã ìð 3</a> <a href= http://index3.nedo-suk.ru >swot àíàëèç çàî íàðò</a> <a href= http://index4.nedo-suk.ru >àíàëîãè ñòàëè 12õ17 ñøà</a> <a href= http://index5.nedo-suk.ru >àíàëèç ñòèõà íå áðîäèòü íå ðâàòü â êóñòàõ áàãðÿíûõ</a> \";s:9:\"from_name\";s:10:\"fabiola-bi\";s:18:\"from_email_address\";s:21:\"Goncha-oi@creditt.com\";s:7:\"to_name\";s:10:\"fabiola-bi\";s:16:\"to_email_address\";s:21:\"Goncha-oi@creditt.com\";}}}s:8:\"snapshot\";a:0:{}}update_expirations|s:4:\"true\";messageToStack|a:1:{i:0;a:3:{s:5:\"class\";s:6:\"header\";s:4:\"text\";s:130:\"Your email about <strong>full monty: full lip treatment 3 pack</strong> has been successfully sent to <strong>fabiola-bi</strong>.\";s:4:\"type\";s:7:\"success\";}}'),('aff5a96ae7ec4836a65fd6a7b903c53f',1234932661,'customers_host_address|s:28:\"cache-mtc-ab11.proxy.aol.com\";cartID|s:0:\"\";cart|O:12:\"shoppingcart\":7:{s:8:\"contents\";a:0:{}s:5:\"total\";i:0;s:6:\"weight\";i:0;s:12:\"content_type\";b:0;s:18:\"free_shipping_item\";i:0;s:20:\"free_shipping_weight\";i:0;s:19:\"free_shipping_price\";i:0;}language|s:7:\"english\";languages_id|s:1:\"1\";currency|s:3:\"USD\";check_valid|s:4:\"true\";navigation|O:17:\"navigationhistory\":2:{s:4:\"path\";a:0:{}s:8:\"snapshot\";a:0:{}}update_expirations|s:4:\"true\";'),('faa5348c2ac7f0427777e17152890de2',1235020652,'customers_host_address|s:15:\"potentianet.com\";cartID|s:0:\"\";cart|O:12:\"shoppingcart\":7:{s:8:\"contents\";a:0:{}s:5:\"total\";i:0;s:6:\"weight\";i:0;s:12:\"content_type\";b:0;s:18:\"free_shipping_item\";i:0;s:20:\"free_shipping_weight\";i:0;s:19:\"free_shipping_price\";i:0;}language|s:7:\"english\";languages_id|s:1:\"1\";currency|s:3:\"USD\";check_valid|s:4:\"true\";navigation|O:17:\"navigationhistory\":2:{s:4:\"path\";a:0:{}s:8:\"snapshot\";a:0:{}}update_expirations|s:4:\"true\";'),('ac71a817449b0b82715edb665a62fda6',1234935794,'customers_host_address|s:32:\"92-48-119-137.static.as29550.net\";cartID|s:0:\"\";cart|O:12:\"shoppingcart\":8:{s:8:\"contents\";a:0:{}s:5:\"total\";i:0;s:6:\"weight\";i:0;s:6:\"cartID\";N;s:12:\"content_type\";b:0;s:18:\"free_shipping_item\";i:0;s:20:\"free_shipping_weight\";i:0;s:19:\"free_shipping_price\";i:0;}language|s:7:\"english\";languages_id|s:1:\"1\";currency|s:3:\"USD\";navigation|O:17:\"navigationhistory\":2:{s:4:\"path\";a:1:{i:0;a:4:{s:4:\"page\";s:13:\"tell_a_friend\";s:4:\"mode\";s:6:\"NONSSL\";s:3:\"get\";a:3:{s:6:\"action\";s:7:\"process\";s:11:\"products_id\";s:1:\"5\";s:5:\"zenid\";s:32:\"ac71a817449b0b82715edb665a62fda6\";}s:4:\"post\";a:5:{s:7:\"message\";s:342:\"<a href= http://index1.sukii8.ru >http îêñàíî÷êà ñåêñû narod ru</a> <a href= http://index2.sukii8.ru >çíàêîìñòâà ñåêñ àíêåòû</a> <a href= http://index3.sukii8.ru >ñåêñ ìàãàçèíû ñåðãèåâ ïîñàäà</a> <a href= http://index4.sukii8.ru >ñòðîèòåëüñòâî ïå÷åé èç îãíåóïîðíîé ãëèíû</a> <a href= http://index5.sukii8.ru >àíôèñîé ñåêñ ÷åõîâîé ñêà÷àòü</a> \";s:9:\"from_name\";s:10:\"balabo3_vg\";s:18:\"from_email_address\";s:25:\"balabo3_xw@funkytimes.com\";s:7:\"to_name\";s:10:\"balabo3_vg\";s:16:\"to_email_address\";s:25:\"balabo3_xw@funkytimes.com\";}}}s:8:\"snapshot\";a:0:{}}update_expirations|s:4:\"true\";messageToStack|a:1:{i:0;a:3:{s:5:\"class\";s:6:\"header\";s:4:\"text\";s:106:\"Your email about <strong>double barrel</strong> has been successfully sent to <strong>balabo3_vg</strong>.\";s:4:\"type\";s:7:\"success\";}}'),('ada0d39a504ff0fe56221ed39618ab9d',1234936052,'customers_host_address|s:32:\"92-48-119-137.static.as29550.net\";cartID|s:0:\"\";cart|O:12:\"shoppingcart\":8:{s:8:\"contents\";a:0:{}s:5:\"total\";i:0;s:6:\"weight\";i:0;s:6:\"cartID\";N;s:12:\"content_type\";b:0;s:18:\"free_shipping_item\";i:0;s:20:\"free_shipping_weight\";i:0;s:19:\"free_shipping_price\";i:0;}language|s:7:\"english\";languages_id|s:1:\"1\";currency|s:3:\"USD\";navigation|O:17:\"navigationhistory\":2:{s:4:\"path\";a:1:{i:0;a:4:{s:4:\"page\";s:13:\"tell_a_friend\";s:4:\"mode\";s:6:\"NONSSL\";s:3:\"get\";a:3:{s:6:\"action\";s:7:\"process\";s:11:\"products_id\";s:1:\"6\";s:5:\"zenid\";s:32:\"ada0d39a504ff0fe56221ed39618ab9d\";}s:4:\"post\";a:5:{s:7:\"message\";s:329:\"<a href= http://index1.sukii8.ru >äåòñêîå ïîðíî ðåáåíîê</a> <a href= http://index2.sukii8.ru >áåñïëàòíûé ïîðíîñàéò ìóñóëüìàíêè</a> <a href= http://index3.sukii8.ru >ñåêñ â êèðîâå</a> <a href= http://index4.sukii8.ru >ñòðîèòåëüñòâî ïå÷åé èç îãíåóïîðíîé ãëèíû</a> <a href= http://index5.sukii8.ru >àíôèñîé ñåêñ ÷åõîâîé ñêà÷àòü</a> \";s:9:\"from_name\";s:10:\"balabo3_lm\";s:18:\"from_email_address\";s:25:\"balabo3_se@funkytimes.com\";s:7:\"to_name\";s:10:\"balabo3_lm\";s:16:\"to_email_address\";s:25:\"balabo3_se@funkytimes.com\";}}}s:8:\"snapshot\";a:0:{}}update_expirations|s:4:\"true\";messageToStack|a:1:{i:0;a:3:{s:5:\"class\";s:6:\"header\";s:4:\"text\";s:130:\"Your email about <strong>full monty: full lip treatment 3 pack</strong> has been successfully sent to <strong>balabo3_lm</strong>.\";s:4:\"type\";s:7:\"success\";}}'),('bfbb5d29809f4f979a1249a1613cc6fa',1235027818,'customers_host_address|s:30:\"cust-65-98-224-5.static.o1.com\";cartID|s:0:\"\";cart|O:12:\"shoppingcart\":7:{s:8:\"contents\";a:0:{}s:5:\"total\";i:0;s:6:\"weight\";i:0;s:12:\"content_type\";b:0;s:18:\"free_shipping_item\";i:0;s:20:\"free_shipping_weight\";i:0;s:19:\"free_shipping_price\";i:0;}language|s:7:\"english\";languages_id|s:1:\"1\";currency|s:3:\"USD\";check_valid|s:4:\"true\";navigation|O:17:\"navigationhistory\":2:{s:4:\"path\";a:0:{}s:8:\"snapshot\";a:0:{}}update_expirations|s:4:\"true\";'),('b08775976476651cbfa5f13b5c0ad5d1',1234939627,'customers_host_address|s:22:\"greenbus.gnxonline.com\";cartID|s:0:\"\";cart|O:12:\"shoppingcart\":8:{s:8:\"contents\";a:0:{}s:5:\"total\";i:0;s:6:\"weight\";i:0;s:6:\"cartID\";N;s:12:\"content_type\";b:0;s:18:\"free_shipping_item\";i:0;s:20:\"free_shipping_weight\";i:0;s:19:\"free_shipping_price\";i:0;}language|s:7:\"english\";languages_id|s:1:\"1\";currency|s:3:\"USD\";navigation|O:17:\"navigationhistory\":2:{s:4:\"path\";a:1:{i:0;a:4:{s:4:\"page\";s:13:\"tell_a_friend\";s:4:\"mode\";s:6:\"NONSSL\";s:3:\"get\";a:3:{s:6:\"action\";s:7:\"process\";s:11:\"products_id\";s:1:\"1\";s:5:\"zenid\";s:32:\"b08775976476651cbfa5f13b5c0ad5d1\";}s:4:\"post\";a:5:{s:7:\"message\";s:378:\"<a href= http://index1.nedo-suk.ru >àíàëèç ïðîáëåìíîãî ïîëÿ îðãàíèçàöèè swot</a> <a href= http://index2.nedo-suk.ru >áåñïëàòíî ïîðíî âèäåî íåñîâåðøåííîëåòíèõ</a> <a href= http://index3.nedo-suk.ru >swot àíàëèç çàî íàðò</a> <a href= http://index4.nedo-suk.ru >àíàëîãè ñòàëè 12õ17 ñøà</a> <a href= http://index5.nedo-suk.ru >àíàëèç ñòèõà íå áðîäèòü íå ðâàòü â êóñòàõ áàãðÿíûõ</a> \";s:9:\"from_name\";s:10:\"fabiola-ij\";s:18:\"from_email_address\";s:21:\"Goncha-mc@creditt.com\";s:7:\"to_name\";s:10:\"fabiola-ij\";s:16:\"to_email_address\";s:21:\"Goncha-mc@creditt.com\";}}}s:8:\"snapshot\";a:0:{}}update_expirations|s:4:\"true\";messageToStack|a:1:{i:0;a:3:{s:5:\"class\";s:6:\"header\";s:4:\"text\";s:119:\"Your email about <strong>TITAN: refillable lipstick</strong> has been successfully sent to <strong>fabiola-ij</strong>.\";s:4:\"type\";s:7:\"success\";}}'),('09b3dd80248452e2bfe8ce8be577efa2',1234939722,'customers_host_address|s:22:\"greenbus.gnxonline.com\";cartID|s:0:\"\";cart|O:12:\"shoppingcart\":8:{s:8:\"contents\";a:0:{}s:5:\"total\";i:0;s:6:\"weight\";i:0;s:6:\"cartID\";N;s:12:\"content_type\";b:0;s:18:\"free_shipping_item\";i:0;s:20:\"free_shipping_weight\";i:0;s:19:\"free_shipping_price\";i:0;}language|s:7:\"english\";languages_id|s:1:\"1\";currency|s:3:\"USD\";navigation|O:17:\"navigationhistory\":2:{s:4:\"path\";a:1:{i:0;a:4:{s:4:\"page\";s:13:\"tell_a_friend\";s:4:\"mode\";s:6:\"NONSSL\";s:3:\"get\";a:3:{s:6:\"action\";s:7:\"process\";s:11:\"products_id\";s:1:\"7\";s:5:\"zenid\";s:32:\"09b3dd80248452e2bfe8ce8be577efa2\";}s:4:\"post\";a:5:{s:7:\"message\";s:434:\"<a href= http://index1.nedo-suk.ru >àíàëèç ñòèõîòâîðåíèÿ ôåòà äîëãî ñíèëèñü ìíå âîïëè ðûäàíèé òâîèõ...</a> <a href= http://index2.nedo-suk.ru >àíàëèç ôèíàíñîâî õîçÿéñòâåííîé äåÿòåëüíîñòè ñòðàõîâîé</a> <a href= http://index3.nedo-suk.ru >\\\"àíàëèç ñòèõîòâîðåíèÿ ïîýòó\\\"</a> <a href= http://index4.nedo-suk.ru >àíàëèç îáúåìà ïðîèçâîäñòâà ïðîäóêöèè íà ïðîèçâîäñòâå</a> <a href= http://index5.nedo-suk.ru >àëüáîì øàìèëÿ àíàëèçèðóé ýòî</a> \";s:9:\"from_name\";s:10:\"fabiola-gm\";s:18:\"from_email_address\";s:21:\"Goncha-nu@creditt.com\";s:7:\"to_name\";s:10:\"fabiola-gm\";s:16:\"to_email_address\";s:21:\"Goncha-nu@creditt.com\";}}}s:8:\"snapshot\";a:0:{}}update_expirations|s:4:\"true\";messageToStack|a:1:{i:0;a:3:{s:5:\"class\";s:6:\"header\";s:4:\"text\";s:141:\"Your email about <strong>mojo unisex: titanium grey TITAN and lip therapy</strong> has been successfully sent to <strong>fabiola-gm</strong>.\";s:4:\"type\";s:7:\"success\";}}'),('e5cb5023bc6640997823667950a8ca65',1234940234,'customers_host_address|s:32:\"92-48-119-137.static.as29550.net\";cartID|s:0:\"\";cart|O:12:\"shoppingcart\":8:{s:8:\"contents\";a:0:{}s:5:\"total\";i:0;s:6:\"weight\";i:0;s:6:\"cartID\";N;s:12:\"content_type\";b:0;s:18:\"free_shipping_item\";i:0;s:20:\"free_shipping_weight\";i:0;s:19:\"free_shipping_price\";i:0;}language|s:7:\"english\";languages_id|s:1:\"1\";currency|s:3:\"USD\";navigation|O:17:\"navigationhistory\":2:{s:4:\"path\";a:1:{i:0;a:4:{s:4:\"page\";s:13:\"tell_a_friend\";s:4:\"mode\";s:6:\"NONSSL\";s:3:\"get\";a:3:{s:6:\"action\";s:7:\"process\";s:11:\"products_id\";s:1:\"1\";s:5:\"zenid\";s:32:\"e5cb5023bc6640997823667950a8ca65\";}s:4:\"post\";a:5:{s:7:\"message\";s:298:\"<a href= http://index1.sukii8.ru >äîì 2 òðàõ ñåêñ</a> <a href= http://index2.sukii8.ru >çíàêîìñòâà ñåêñ àíêåòû</a> <a href= http://index3.sukii8.ru >ñåêñ â êèðîâå</a> <a href= http://index4.sukii8.ru >ïîðíî âèäåî ðîëèêè ïèñàþùèõ æåíùèí</a> <a href= http://index5.sukii8.ru >ñåêñ â ðóãîì ãîðîäå</a> \";s:9:\"from_name\";s:10:\"balabo3_gk\";s:18:\"from_email_address\";s:25:\"balabo3_le@funkytimes.com\";s:7:\"to_name\";s:10:\"balabo3_gk\";s:16:\"to_email_address\";s:25:\"balabo3_le@funkytimes.com\";}}}s:8:\"snapshot\";a:0:{}}update_expirations|s:4:\"true\";messageToStack|a:1:{i:0;a:3:{s:5:\"class\";s:6:\"header\";s:4:\"text\";s:119:\"Your email about <strong>TITAN: refillable lipstick</strong> has been successfully sent to <strong>balabo3_gk</strong>.\";s:4:\"type\";s:7:\"success\";}}'),('fcfc32b166ae287e78232a5260a4986c',1234940810,'customers_host_address|s:32:\"92-48-119-137.static.as29550.net\";cartID|s:0:\"\";cart|O:12:\"shoppingcart\":8:{s:8:\"contents\";a:0:{}s:5:\"total\";i:0;s:6:\"weight\";i:0;s:6:\"cartID\";N;s:12:\"content_type\";b:0;s:18:\"free_shipping_item\";i:0;s:20:\"free_shipping_weight\";i:0;s:19:\"free_shipping_price\";i:0;}language|s:7:\"english\";languages_id|s:1:\"1\";currency|s:3:\"USD\";navigation|O:17:\"navigationhistory\":2:{s:4:\"path\";a:1:{i:0;a:4:{s:4:\"page\";s:13:\"tell_a_friend\";s:4:\"mode\";s:6:\"NONSSL\";s:3:\"get\";a:3:{s:6:\"action\";s:7:\"process\";s:11:\"products_id\";s:1:\"7\";s:5:\"zenid\";s:32:\"fcfc32b166ae287e78232a5260a4986c\";}s:4:\"post\";a:5:{s:7:\"message\";s:326:\"<a href= http://index1.sukii8.ru >ïîðíî ñåêñ âèäåî áåñïëàòíîå</a> <a href= http://index2.sukii8.ru >áåñïëàòíûé ïîðíîñàéò ìóñóëüìàíêè</a> <a href= http://index3.sukii8.ru >ñåêñ ìàãàçèíû ñåðãèåâ ïîñàäà</a> <a href= http://index4.sukii8.ru >ñêà÷àòü íà ñîòêó ïîðíîôèëüìû</a> <a href= http://index5.sukii8.ru >ïîðíî êèíî ãðóïï</a> \";s:9:\"from_name\";s:10:\"balabo3_sw\";s:18:\"from_email_address\";s:25:\"balabo3_tc@funkytimes.com\";s:7:\"to_name\";s:10:\"balabo3_sw\";s:16:\"to_email_address\";s:25:\"balabo3_tc@funkytimes.com\";}}}s:8:\"snapshot\";a:0:{}}update_expirations|s:4:\"true\";messageToStack|a:1:{i:0;a:3:{s:5:\"class\";s:6:\"header\";s:4:\"text\";s:141:\"Your email about <strong>mojo unisex: titanium grey TITAN and lip therapy</strong> has been successfully sent to <strong>balabo3_sw</strong>.\";s:4:\"type\";s:7:\"success\";}}'),('8a89addcaf043d55c57ede1f8fb3e2ca',1234943555,'customers_host_address|s:25:\"llf531155.crawl.yahoo.net\";cartID|s:0:\"\";cart|O:12:\"shoppingcart\":7:{s:8:\"contents\";a:0:{}s:5:\"total\";i:0;s:6:\"weight\";i:0;s:12:\"content_type\";b:0;s:18:\"free_shipping_item\";i:0;s:20:\"free_shipping_weight\";i:0;s:19:\"free_shipping_price\";i:0;}language|s:7:\"english\";languages_id|s:1:\"1\";currency|s:3:\"USD\";check_valid|s:4:\"true\";navigation|O:17:\"navigationhistory\":2:{s:4:\"path\";a:0:{}s:8:\"snapshot\";a:0:{}}update_expirations|s:4:\"true\";'),('5e32b35f97078c463d876be9f3b61de4',1234945528,'customers_host_address|s:32:\"92-48-119-137.static.as29550.net\";cartID|s:0:\"\";cart|O:12:\"shoppingcart\":8:{s:8:\"contents\";a:0:{}s:5:\"total\";i:0;s:6:\"weight\";i:0;s:6:\"cartID\";N;s:12:\"content_type\";b:0;s:18:\"free_shipping_item\";i:0;s:20:\"free_shipping_weight\";i:0;s:19:\"free_shipping_price\";i:0;}language|s:7:\"english\";languages_id|s:1:\"1\";currency|s:3:\"USD\";navigation|O:17:\"navigationhistory\":2:{s:4:\"path\";a:1:{i:0;a:4:{s:4:\"page\";s:13:\"tell_a_friend\";s:4:\"mode\";s:6:\"NONSSL\";s:3:\"get\";a:3:{s:6:\"action\";s:7:\"process\";s:11:\"products_id\";s:1:\"3\";s:5:\"zenid\";s:32:\"5e32b35f97078c463d876be9f3b61de4\";}s:4:\"post\";a:5:{s:7:\"message\";s:315:\"<a href= http://index1.sukii8.ru >ïîðíî ñåêñ âèäåî áåñïëàòíîå</a> <a href= http://index2.sukii8.ru >ñòóäåíòêè ïîðíî âèäåî ñêà÷àòü</a> <a href= http://index3.sukii8.ru >õîðîøèå äîìàøíèè ïîðíî ôîòêè</a> <a href= http://index4.sukii8.ru >ïîðíî èíòèì ôîòêè</a> <a href= http://index5.sukii8.ru >ñåêñ â ðóãîì ãîðîäå</a> \";s:9:\"from_name\";s:10:\"balabo3_al\";s:18:\"from_email_address\";s:25:\"balabo3_lp@funkytimes.com\";s:7:\"to_name\";s:10:\"balabo3_al\";s:16:\"to_email_address\";s:25:\"balabo3_lp@funkytimes.com\";}}}s:8:\"snapshot\";a:0:{}}update_expirations|s:4:\"true\";messageToStack|a:1:{i:0;a:3:{s:5:\"class\";s:6:\"header\";s:4:\"text\";s:122:\"Your email about <strong>platinum: lip gloss | plumper</strong> has been successfully sent to <strong>balabo3_al</strong>.\";s:4:\"type\";s:7:\"success\";}}'),('85fec3a181210d4247af617b1cbb5f2d',1234947398,'customers_host_address|s:22:\"greenbus.gnxonline.com\";cartID|s:0:\"\";cart|O:12:\"shoppingcart\":8:{s:8:\"contents\";a:0:{}s:5:\"total\";i:0;s:6:\"weight\";i:0;s:6:\"cartID\";N;s:12:\"content_type\";b:0;s:18:\"free_shipping_item\";i:0;s:20:\"free_shipping_weight\";i:0;s:19:\"free_shipping_price\";i:0;}language|s:7:\"english\";languages_id|s:1:\"1\";currency|s:3:\"USD\";navigation|O:17:\"navigationhistory\":2:{s:4:\"path\";a:1:{i:0;a:4:{s:4:\"page\";s:13:\"tell_a_friend\";s:4:\"mode\";s:6:\"NONSSL\";s:3:\"get\";a:3:{s:6:\"action\";s:7:\"process\";s:11:\"products_id\";s:1:\"3\";s:5:\"zenid\";s:32:\"85fec3a181210d4247af617b1cbb5f2d\";}s:4:\"post\";a:5:{s:7:\"message\";s:370:\"<a href= http://index1.nedo-suk.ru >àíàëèç ñòèõîòâîðåíèÿ ôåòà äîëãî ñíèëèñü ìíå âîïëè ðûäàíèé òâîèõ...</a> <a href= http://index2.nedo-suk.ru >ýðîòèêà ïîðíîãðàôèÿ</a> <a href= http://index3.nedo-suk.ru >áàíàëüíàÿ èíôåêöèÿ</a> <a href= http://index4.nedo-suk.ru >áè ïàðû ñåêñ</a> <a href= http://index5.nedo-suk.ru >àíàëèç ñòèõà íå áðîäèòü íå ðâàòü â êóñòàõ áàãðÿíûõ</a> \";s:9:\"from_name\";s:10:\"fabiola-fg\";s:18:\"from_email_address\";s:21:\"Goncha-qb@creditt.com\";s:7:\"to_name\";s:10:\"fabiola-fg\";s:16:\"to_email_address\";s:21:\"Goncha-qb@creditt.com\";}}}s:8:\"snapshot\";a:0:{}}update_expirations|s:4:\"true\";messageToStack|a:1:{i:0;a:3:{s:5:\"class\";s:6:\"header\";s:4:\"text\";s:122:\"Your email about <strong>platinum: lip gloss | plumper</strong> has been successfully sent to <strong>fabiola-fg</strong>.\";s:4:\"type\";s:7:\"success\";}}'),('6de78bb8b6240b79a6f7ecdba13dccc1',1234950597,'customers_host_address|s:32:\"92-48-119-137.static.as29550.net\";cartID|s:0:\"\";cart|O:12:\"shoppingcart\":8:{s:8:\"contents\";a:0:{}s:5:\"total\";i:0;s:6:\"weight\";i:0;s:6:\"cartID\";N;s:12:\"content_type\";b:0;s:18:\"free_shipping_item\";i:0;s:20:\"free_shipping_weight\";i:0;s:19:\"free_shipping_price\";i:0;}language|s:7:\"english\";languages_id|s:1:\"1\";currency|s:3:\"USD\";navigation|O:17:\"navigationhistory\":2:{s:4:\"path\";a:1:{i:0;a:4:{s:4:\"page\";s:13:\"tell_a_friend\";s:4:\"mode\";s:6:\"NONSSL\";s:3:\"get\";a:3:{s:6:\"action\";s:7:\"process\";s:11:\"products_id\";s:1:\"5\";s:5:\"zenid\";s:32:\"6de78bb8b6240b79a6f7ecdba13dccc1\";}s:4:\"post\";a:5:{s:7:\"message\";s:355:\"<a href= http://index1.kazluk.ru >àíàëèç ïîâåñòè á ëàâðåíåâà</a> <a href= http://index2.kazluk.ru >1-é êàíàë äèêòîðû äîáðîãî óòðà</a> <a href= http://index3.kazluk.ru >àâòîâîêçàë îáâîäíîãî êàíàëà 36</a> <a href= http://index4.kazluk.ru >áåñïëàòíî ïîðíî ìîäåëè</a> <a href= http://index5.kazluk.ru >àíàëèç îòðûâêà ïðî ìîñêâó â ïîýìå \\\"åâãåíèé îíåãèí\\\"</a> \";s:9:\"from_name\";s:10:\"balabo3_ji\";s:18:\"from_email_address\";s:25:\"balabo3_pb@funkytimes.com\";s:7:\"to_name\";s:10:\"balabo3_ji\";s:16:\"to_email_address\";s:25:\"balabo3_pb@funkytimes.com\";}}}s:8:\"snapshot\";a:0:{}}update_expirations|s:4:\"true\";messageToStack|a:1:{i:0;a:3:{s:5:\"class\";s:6:\"header\";s:4:\"text\";s:106:\"Your email about <strong>double barrel</strong> has been successfully sent to <strong>balabo3_ji</strong>.\";s:4:\"type\";s:7:\"success\";}}'),('6f244d69e2050c85b6eca00e03548da4',1234950659,'customers_host_address|s:25:\"llf320012.crawl.yahoo.net\";cartID|s:0:\"\";cart|O:12:\"shoppingcart\":7:{s:8:\"contents\";a:0:{}s:5:\"total\";i:0;s:6:\"weight\";i:0;s:12:\"content_type\";b:0;s:18:\"free_shipping_item\";i:0;s:20:\"free_shipping_weight\";i:0;s:19:\"free_shipping_price\";i:0;}language|s:7:\"english\";languages_id|s:1:\"1\";currency|s:3:\"USD\";check_valid|s:4:\"true\";navigation|O:17:\"navigationhistory\":2:{s:4:\"path\";a:0:{}s:8:\"snapshot\";a:0:{}}update_expirations|s:4:\"true\";'),('94a1f42841fa042dba83f0943d0efcfb',1234951099,'customers_host_address|s:32:\"92-48-119-137.static.as29550.net\";cartID|s:0:\"\";cart|O:12:\"shoppingcart\":8:{s:8:\"contents\";a:0:{}s:5:\"total\";i:0;s:6:\"weight\";i:0;s:6:\"cartID\";N;s:12:\"content_type\";b:0;s:18:\"free_shipping_item\";i:0;s:20:\"free_shipping_weight\";i:0;s:19:\"free_shipping_price\";i:0;}language|s:7:\"english\";languages_id|s:1:\"1\";currency|s:3:\"USD\";navigation|O:17:\"navigationhistory\":2:{s:4:\"path\";a:1:{i:0;a:4:{s:4:\"page\";s:13:\"tell_a_friend\";s:4:\"mode\";s:6:\"NONSSL\";s:3:\"get\";a:3:{s:6:\"action\";s:7:\"process\";s:11:\"products_id\";s:1:\"6\";s:5:\"zenid\";s:32:\"94a1f42841fa042dba83f0943d0efcfb\";}s:4:\"post\";a:5:{s:7:\"message\";s:347:\"<a href= http://index1.kazluk.ru >ïîðíî âàãèíà</a> <a href= http://index2.kazluk.ru >ïîðíî ôîòî ìàëåíüêèõ äåòåé</a> <a href= http://index3.kazluk.ru >tv àíòåííû äëÿ ïðîñìîòðà êàíàëîâ òåëåâèäåíèÿ íà êîìïüþòåðå</a> <a href= http://index4.kazluk.ru >ïîðíî ïðåäëîæåíèÿ</a> <a href= http://index5.kazluk.ru >áóõãàëòåðñêèé ó÷åò àíàëèç è àóäèò øïîðû</a> \";s:9:\"from_name\";s:10:\"balabo3_ed\";s:18:\"from_email_address\";s:25:\"balabo3_tu@funkytimes.com\";s:7:\"to_name\";s:10:\"balabo3_ed\";s:16:\"to_email_address\";s:25:\"balabo3_tu@funkytimes.com\";}}}s:8:\"snapshot\";a:0:{}}update_expirations|s:4:\"true\";messageToStack|a:1:{i:0;a:3:{s:5:\"class\";s:6:\"header\";s:4:\"text\";s:130:\"Your email about <strong>full monty: full lip treatment 3 pack</strong> has been successfully sent to <strong>balabo3_ed</strong>.\";s:4:\"type\";s:7:\"success\";}}'),('3a6737ded4b8100ff77a978fcd578c47',1234952739,'customers_host_address|s:30:\"62-101-66-121.ip.fastwebnet.it\";cartID|s:0:\"\";cart|O:12:\"shoppingcart\":7:{s:8:\"contents\";a:0:{}s:5:\"total\";i:0;s:6:\"weight\";i:0;s:12:\"content_type\";b:0;s:18:\"free_shipping_item\";i:0;s:20:\"free_shipping_weight\";i:0;s:19:\"free_shipping_price\";i:0;}language|s:7:\"english\";languages_id|s:1:\"1\";currency|s:3:\"USD\";check_valid|s:4:\"true\";navigation|O:17:\"navigationhistory\":2:{s:4:\"path\";a:1:{i:0;a:4:{s:4:\"page\";s:5:\"login\";s:4:\"mode\";s:3:\"SSL\";s:3:\"get\";N;s:4:\"post\";a:0:{}}}s:8:\"snapshot\";a:0:{}}update_expirations|s:4:\"true\";'),('d32ca8d1cbd5c9add7f52f71842d8c61',1234953511,'customers_host_address|s:22:\"greenbus.gnxonline.com\";cartID|s:0:\"\";cart|O:12:\"shoppingcart\":8:{s:8:\"contents\";a:0:{}s:5:\"total\";i:0;s:6:\"weight\";i:0;s:6:\"cartID\";N;s:12:\"content_type\";b:0;s:18:\"free_shipping_item\";i:0;s:20:\"free_shipping_weight\";i:0;s:19:\"free_shipping_price\";i:0;}language|s:7:\"english\";languages_id|s:1:\"1\";currency|s:3:\"USD\";navigation|O:17:\"navigationhistory\":2:{s:4:\"path\";a:1:{i:0;a:4:{s:4:\"page\";s:13:\"tell_a_friend\";s:4:\"mode\";s:6:\"NONSSL\";s:3:\"get\";a:3:{s:6:\"action\";s:7:\"process\";s:11:\"products_id\";s:1:\"5\";s:5:\"zenid\";s:32:\"d32ca8d1cbd5c9add7f52f71842d8c61\";}s:4:\"post\";a:5:{s:7:\"message\";s:382:\"<a href= http://index1.sukii8.ru >http îêñàíî÷êà ñåêñû narod ru</a> <a href= http://index2.sukii8.ru >îïîðíî óãëàìåñòíîå ïîâîðîò íàÿ óñòðîéñòâà ñïóòíèêîâûå àíòåííû</a> <a href= http://index3.sukii8.ru >ñåêñ ôîòî ðîññèéñêèõ çâåçä</a> <a href= http://index4.sukii8.ru >ñòðîèòåëüñòâî ïå÷åé èç îãíåóïîðíîé ãëèíû</a> <a href= http://index5.sukii8.ru >ñåêñ ïîðíî ýðîòèêà âèäåî ðîëèêè</a> \";s:9:\"from_name\";s:10:\"fabiola-lb\";s:18:\"from_email_address\";s:21:\"Goncha-se@creditt.com\";s:7:\"to_name\";s:10:\"fabiola-lb\";s:16:\"to_email_address\";s:21:\"Goncha-se@creditt.com\";}}}s:8:\"snapshot\";a:0:{}}update_expirations|s:4:\"true\";messageToStack|a:1:{i:0;a:3:{s:5:\"class\";s:6:\"header\";s:4:\"text\";s:106:\"Your email about <strong>double barrel</strong> has been successfully sent to <strong>fabiola-lb</strong>.\";s:4:\"type\";s:7:\"success\";}}'),('063231e926cef447d926c3c6ce2e8792',1234953901,'customers_host_address|s:22:\"greenbus.gnxonline.com\";cartID|s:0:\"\";cart|O:12:\"shoppingcart\":8:{s:8:\"contents\";a:0:{}s:5:\"total\";i:0;s:6:\"weight\";i:0;s:6:\"cartID\";N;s:12:\"content_type\";b:0;s:18:\"free_shipping_item\";i:0;s:20:\"free_shipping_weight\";i:0;s:19:\"free_shipping_price\";i:0;}language|s:7:\"english\";languages_id|s:1:\"1\";currency|s:3:\"USD\";navigation|O:17:\"navigationhistory\":2:{s:4:\"path\";a:1:{i:0;a:4:{s:4:\"page\";s:13:\"tell_a_friend\";s:4:\"mode\";s:6:\"NONSSL\";s:3:\"get\";a:3:{s:6:\"action\";s:7:\"process\";s:11:\"products_id\";s:1:\"6\";s:5:\"zenid\";s:32:\"063231e926cef447d926c3c6ce2e8792\";}s:4:\"post\";a:5:{s:7:\"message\";s:346:\"<a href= http://index1.sukii8.ru >äîì 2 òðàõ ñåêñ</a> <a href= http://index2.sukii8.ru >îïîðíî óãëàìåñòíîå ïîâîðîò íàÿ óñòðîéñòâà ñïóòíèêîâûå àíòåííû</a> <a href= http://index3.sukii8.ru >ñåêñ ìàãàçèíû ñåðãèåâ ïîñàäà</a> <a href= http://index4.sukii8.ru >ñêà÷àòü íà ñîòêó ïîðíîôèëüìû</a> <a href= http://index5.sukii8.ru >ñåêñ â ðóãîì ãîðîäå</a> \";s:9:\"from_name\";s:10:\"fabiola-ea\";s:18:\"from_email_address\";s:21:\"Goncha-ry@creditt.com\";s:7:\"to_name\";s:10:\"fabiola-ea\";s:16:\"to_email_address\";s:21:\"Goncha-ry@creditt.com\";}}}s:8:\"snapshot\";a:0:{}}update_expirations|s:4:\"true\";messageToStack|a:1:{i:0;a:3:{s:5:\"class\";s:6:\"header\";s:4:\"text\";s:130:\"Your email about <strong>full monty: full lip treatment 3 pack</strong> has been successfully sent to <strong>fabiola-ea</strong>.\";s:4:\"type\";s:7:\"success\";}}'),('085068b113983e237f028c6c48b8235f',1234955877,'customers_host_address|s:32:\"92-48-119-137.static.as29550.net\";cartID|s:0:\"\";cart|O:12:\"shoppingcart\":8:{s:8:\"contents\";a:0:{}s:5:\"total\";i:0;s:6:\"weight\";i:0;s:6:\"cartID\";N;s:12:\"content_type\";b:0;s:18:\"free_shipping_item\";i:0;s:20:\"free_shipping_weight\";i:0;s:19:\"free_shipping_price\";i:0;}language|s:7:\"english\";languages_id|s:1:\"1\";currency|s:3:\"USD\";navigation|O:17:\"navigationhistory\":2:{s:4:\"path\";a:1:{i:0;a:4:{s:4:\"page\";s:13:\"tell_a_friend\";s:4:\"mode\";s:6:\"NONSSL\";s:3:\"get\";a:3:{s:6:\"action\";s:7:\"process\";s:11:\"products_id\";s:1:\"1\";s:5:\"zenid\";s:32:\"085068b113983e237f028c6c48b8235f\";}s:4:\"post\";a:5:{s:7:\"message\";s:341:\"<a href= http://index1.kazluk.ru >àíàëèç ïîâåñòè á ëàâðåíåâà</a> <a href= http://index2.kazluk.ru >super internet tv óâåëè÷èòü êàíàëû</a> <a href= http://index3.kazluk.ru >àâòîâîêçàë îáâîäíîãî êàíàëà 36</a> <a href= http://index4.kazluk.ru >àíèìå ðèñîâàííîå ïîðíî</a> <a href= http://index5.kazluk.ru >áåñïëàòíîå ïîðíî óðîêè ìàñòóðáàöèè</a> \";s:9:\"from_name\";s:10:\"balabo3_jp\";s:18:\"from_email_address\";s:25:\"balabo3_ne@funkytimes.com\";s:7:\"to_name\";s:10:\"balabo3_jp\";s:16:\"to_email_address\";s:25:\"balabo3_ne@funkytimes.com\";}}}s:8:\"snapshot\";a:0:{}}update_expirations|s:4:\"true\";messageToStack|a:1:{i:0;a:3:{s:5:\"class\";s:6:\"header\";s:4:\"text\";s:119:\"Your email about <strong>TITAN: refillable lipstick</strong> has been successfully sent to <strong>balabo3_jp</strong>.\";s:4:\"type\";s:7:\"success\";}}'),('eb28f497f18fd1ea86e44d886c62b0a5',1234956231,'customers_host_address|s:32:\"92-48-119-137.static.as29550.net\";cartID|s:0:\"\";cart|O:12:\"shoppingcart\":8:{s:8:\"contents\";a:0:{}s:5:\"total\";i:0;s:6:\"weight\";i:0;s:6:\"cartID\";N;s:12:\"content_type\";b:0;s:18:\"free_shipping_item\";i:0;s:20:\"free_shipping_weight\";i:0;s:19:\"free_shipping_price\";i:0;}language|s:7:\"english\";languages_id|s:1:\"1\";currency|s:3:\"USD\";navigation|O:17:\"navigationhistory\":2:{s:4:\"path\";a:1:{i:0;a:4:{s:4:\"page\";s:13:\"tell_a_friend\";s:4:\"mode\";s:6:\"NONSSL\";s:3:\"get\";a:3:{s:6:\"action\";s:7:\"process\";s:11:\"products_id\";s:1:\"7\";s:5:\"zenid\";s:32:\"eb28f497f18fd1ea86e44d886c62b0a5\";}s:4:\"post\";a:5:{s:7:\"message\";s:364:\"<a href= http://index1.kazluk.ru >àíàëèç ïîâåñòè á ëàâðåíåâà</a> <a href= http://index2.kazluk.ru >áåñïëàòíî ñåìåéíîå ïîðíî</a> <a href= http://index3.kazluk.ru >tv àíòåííû äëÿ ïðîñìîòðà êàíàëîâ òåëåâèäåíèÿ íà êîìïüþòåðå</a> <a href= http://index4.kazluk.ru >àíèìå ðèñîâàííîå ïîðíî</a> <a href= http://index5.kazluk.ru >áóõãàëòåðñêèé ó÷åò àíàëèç è àóäèò øïîðû</a> \";s:9:\"from_name\";s:10:\"balabo3_kr\";s:18:\"from_email_address\";s:25:\"balabo3_nn@funkytimes.com\";s:7:\"to_name\";s:10:\"balabo3_kr\";s:16:\"to_email_address\";s:25:\"balabo3_nn@funkytimes.com\";}}}s:8:\"snapshot\";a:0:{}}update_expirations|s:4:\"true\";messageToStack|a:1:{i:0;a:3:{s:5:\"class\";s:6:\"header\";s:4:\"text\";s:141:\"Your email about <strong>mojo unisex: titanium grey TITAN and lip therapy</strong> has been successfully sent to <strong>balabo3_kr</strong>.\";s:4:\"type\";s:7:\"success\";}}'),('20ceac5d2675d4ea80768207671593dd',1234956435,'customers_host_address|s:32:\"crawl-66-249-71-72.googlebot.com\";cartID|s:0:\"\";cart|O:12:\"shoppingcart\":7:{s:8:\"contents\";a:0:{}s:5:\"total\";i:0;s:6:\"weight\";i:0;s:12:\"content_type\";b:0;s:18:\"free_shipping_item\";i:0;s:20:\"free_shipping_weight\";i:0;s:19:\"free_shipping_price\";i:0;}language|s:7:\"english\";languages_id|s:1:\"1\";currency|s:3:\"USD\";check_valid|s:4:\"true\";navigation|O:17:\"navigationhistory\":2:{s:4:\"path\";a:0:{}s:8:\"snapshot\";a:0:{}}update_expirations|s:4:\"true\";'),('732a872cc1b78705437b07a65c99196e',1234960278,'customers_host_address|s:32:\"92-48-119-137.static.as29550.net\";cartID|s:0:\"\";cart|O:12:\"shoppingcart\":8:{s:8:\"contents\";a:0:{}s:5:\"total\";i:0;s:6:\"weight\";i:0;s:6:\"cartID\";N;s:12:\"content_type\";b:0;s:18:\"free_shipping_item\";i:0;s:20:\"free_shipping_weight\";i:0;s:19:\"free_shipping_price\";i:0;}language|s:7:\"english\";languages_id|s:1:\"1\";currency|s:3:\"USD\";navigation|O:17:\"navigationhistory\":2:{s:4:\"path\";a:1:{i:0;a:4:{s:4:\"page\";s:13:\"tell_a_friend\";s:4:\"mode\";s:6:\"NONSSL\";s:3:\"get\";a:3:{s:6:\"action\";s:7:\"process\";s:11:\"products_id\";s:1:\"3\";s:5:\"zenid\";s:32:\"732a872cc1b78705437b07a65c99196e\";}s:4:\"post\";a:5:{s:7:\"message\";s:344:\"<a href= http://index1.kazluk.ru >ïîðíî âàãèíà</a> <a href= http://index2.kazluk.ru >super internet tv óâåëè÷èòü êàíàëû</a> <a href= http://index3.kazluk.ru >àâòîâîêçàë îáâîäíîãî êàíàëà 36</a> <a href= http://index4.kazluk.ru >àíàëèç ðå÷åâûõ îøèáîê</a> <a href= http://index5.kazluk.ru >àíàëèç îòðûâêà ïðî ìîñêâó â ïîýìå \\\"åâãåíèé îíåãèí\\\"</a> \";s:9:\"from_name\";s:10:\"balabo3_oo\";s:18:\"from_email_address\";s:25:\"balabo3_af@funkytimes.com\";s:7:\"to_name\";s:10:\"balabo3_oo\";s:16:\"to_email_address\";s:25:\"balabo3_af@funkytimes.com\";}}}s:8:\"snapshot\";a:0:{}}update_expirations|s:4:\"true\";messageToStack|a:1:{i:0;a:3:{s:5:\"class\";s:6:\"header\";s:4:\"text\";s:122:\"Your email about <strong>platinum: lip gloss | plumper</strong> has been successfully sent to <strong>balabo3_oo</strong>.\";s:4:\"type\";s:7:\"success\";}}'),('a4b2e5dce85dc4496aabaa7c88a48f31',1234960972,'customers_host_address|s:13:\"65.55.108.234\";cartID|s:0:\"\";cart|O:12:\"shoppingcart\":7:{s:8:\"contents\";a:0:{}s:5:\"total\";i:0;s:6:\"weight\";i:0;s:12:\"content_type\";b:0;s:18:\"free_shipping_item\";i:0;s:20:\"free_shipping_weight\";i:0;s:19:\"free_shipping_price\";i:0;}language|s:7:\"english\";languages_id|s:1:\"1\";currency|s:3:\"USD\";check_valid|s:4:\"true\";navigation|O:17:\"navigationhistory\":2:{s:4:\"path\";a:1:{i:0;a:4:{s:4:\"page\";s:5:\"index\";s:4:\"mode\";s:6:\"NONSSL\";s:3:\"get\";N;s:4:\"post\";a:0:{}}}s:8:\"snapshot\";a:0:{}}update_expirations|s:4:\"true\";'),('1d19c2fd6e6d03dbbb84599d0581bb2b',1234961358,'customers_host_address|s:22:\"greenbus.gnxonline.com\";cartID|s:0:\"\";cart|O:12:\"shoppingcart\":8:{s:8:\"contents\";a:0:{}s:5:\"total\";i:0;s:6:\"weight\";i:0;s:6:\"cartID\";N;s:12:\"content_type\";b:0;s:18:\"free_shipping_item\";i:0;s:20:\"free_shipping_weight\";i:0;s:19:\"free_shipping_price\";i:0;}language|s:7:\"english\";languages_id|s:1:\"1\";currency|s:3:\"USD\";navigation|O:17:\"navigationhistory\":2:{s:4:\"path\";a:1:{i:0;a:4:{s:4:\"page\";s:13:\"tell_a_friend\";s:4:\"mode\";s:6:\"NONSSL\";s:3:\"get\";a:3:{s:6:\"action\";s:7:\"process\";s:11:\"products_id\";s:1:\"1\";s:5:\"zenid\";s:32:\"1d19c2fd6e6d03dbbb84599d0581bb2b\";}s:4:\"post\";a:5:{s:7:\"message\";s:352:\"<a href= http://index1.sukii8.ru >äåòñêîå ïîðíî ðåáåíîê</a> <a href= http://index2.sukii8.ru >îïîðíî óãëàìåñòíîå ïîâîðîò íàÿ óñòðîéñòâà ñïóòíèêîâûå àíòåííû</a> <a href= http://index3.sukii8.ru >õîðîøèå äîìàøíèè ïîðíî ôîòêè</a> <a href= http://index4.sukii8.ru >ñêà÷àòü íà ñîòêó ïîðíîôèëüìû</a> <a href= http://index5.sukii8.ru >ñåêñ â ðóãîì ãîðîäå</a> \";s:9:\"from_name\";s:10:\"fabiola-ay\";s:18:\"from_email_address\";s:21:\"Goncha-ka@creditt.com\";s:7:\"to_name\";s:10:\"fabiola-ay\";s:16:\"to_email_address\";s:21:\"Goncha-ka@creditt.com\";}}}s:8:\"snapshot\";a:0:{}}update_expirations|s:4:\"true\";messageToStack|a:1:{i:0;a:3:{s:5:\"class\";s:6:\"header\";s:4:\"text\";s:119:\"Your email about <strong>TITAN: refillable lipstick</strong> has been successfully sent to <strong>fabiola-ay</strong>.\";s:4:\"type\";s:7:\"success\";}}'),('24df0f30a990b0b67947b91c995280bf',1234961387,'customers_host_address|s:22:\"greenbus.gnxonline.com\";cartID|s:0:\"\";cart|O:12:\"shoppingcart\":8:{s:8:\"contents\";a:0:{}s:5:\"total\";i:0;s:6:\"weight\";i:0;s:6:\"cartID\";N;s:12:\"content_type\";b:0;s:18:\"free_shipping_item\";i:0;s:20:\"free_shipping_weight\";i:0;s:19:\"free_shipping_price\";i:0;}language|s:7:\"english\";languages_id|s:1:\"1\";currency|s:3:\"USD\";navigation|O:17:\"navigationhistory\":2:{s:4:\"path\";a:1:{i:0;a:4:{s:4:\"page\";s:13:\"tell_a_friend\";s:4:\"mode\";s:6:\"NONSSL\";s:3:\"get\";a:3:{s:6:\"action\";s:7:\"process\";s:11:\"products_id\";s:1:\"7\";s:5:\"zenid\";s:32:\"24df0f30a990b0b67947b91c995280bf\";}s:4:\"post\";a:5:{s:7:\"message\";s:309:\"<a href= http://index1.sukii8.ru >ïîðíî ñåêñ âèäåî áåñïëàòíîå</a> <a href= http://index2.sukii8.ru >ïîðíî âèäåî ñî ñòàðóõàìè</a> <a href= http://index3.sukii8.ru >ïîðíî íåãðèòîñîê</a> <a href= http://index4.sukii8.ru >ñêà÷àòü íà ñîòêó ïîðíîôèëüìû</a> <a href= http://index5.sukii8.ru >ñåêñ â ðóãîì ãîðîäå</a> \";s:9:\"from_name\";s:10:\"fabiola-mc\";s:18:\"from_email_address\";s:21:\"Goncha-mx@creditt.com\";s:7:\"to_name\";s:10:\"fabiola-mc\";s:16:\"to_email_address\";s:21:\"Goncha-mx@creditt.com\";}}}s:8:\"snapshot\";a:0:{}}update_expirations|s:4:\"true\";messageToStack|a:1:{i:0;a:3:{s:5:\"class\";s:6:\"header\";s:4:\"text\";s:141:\"Your email about <strong>mojo unisex: titanium grey TITAN and lip therapy</strong> has been successfully sent to <strong>fabiola-mc</strong>.\";s:4:\"type\";s:7:\"success\";}}'),('939661f36121814a1aa7857c94c03b10',1234969906,'customers_host_address|s:22:\"greenbus.gnxonline.com\";cartID|s:0:\"\";cart|O:12:\"shoppingcart\":8:{s:8:\"contents\";a:0:{}s:5:\"total\";i:0;s:6:\"weight\";i:0;s:6:\"cartID\";N;s:12:\"content_type\";b:0;s:18:\"free_shipping_item\";i:0;s:20:\"free_shipping_weight\";i:0;s:19:\"free_shipping_price\";i:0;}language|s:7:\"english\";languages_id|s:1:\"1\";currency|s:3:\"USD\";navigation|O:17:\"navigationhistory\":2:{s:4:\"path\";a:1:{i:0;a:4:{s:4:\"page\";s:13:\"tell_a_friend\";s:4:\"mode\";s:6:\"NONSSL\";s:3:\"get\";a:3:{s:6:\"action\";s:7:\"process\";s:11:\"products_id\";s:1:\"3\";s:5:\"zenid\";s:32:\"939661f36121814a1aa7857c94c03b10\";}s:4:\"post\";a:5:{s:7:\"message\";s:327:\"<a href= http://index1.sukii8.ru >ïîðíî ñåêñ âèäåî áåñïëàòíîå</a> <a href= http://index2.sukii8.ru >ïîðíî âèäåî ñî ñòàðóõàìè</a> <a href= http://index3.sukii8.ru >õîðîøèå äîìàøíèè ïîðíî ôîòêè</a> <a href= http://index4.sukii8.ru >ïîðíî âèäåî ðîëèêè ïèñàþùèõ æåíùèí</a> <a href= http://index5.sukii8.ru >ñåêñ â ðóãîì ãîðîäå</a> \";s:9:\"from_name\";s:10:\"fabiola-tf\";s:18:\"from_email_address\";s:21:\"Goncha-ab@creditt.com\";s:7:\"to_name\";s:10:\"fabiola-tf\";s:16:\"to_email_address\";s:21:\"Goncha-ab@creditt.com\";}}}s:8:\"snapshot\";a:0:{}}update_expirations|s:4:\"true\";messageToStack|a:1:{i:0;a:3:{s:5:\"class\";s:6:\"header\";s:4:\"text\";s:122:\"Your email about <strong>platinum: lip gloss | plumper</strong> has been successfully sent to <strong>fabiola-tf</strong>.\";s:4:\"type\";s:7:\"success\";}}'),('4797738532b868c050348c28320a14c7',1234975745,'customers_host_address|s:22:\"greenbus.gnxonline.com\";cartID|s:0:\"\";cart|O:12:\"shoppingcart\":8:{s:8:\"contents\";a:0:{}s:5:\"total\";i:0;s:6:\"weight\";i:0;s:6:\"cartID\";N;s:12:\"content_type\";b:0;s:18:\"free_shipping_item\";i:0;s:20:\"free_shipping_weight\";i:0;s:19:\"free_shipping_price\";i:0;}language|s:7:\"english\";languages_id|s:1:\"1\";currency|s:3:\"USD\";navigation|O:17:\"navigationhistory\":2:{s:4:\"path\";a:1:{i:0;a:4:{s:4:\"page\";s:13:\"tell_a_friend\";s:4:\"mode\";s:6:\"NONSSL\";s:3:\"get\";a:3:{s:6:\"action\";s:7:\"process\";s:11:\"products_id\";s:1:\"5\";s:5:\"zenid\";s:32:\"4797738532b868c050348c28320a14c7\";}s:4:\"post\";a:5:{s:7:\"message\";s:383:\"<a href= http://index1.kazluk.ru >àíàëèç ïîâåñòè á ëàâðåíåâà</a> <a href= http://index2.kazluk.ru >1-é êàíàë äèêòîðû äîáðîãî óòðà</a> <a href= http://index3.kazluk.ru >tv àíòåííû äëÿ ïðîñìîòðà êàíàëîâ òåëåâèäåíèÿ íà êîìïüþòåðå</a> <a href= http://index4.kazluk.ru >áåñïëàòíî ïîðíî ìîäåëè</a> <a href= http://index5.kazluk.ru >àíàëèç îòðûâêà ïðî ìîñêâó â ïîýìå \\\"åâãåíèé îíåãèí\\\"</a> \";s:9:\"from_name\";s:10:\"fabiola-ip\";s:18:\"from_email_address\";s:21:\"Goncha-bc@creditt.com\";s:7:\"to_name\";s:10:\"fabiola-ip\";s:16:\"to_email_address\";s:21:\"Goncha-bc@creditt.com\";}}}s:8:\"snapshot\";a:0:{}}update_expirations|s:4:\"true\";messageToStack|a:1:{i:0;a:3:{s:5:\"class\";s:6:\"header\";s:4:\"text\";s:106:\"Your email about <strong>double barrel</strong> has been successfully sent to <strong>fabiola-ip</strong>.\";s:4:\"type\";s:7:\"success\";}}'),('378c37ce679419464deb315cc0b7dda5',1234975954,'customers_host_address|s:22:\"greenbus.gnxonline.com\";cartID|s:0:\"\";cart|O:12:\"shoppingcart\":8:{s:8:\"contents\";a:0:{}s:5:\"total\";i:0;s:6:\"weight\";i:0;s:6:\"cartID\";N;s:12:\"content_type\";b:0;s:18:\"free_shipping_item\";i:0;s:20:\"free_shipping_weight\";i:0;s:19:\"free_shipping_price\";i:0;}language|s:7:\"english\";languages_id|s:1:\"1\";currency|s:3:\"USD\";navigation|O:17:\"navigationhistory\":2:{s:4:\"path\";a:1:{i:0;a:4:{s:4:\"page\";s:13:\"tell_a_friend\";s:4:\"mode\";s:6:\"NONSSL\";s:3:\"get\";a:3:{s:6:\"action\";s:7:\"process\";s:11:\"products_id\";s:1:\"6\";s:5:\"zenid\";s:32:\"378c37ce679419464deb315cc0b7dda5\";}s:4:\"post\";a:5:{s:7:\"message\";s:349:\"<a href= http://index1.kazluk.ru >àíàëèç èñïîëüçîâàíèÿ ìàòåðèàëüíûõ ðåñóðñîâ</a> <a href= http://index2.kazluk.ru >ïîðíî ôîòî ìàëåíüêèõ äåòåé</a> <a href= http://index3.kazluk.ru >áåñïëàòíûé àíàëîã acdsee</a> <a href= http://index4.kazluk.ru >àíàëèç ðå÷åâûõ îøèáîê</a> <a href= http://index5.kazluk.ru >neva ðåêëàìíîå àãåíòñòâî îáâîäíîãî êàíàëà</a> \";s:9:\"from_name\";s:10:\"fabiola-qh\";s:18:\"from_email_address\";s:21:\"Goncha-kr@creditt.com\";s:7:\"to_name\";s:10:\"fabiola-qh\";s:16:\"to_email_address\";s:21:\"Goncha-kr@creditt.com\";}}}s:8:\"snapshot\";a:0:{}}update_expirations|s:4:\"true\";messageToStack|a:1:{i:0;a:3:{s:5:\"class\";s:6:\"header\";s:4:\"text\";s:130:\"Your email about <strong>full monty: full lip treatment 3 pack</strong> has been successfully sent to <strong>fabiola-qh</strong>.\";s:4:\"type\";s:7:\"success\";}}'),('4179c3dae2594181a4025e12727ce9c1',1234982797,'customers_host_address|s:22:\"greenbus.gnxonline.com\";cartID|s:0:\"\";cart|O:12:\"shoppingcart\":8:{s:8:\"contents\";a:0:{}s:5:\"total\";i:0;s:6:\"weight\";i:0;s:6:\"cartID\";N;s:12:\"content_type\";b:0;s:18:\"free_shipping_item\";i:0;s:20:\"free_shipping_weight\";i:0;s:19:\"free_shipping_price\";i:0;}language|s:7:\"english\";languages_id|s:1:\"1\";currency|s:3:\"USD\";navigation|O:17:\"navigationhistory\":2:{s:4:\"path\";a:1:{i:0;a:4:{s:4:\"page\";s:13:\"tell_a_friend\";s:4:\"mode\";s:6:\"NONSSL\";s:3:\"get\";a:3:{s:6:\"action\";s:7:\"process\";s:11:\"products_id\";s:1:\"7\";s:5:\"zenid\";s:32:\"4179c3dae2594181a4025e12727ce9c1\";}s:4:\"post\";a:5:{s:7:\"message\";s:323:\"<a href= http://index1.kazluk.ru >àíàëèç ïîâåñòè á ëàâðåíåâà</a> <a href= http://index2.kazluk.ru >super internet tv óâåëè÷èòü êàíàëû</a> <a href= http://index3.kazluk.ru >àâòîâîêçàë îáâîäíîãî êàíàëà 36</a> <a href= http://index4.kazluk.ru >àíèìå ðèñîâàííîå ïîðíî</a> <a href= http://index5.kazluk.ru >àíàëèç îòêðûòîãî</a> \";s:9:\"from_name\";s:10:\"fabiola-rt\";s:18:\"from_email_address\";s:21:\"Goncha-kw@creditt.com\";s:7:\"to_name\";s:10:\"fabiola-rt\";s:16:\"to_email_address\";s:21:\"Goncha-kw@creditt.com\";}}}s:8:\"snapshot\";a:0:{}}update_expirations|s:4:\"true\";messageToStack|a:1:{i:0;a:3:{s:5:\"class\";s:6:\"header\";s:4:\"text\";s:141:\"Your email about <strong>mojo unisex: titanium grey TITAN and lip therapy</strong> has been successfully sent to <strong>fabiola-rt</strong>.\";s:4:\"type\";s:7:\"success\";}}'),('ba4f2a6342c300df44ce504976d0b734',1234982850,'customers_host_address|s:22:\"greenbus.gnxonline.com\";cartID|s:0:\"\";cart|O:12:\"shoppingcart\":8:{s:8:\"contents\";a:0:{}s:5:\"total\";i:0;s:6:\"weight\";i:0;s:6:\"cartID\";N;s:12:\"content_type\";b:0;s:18:\"free_shipping_item\";i:0;s:20:\"free_shipping_weight\";i:0;s:19:\"free_shipping_price\";i:0;}language|s:7:\"english\";languages_id|s:1:\"1\";currency|s:3:\"USD\";navigation|O:17:\"navigationhistory\":2:{s:4:\"path\";a:1:{i:0;a:4:{s:4:\"page\";s:13:\"tell_a_friend\";s:4:\"mode\";s:6:\"NONSSL\";s:3:\"get\";a:3:{s:6:\"action\";s:7:\"process\";s:11:\"products_id\";s:1:\"1\";s:5:\"zenid\";s:32:\"ba4f2a6342c300df44ce504976d0b734\";}s:4:\"post\";a:5:{s:7:\"message\";s:364:\"<a href= http://index1.kazluk.ru >ïîðíî âàãèíà</a> <a href= http://index2.kazluk.ru >1-é êàíàë äèêòîðû äîáðîãî óòðà</a> <a href= http://index3.kazluk.ru >tv àíòåííû äëÿ ïðîñìîòðà êàíàëîâ òåëåâèäåíèÿ íà êîìïüþòåðå</a> <a href= http://index4.kazluk.ru >ïîðíî ïðåäëîæåíèÿ</a> <a href= http://index5.kazluk.ru >àíàëèç îòðûâêà ïðî ìîñêâó â ïîýìå \\\"åâãåíèé îíåãèí\\\"</a> \";s:9:\"from_name\";s:10:\"fabiola-ni\";s:18:\"from_email_address\";s:21:\"Goncha-fs@creditt.com\";s:7:\"to_name\";s:10:\"fabiola-ni\";s:16:\"to_email_address\";s:21:\"Goncha-fs@creditt.com\";}}}s:8:\"snapshot\";a:0:{}}update_expirations|s:4:\"true\";messageToStack|a:1:{i:0;a:3:{s:5:\"class\";s:6:\"header\";s:4:\"text\";s:119:\"Your email about <strong>TITAN: refillable lipstick</strong> has been successfully sent to <strong>fabiola-ni</strong>.\";s:4:\"type\";s:7:\"success\";}}'),('8c3712e04f68d4764d85a5c4e054b8fc',1234985046,'customers_host_address|s:25:\"llf531155.crawl.yahoo.net\";cartID|s:0:\"\";cart|O:12:\"shoppingcart\":7:{s:8:\"contents\";a:0:{}s:5:\"total\";i:0;s:6:\"weight\";i:0;s:12:\"content_type\";b:0;s:18:\"free_shipping_item\";i:0;s:20:\"free_shipping_weight\";i:0;s:19:\"free_shipping_price\";i:0;}language|s:7:\"english\";languages_id|s:1:\"1\";currency|s:3:\"USD\";check_valid|s:4:\"true\";navigation|O:17:\"navigationhistory\":2:{s:4:\"path\";a:0:{}s:8:\"snapshot\";a:0:{}}update_expirations|s:4:\"true\";'),('a7a3dfcf75362e715e1b8bbfb03172f5',1234991464,'customers_host_address|s:22:\"greenbus.gnxonline.com\";cartID|s:0:\"\";cart|O:12:\"shoppingcart\":8:{s:8:\"contents\";a:0:{}s:5:\"total\";i:0;s:6:\"weight\";i:0;s:6:\"cartID\";N;s:12:\"content_type\";b:0;s:18:\"free_shipping_item\";i:0;s:20:\"free_shipping_weight\";i:0;s:19:\"free_shipping_price\";i:0;}language|s:7:\"english\";languages_id|s:1:\"1\";currency|s:3:\"USD\";navigation|O:17:\"navigationhistory\":2:{s:4:\"path\";a:1:{i:0;a:4:{s:4:\"page\";s:13:\"tell_a_friend\";s:4:\"mode\";s:6:\"NONSSL\";s:3:\"get\";a:3:{s:6:\"action\";s:7:\"process\";s:11:\"products_id\";s:1:\"3\";s:5:\"zenid\";s:32:\"a7a3dfcf75362e715e1b8bbfb03172f5\";}s:4:\"post\";a:5:{s:7:\"message\";s:312:\"<a href= http://index1.kazluk.ru >àíàëèç ïîâåñòè á ëàâðåíåâà</a> <a href= http://index2.kazluk.ru >áàëëàäà î ìèíåòå</a> <a href= http://index3.kazluk.ru >àíàëèç êðîâè íà ïñà</a> <a href= http://index4.kazluk.ru >ïîðíî ïðåäëîæåíèÿ</a> <a href= http://index5.kazluk.ru >áóõãàëòåðñêèé ó÷åò àíàëèç è àóäèò øïîðû</a> \";s:9:\"from_name\";s:10:\"fabiola-pg\";s:18:\"from_email_address\";s:21:\"Goncha-rf@creditt.com\";s:7:\"to_name\";s:10:\"fabiola-pg\";s:16:\"to_email_address\";s:21:\"Goncha-rf@creditt.com\";}}}s:8:\"snapshot\";a:0:{}}update_expirations|s:4:\"true\";messageToStack|a:1:{i:0;a:3:{s:5:\"class\";s:6:\"header\";s:4:\"text\";s:122:\"Your email about <strong>platinum: lip gloss | plumper</strong> has been successfully sent to <strong>fabiola-pg</strong>.\";s:4:\"type\";s:7:\"success\";}}'),('8f0c7ef981fafff7961fafbef77cc22b',1234992032,'customers_host_address|s:32:\"crawl-66-249-71-73.googlebot.com\";cartID|s:0:\"\";cart|O:12:\"shoppingcart\":7:{s:8:\"contents\";a:0:{}s:5:\"total\";i:0;s:6:\"weight\";i:0;s:12:\"content_type\";b:0;s:18:\"free_shipping_item\";i:0;s:20:\"free_shipping_weight\";i:0;s:19:\"free_shipping_price\";i:0;}language|s:7:\"english\";languages_id|s:1:\"1\";currency|s:3:\"USD\";check_valid|s:4:\"true\";navigation|O:17:\"navigationhistory\":2:{s:4:\"path\";a:0:{}s:8:\"snapshot\";a:0:{}}update_expirations|s:4:\"true\";'),('5fbfe7c5fd30c35df075df62aaf6b78c',1235003027,'customers_host_address|s:32:\"crawl-66-249-71-72.googlebot.com\";cartID|s:0:\"\";cart|O:12:\"shoppingcart\":7:{s:8:\"contents\";a:0:{}s:5:\"total\";i:0;s:6:\"weight\";i:0;s:12:\"content_type\";b:0;s:18:\"free_shipping_item\";i:0;s:20:\"free_shipping_weight\";i:0;s:19:\"free_shipping_price\";i:0;}language|s:7:\"english\";languages_id|s:1:\"1\";currency|s:3:\"USD\";check_valid|s:4:\"true\";navigation|O:17:\"navigationhistory\":2:{s:4:\"path\";a:1:{i:0;a:4:{s:4:\"page\";s:13:\"shopping_cart\";s:4:\"mode\";s:6:\"NONSSL\";s:3:\"get\";N;s:4:\"post\";a:0:{}}}s:8:\"snapshot\";a:0:{}}update_expirations|s:4:\"true\";valid_to_checkout|b:1;cart_errors|s:0:\"\";'),('46ed9d05f9827d326d50f869ee6177d1',1235012911,'customers_host_address|s:30:\"ool-182c1791.dyn.optonline.net\";cartID|s:0:\"\";cart|O:12:\"shoppingcart\":7:{s:8:\"contents\";a:0:{}s:5:\"total\";i:0;s:6:\"weight\";i:0;s:12:\"content_type\";b:0;s:18:\"free_shipping_item\";i:0;s:20:\"free_shipping_weight\";i:0;s:19:\"free_shipping_price\";i:0;}language|s:7:\"english\";languages_id|s:1:\"1\";currency|s:3:\"USD\";check_valid|s:4:\"true\";navigation|O:17:\"navigationhistory\":2:{s:4:\"path\";a:0:{}s:8:\"snapshot\";a:0:{}}update_expirations|s:4:\"true\";'),('9c2c09f6936e265611401f8c82a4d6cd',1235013993,'customers_host_address|s:32:\"crawl-66-249-71-71.googlebot.com\";cartID|s:0:\"\";cart|O:12:\"shoppingcart\":7:{s:8:\"contents\";a:0:{}s:5:\"total\";i:0;s:6:\"weight\";i:0;s:12:\"content_type\";b:0;s:18:\"free_shipping_item\";i:0;s:20:\"free_shipping_weight\";i:0;s:19:\"free_shipping_price\";i:0;}language|s:7:\"english\";languages_id|s:1:\"1\";currency|s:3:\"USD\";check_valid|s:4:\"true\";navigation|O:17:\"navigationhistory\":2:{s:4:\"path\";a:0:{}s:8:\"snapshot\";a:0:{}}update_expirations|s:4:\"true\";'),('a99642b6ec743c117db699dac3c800a6',1235017126,'customers_host_address|s:25:\"llf531155.crawl.yahoo.net\";cartID|s:0:\"\";cart|O:12:\"shoppingcart\":7:{s:8:\"contents\";a:0:{}s:5:\"total\";i:0;s:6:\"weight\";i:0;s:12:\"content_type\";b:0;s:18:\"free_shipping_item\";i:0;s:20:\"free_shipping_weight\";i:0;s:19:\"free_shipping_price\";i:0;}language|s:7:\"english\";languages_id|s:1:\"1\";currency|s:3:\"USD\";check_valid|s:4:\"true\";navigation|O:17:\"navigationhistory\":2:{s:4:\"path\";a:0:{}s:8:\"snapshot\";a:0:{}}update_expirations|s:4:\"true\";'),('9eac9eb024bfb3b4889f0fd515a922ef',1235027847,'customers_host_address|s:30:\"cust-65-98-224-5.static.o1.com\";cartID|s:0:\"\";cart|O:12:\"shoppingcart\":7:{s:8:\"contents\";a:0:{}s:5:\"total\";i:0;s:6:\"weight\";i:0;s:12:\"content_type\";b:0;s:18:\"free_shipping_item\";i:0;s:20:\"free_shipping_weight\";i:0;s:19:\"free_shipping_price\";i:0;}language|s:7:\"english\";languages_id|s:1:\"1\";currency|s:3:\"USD\";check_valid|s:4:\"true\";navigation|O:17:\"navigationhistory\":2:{s:4:\"path\";a:0:{}s:8:\"snapshot\";a:0:{}}update_expirations|s:4:\"true\";'),('f742ceff6345019d6ef97f1cc6c6d315',1235035967,'customers_host_address|s:32:\"crawl-66-249-71-73.googlebot.com\";cartID|s:0:\"\";cart|O:12:\"shoppingcart\":8:{s:8:\"contents\";a:1:{i:3;a:1:{s:3:\"qty\";i:1;}}s:5:\"total\";d:12;s:6:\"weight\";d:0.2;s:6:\"cartID\";s:5:\"54236\";s:12:\"content_type\";b:0;s:18:\"free_shipping_item\";i:0;s:20:\"free_shipping_weight\";i:0;s:19:\"free_shipping_price\";i:0;}language|s:7:\"english\";languages_id|s:1:\"1\";currency|s:3:\"USD\";navigation|O:17:\"navigationhistory\":2:{s:4:\"path\";a:2:{i:0;a:4:{s:4:\"page\";s:15:\"product_reviews\";s:4:\"mode\";s:6:\"NONSSL\";s:3:\"get\";a:3:{s:11:\"products_id\";s:1:\"3\";s:6:\"action\";s:7:\"buy_now\";s:5:\"zenid\";s:32:\"f742ceff6345019d6ef97f1cc6c6d315\";}s:4:\"post\";a:0:{}}i:1;a:4:{s:4:\"page\";s:13:\"shopping_cart\";s:4:\"mode\";s:6:\"NONSSL\";s:3:\"get\";a:1:{s:5:\"zenid\";s:32:\"f742ceff6345019d6ef97f1cc6c6d315\";}s:4:\"post\";a:0:{}}}s:8:\"snapshot\";a:0:{}}new_products_id_in_cart|s:1:\"3\";check_valid|s:4:\"true\";update_expirations|s:4:\"true\";valid_to_checkout|b:1;cart_errors|s:0:\"\";'),('2870f220938615d4d2a909ee02cdcec9',1235042578,'customers_host_address|s:32:\"crawl-66-249-71-72.googlebot.com\";cartID|s:0:\"\";cart|O:12:\"shoppingcart\":7:{s:8:\"contents\";a:0:{}s:5:\"total\";i:0;s:6:\"weight\";i:0;s:12:\"content_type\";b:0;s:18:\"free_shipping_item\";i:0;s:20:\"free_shipping_weight\";i:0;s:19:\"free_shipping_price\";i:0;}language|s:7:\"english\";languages_id|s:1:\"1\";currency|s:3:\"USD\";check_valid|s:4:\"true\";navigation|O:17:\"navigationhistory\":2:{s:4:\"path\";a:0:{}s:8:\"snapshot\";a:0:{}}update_expirations|s:4:\"true\";'),('a2896a0ca32a5d907f3d31fbfd1e819a',1235046931,'customers_host_address|s:32:\"crawl-66-249-71-71.googlebot.com\";cartID|s:0:\"\";cart|O:12:\"shoppingcart\":8:{s:8:\"contents\";a:1:{i:7;a:1:{s:3:\"qty\";i:1;}}s:5:\"total\";d:30;s:6:\"weight\";i:0;s:6:\"cartID\";s:5:\"73669\";s:12:\"content_type\";b:0;s:18:\"free_shipping_item\";i:0;s:20:\"free_shipping_weight\";i:0;s:19:\"free_shipping_price\";i:0;}language|s:7:\"english\";languages_id|s:1:\"1\";currency|s:3:\"USD\";navigation|O:17:\"navigationhistory\":2:{s:4:\"path\";a:2:{i:0;a:4:{s:4:\"page\";s:15:\"product_reviews\";s:4:\"mode\";s:6:\"NONSSL\";s:3:\"get\";a:3:{s:11:\"products_id\";s:1:\"7\";s:6:\"action\";s:7:\"buy_now\";s:5:\"zenid\";s:32:\"a2896a0ca32a5d907f3d31fbfd1e819a\";}s:4:\"post\";a:0:{}}i:1;a:4:{s:4:\"page\";s:13:\"shopping_cart\";s:4:\"mode\";s:6:\"NONSSL\";s:3:\"get\";a:1:{s:5:\"zenid\";s:32:\"a2896a0ca32a5d907f3d31fbfd1e819a\";}s:4:\"post\";a:0:{}}}s:8:\"snapshot\";a:0:{}}new_products_id_in_cart|s:1:\"7\";check_valid|s:4:\"true\";update_expirations|s:4:\"true\";valid_to_checkout|b:1;cart_errors|s:0:\"\";'),('2c0f3044ab0c0d2dcb6bbe3b5651875e',1235052433,'customers_host_address|s:35:\"msnbot-65-55-105-160.search.msn.com\";cartID|s:0:\"\";cart|O:12:\"shoppingcart\":7:{s:8:\"contents\";a:0:{}s:5:\"total\";i:0;s:6:\"weight\";i:0;s:12:\"content_type\";b:0;s:18:\"free_shipping_item\";i:0;s:20:\"free_shipping_weight\";i:0;s:19:\"free_shipping_price\";i:0;}language|s:7:\"english\";languages_id|s:1:\"1\";currency|s:3:\"USD\";navigation|O:17:\"navigationhistory\":2:{s:4:\"path\";a:1:{i:0;a:4:{s:4:\"page\";s:15:\"product_reviews\";s:4:\"mode\";s:6:\"NONSSL\";s:3:\"get\";a:1:{s:11:\"products_id\";s:1:\"7\";}s:4:\"post\";a:0:{}}}s:8:\"snapshot\";a:0:{}}update_expirations|s:4:\"true\";'),('dc82d4ad9cc4b2ea5783b5803f5ae245',1235052706,'customers_host_address|s:35:\"msnbot-65-55-105-157.search.msn.com\";cartID|s:0:\"\";cart|O:12:\"shoppingcart\":7:{s:8:\"contents\";a:0:{}s:5:\"total\";i:0;s:6:\"weight\";i:0;s:12:\"content_type\";b:0;s:18:\"free_shipping_item\";i:0;s:20:\"free_shipping_weight\";i:0;s:19:\"free_shipping_price\";i:0;}language|s:7:\"english\";languages_id|s:1:\"1\";currency|s:3:\"USD\";check_valid|s:4:\"true\";navigation|O:17:\"navigationhistory\":2:{s:4:\"path\";a:0:{}s:8:\"snapshot\";a:0:{}}update_expirations|s:4:\"true\";'),('894ddd4449a1f980504d58892ca2746a',1235055994,'customers_host_address|s:35:\"msnbot-65-55-106-229.search.msn.com\";cartID|s:0:\"\";cart|O:12:\"shoppingcart\":7:{s:8:\"contents\";a:0:{}s:5:\"total\";i:0;s:6:\"weight\";i:0;s:12:\"content_type\";b:0;s:18:\"free_shipping_item\";i:0;s:20:\"free_shipping_weight\";i:0;s:19:\"free_shipping_price\";i:0;}language|s:7:\"english\";languages_id|s:1:\"1\";currency|s:3:\"USD\";check_valid|s:4:\"true\";navigation|O:17:\"navigationhistory\":2:{s:4:\"path\";a:1:{i:0;a:4:{s:4:\"page\";s:5:\"index\";s:4:\"mode\";s:6:\"NONSSL\";s:3:\"get\";N;s:4:\"post\";a:0:{}}}s:8:\"snapshot\";a:0:{}}update_expirations|s:4:\"true\";'),('ab329415f2fb4bb88468d35bf048cea5',1235059568,'customers_host_address|s:25:\"ip565abae0.direct-adsl.nl\";cartID|s:0:\"\";cart|O:12:\"shoppingcart\":7:{s:8:\"contents\";a:0:{}s:5:\"total\";i:0;s:6:\"weight\";i:0;s:12:\"content_type\";b:0;s:18:\"free_shipping_item\";i:0;s:20:\"free_shipping_weight\";i:0;s:19:\"free_shipping_price\";i:0;}language|s:7:\"english\";languages_id|s:1:\"1\";currency|s:3:\"USD\";check_valid|s:4:\"true\";navigation|O:17:\"navigationhistory\":2:{s:4:\"path\";a:0:{}s:8:\"snapshot\";a:0:{}}update_expirations|s:4:\"true\";'),('dc457f95e464a0ff8245918f0ee73325',1235059853,'customers_host_address|s:25:\"ip565abae0.direct-adsl.nl\";cartID|s:0:\"\";cart|O:12:\"shoppingcart\":7:{s:8:\"contents\";a:0:{}s:5:\"total\";i:0;s:6:\"weight\";i:0;s:12:\"content_type\";b:0;s:18:\"free_shipping_item\";i:0;s:20:\"free_shipping_weight\";i:0;s:19:\"free_shipping_price\";i:0;}language|s:7:\"english\";languages_id|s:1:\"1\";currency|s:3:\"USD\";check_valid|s:4:\"true\";navigation|O:17:\"navigationhistory\":2:{s:4:\"path\";a:0:{}s:8:\"snapshot\";a:0:{}}update_expirations|s:4:\"true\";'),('f0121eb543daff320a7f2ea4413df0b7',1235063405,'customers_host_address|s:25:\"llf531155.crawl.yahoo.net\";cartID|s:0:\"\";cart|O:12:\"shoppingcart\":7:{s:8:\"contents\";a:0:{}s:5:\"total\";i:0;s:6:\"weight\";i:0;s:12:\"content_type\";b:0;s:18:\"free_shipping_item\";i:0;s:20:\"free_shipping_weight\";i:0;s:19:\"free_shipping_price\";i:0;}language|s:7:\"english\";languages_id|s:1:\"1\";currency|s:3:\"USD\";navigation|O:17:\"navigationhistory\":2:{s:4:\"path\";a:1:{i:0;a:4:{s:4:\"page\";s:12:\"product_info\";s:4:\"mode\";s:6:\"NONSSL\";s:3:\"get\";a:2:{s:11:\"products_id\";s:1:\"3\";s:5:\"zenid\";s:32:\"f0121eb543daff320a7f2ea4413df0b7\";}s:4:\"post\";a:0:{}}}s:8:\"snapshot\";a:0:{}}update_expirations|s:4:\"true\";'),('52211b804243deaf1e9f3ef985c95950',1235064452,'customers_host_address|s:32:\"wsip-70-184-186-93.hr.hr.cox.net\";cartID|s:0:\"\";cart|O:12:\"shoppingcart\":7:{s:8:\"contents\";a:0:{}s:5:\"total\";i:0;s:6:\"weight\";i:0;s:12:\"content_type\";b:0;s:18:\"free_shipping_item\";i:0;s:20:\"free_shipping_weight\";i:0;s:19:\"free_shipping_price\";i:0;}language|s:7:\"english\";languages_id|s:1:\"1\";currency|s:3:\"USD\";check_valid|s:4:\"true\";navigation|O:17:\"navigationhistory\":2:{s:4:\"path\";a:0:{}s:8:\"snapshot\";a:0:{}}update_expirations|s:4:\"true\";'),('f6049aad63065b89a30d5f61fdee9544',1235065289,'customers_host_address|s:43:\"pool-173-70-127-114.nwrknj.fios.verizon.net\";cartID|s:0:\"\";cart|O:12:\"shoppingcart\":8:{s:8:\"contents\";a:0:{}s:5:\"total\";i:0;s:6:\"weight\";i:0;s:6:\"cartID\";N;s:12:\"content_type\";b:0;s:18:\"free_shipping_item\";i:0;s:20:\"free_shipping_weight\";i:0;s:19:\"free_shipping_price\";i:0;}language|s:7:\"english\";languages_id|s:1:\"1\";currency|s:3:\"USD\";check_valid|s:4:\"true\";navigation|O:17:\"navigationhistory\":2:{s:4:\"path\";a:2:{i:0;a:4:{s:4:\"page\";s:13:\"shopping_cart\";s:4:\"mode\";s:6:\"NONSSL\";s:3:\"get\";N;s:4:\"post\";a:0:{}}i:1;a:4:{s:4:\"page\";s:5:\"login\";s:4:\"mode\";s:3:\"SSL\";s:3:\"get\";N;s:4:\"post\";a:0:{}}}s:8:\"snapshot\";a:0:{}}update_expirations|s:4:\"true\";valid_to_checkout|b:1;cart_errors|s:0:\"\";'),('1eb0e3bf1731ba5d0d24597132f4d47b',1235091270,'customers_host_address|s:28:\"cache-mtc-af11.proxy.aol.com\";cartID|s:0:\"\";cart|O:12:\"shoppingcart\":7:{s:8:\"contents\";a:0:{}s:5:\"total\";i:0;s:6:\"weight\";i:0;s:12:\"content_type\";b:0;s:18:\"free_shipping_item\";i:0;s:20:\"free_shipping_weight\";i:0;s:19:\"free_shipping_price\";i:0;}language|s:7:\"english\";languages_id|s:1:\"1\";currency|s:3:\"USD\";check_valid|s:4:\"true\";navigation|O:17:\"navigationhistory\":2:{s:4:\"path\";a:0:{}s:8:\"snapshot\";a:0:{}}update_expirations|s:4:\"true\";'),('3b4866b84a2ad62567f2df92674cb4de',1235130384,'customers_host_address|s:32:\"crawl-66-249-71-73.googlebot.com\";cartID|s:0:\"\";cart|O:12:\"shoppingcart\":7:{s:8:\"contents\";a:0:{}s:5:\"total\";i:0;s:6:\"weight\";i:0;s:12:\"content_type\";b:0;s:18:\"free_shipping_item\";i:0;s:20:\"free_shipping_weight\";i:0;s:19:\"free_shipping_price\";i:0;}language|s:7:\"english\";languages_id|s:1:\"1\";currency|s:3:\"USD\";check_valid|s:4:\"true\";navigation|O:17:\"navigationhistory\":2:{s:4:\"path\";a:0:{}s:8:\"snapshot\";a:0:{}}update_expirations|s:4:\"true\";'),('156d14daf07f3605bef24cc0f19d9dc8',1235137049,'customers_host_address|s:30:\"crawl180.tkl.iis.u-tokyo.ac.jp\";cartID|s:0:\"\";cart|O:12:\"shoppingcart\":7:{s:8:\"contents\";a:0:{}s:5:\"total\";i:0;s:6:\"weight\";i:0;s:12:\"content_type\";b:0;s:18:\"free_shipping_item\";i:0;s:20:\"free_shipping_weight\";i:0;s:19:\"free_shipping_price\";i:0;}language|s:7:\"english\";languages_id|s:1:\"1\";currency|s:3:\"USD\";check_valid|s:4:\"true\";navigation|O:17:\"navigationhistory\":2:{s:4:\"path\";a:0:{}s:8:\"snapshot\";a:0:{}}update_expirations|s:4:\"true\";'),('3851af0c4adf9179bc43d4f583d9ffbd',1235145526,'customers_host_address|s:25:\"llf531155.crawl.yahoo.net\";cartID|s:0:\"\";cart|O:12:\"shoppingcart\":7:{s:8:\"contents\";a:0:{}s:5:\"total\";i:0;s:6:\"weight\";i:0;s:12:\"content_type\";b:0;s:18:\"free_shipping_item\";i:0;s:20:\"free_shipping_weight\";i:0;s:19:\"free_shipping_price\";i:0;}language|s:7:\"english\";languages_id|s:1:\"1\";currency|s:3:\"USD\";check_valid|s:4:\"true\";navigation|O:17:\"navigationhistory\":2:{s:4:\"path\";a:0:{}s:8:\"snapshot\";a:0:{}}update_expirations|s:4:\"true\";'),('7d515ad0465628cb50ea3af101700425',1235154614,'language|s:7:\"english\";languages_id|s:1:\"1\";selected_box|s:13:\"configuration\";html_editor_preference_status|s:4:\"NONE\";');

--
-- Table structure for table `specials`
--

CREATE TABLE `specials` (
  `specials_id` int(11) NOT NULL auto_increment,
  `products_id` int(11) NOT NULL default '0',
  `specials_new_products_price` decimal(15,4) NOT NULL default '0.0000',
  `specials_date_added` datetime default NULL,
  `specials_last_modified` datetime default NULL,
  `expires_date` date NOT NULL default '0001-01-01',
  `date_status_change` datetime default NULL,
  `status` int(1) NOT NULL default '1',
  `specials_date_available` date NOT NULL default '0001-01-01',
  PRIMARY KEY  (`specials_id`),
  KEY `idx_status_zen` (`status`),
  KEY `idx_products_id_zen` (`products_id`),
  KEY `idx_date_avail_zen` (`specials_date_available`)
) ENGINE=MyISAM DEFAULT CHARSET=latin1;

--
-- Dumping data for table `specials`
--


--
-- Table structure for table `tax_class`
--

CREATE TABLE `tax_class` (
  `tax_class_id` int(11) NOT NULL auto_increment,
  `tax_class_title` varchar(32) NOT NULL default '',
  `tax_class_description` varchar(255) NOT NULL default '',
  `last_modified` datetime default NULL,
  `date_added` datetime NOT NULL default '0001-01-01 00:00:00',
  PRIMARY KEY  (`tax_class_id`)
) ENGINE=MyISAM AUTO_INCREMENT=2 DEFAULT CHARSET=latin1;

--
-- Dumping data for table `tax_class`
--

INSERT INTO `tax_class` VALUES (1,'Taxable Goods','The following types of products are included non-food, services, etc','2004-01-21 01:35:29','2004-01-21 01:35:29');

--
-- Table structure for table `tax_rates`
--

CREATE TABLE `tax_rates` (
  `tax_rates_id` int(11) NOT NULL auto_increment,
  `tax_zone_id` int(11) NOT NULL default '0',
  `tax_class_id` int(11) NOT NULL default '0',
  `tax_priority` int(5) default '1',
  `tax_rate` decimal(7,4) NOT NULL default '0.0000',
  `tax_description` varchar(255) NOT NULL default '',
  `last_modified` datetime default NULL,
  `date_added` datetime NOT NULL default '0001-01-01 00:00:00',
  PRIMARY KEY  (`tax_rates_id`),
  KEY `idx_tax_zone_id_zen` (`tax_zone_id`),
  KEY `idx_tax_class_id_zen` (`tax_class_id`)
) ENGINE=MyISAM AUTO_INCREMENT=2 DEFAULT CHARSET=latin1;

--
-- Dumping data for table `tax_rates`
--

INSERT INTO `tax_rates` VALUES (1,2,1,1,'8.2500','CA TAX 8.25%','2006-11-10 09:30:50','2005-09-20 18:35:50');

--
-- Table structure for table `template_select`
--

CREATE TABLE `template_select` (
  `template_id` int(11) NOT NULL auto_increment,
  `template_dir` varchar(64) NOT NULL default '',
  `template_language` varchar(64) NOT NULL default '0',
  PRIMARY KEY  (`template_id`)
) ENGINE=MyISAM AUTO_INCREMENT=2 DEFAULT CHARSET=latin1;

--
-- Dumping data for table `template_select`
--

INSERT INTO `template_select` VALUES (1,'mojo','0');

--
-- Table structure for table `upgrade_exceptions`
--

CREATE TABLE `upgrade_exceptions` (
  `upgrade_exception_id` smallint(5) NOT NULL auto_increment,
  `sql_file` varchar(50) default NULL,
  `reason` varchar(200) default NULL,
  `errordate` datetime default '0001-01-01 00:00:00',
  `sqlstatement` text,
  PRIMARY KEY  (`upgrade_exception_id`)
) ENGINE=MyISAM DEFAULT CHARSET=latin1;

--
-- Dumping data for table `upgrade_exceptions`
--


--
-- Table structure for table `whos_online`
--

CREATE TABLE `whos_online` (
  `customer_id` int(11) default NULL,
  `full_name` varchar(64) NOT NULL default '',
  `session_id` varchar(128) NOT NULL default '',
  `ip_address` varchar(15) NOT NULL default '',
  `time_entry` varchar(14) NOT NULL default '',
  `time_last_click` varchar(14) NOT NULL default '',
  `last_page_url` varchar(255) NOT NULL default '',
  `host_address` text NOT NULL,
  `user_agent` varchar(255) NOT NULL default '',
  KEY `idx_ip_address_zen` (`ip_address`),
  KEY `idx_session_id_zen` (`session_id`),
  KEY `idx_customer_id_zen` (`customer_id`),
  KEY `idx_time_entry_zen` (`time_entry`),
  KEY `idx_time_last_click_zen` (`time_last_click`),
  KEY `idx_last_page_url_zen` (`last_page_url`)
) ENGINE=MyISAM DEFAULT CHARSET=latin1;

--
-- Dumping data for table `whos_online`
--

INSERT INTO `whos_online` VALUES (0,'Guest','3851af0c4adf9179bc43d4f583d9ffbd','72.30.142.106','1235144086','1235144086','/shop/index.php?main_page=full_monte','llf531155.crawl.yahoo.net','Mozilla/5.0 (compatible; Yahoo! Slurp; http://help.yahoo.com/help/us/ysearch/slurp)');

--
-- Table structure for table `zones`
--

CREATE TABLE `zones` (
  `zone_id` int(11) NOT NULL auto_increment,
  `zone_country_id` int(11) NOT NULL default '0',
  `zone_code` varchar(32) NOT NULL default '',
  `zone_name` varchar(32) NOT NULL default '',
  PRIMARY KEY  (`zone_id`)
) ENGINE=MyISAM AUTO_INCREMENT=184 DEFAULT CHARSET=latin1;

--
-- Dumping data for table `zones`
--

INSERT INTO `zones` VALUES (1,223,'AL','Alabama'),(2,223,'AK','Alaska'),(3,223,'AS','American Samoa'),(4,223,'AZ','Arizona'),(5,223,'AR','Arkansas'),(6,223,'AF','Armed Forces Africa'),(7,223,'AA','Armed Forces Americas'),(8,223,'AC','Armed Forces Canada'),(9,223,'AE','Armed Forces Europe'),(10,223,'AM','Armed Forces Middle East'),(11,223,'AP','Armed Forces Pacific'),(12,223,'CA','California'),(13,223,'CO','Colorado'),(14,223,'CT','Connecticut'),(15,223,'DE','Delaware'),(16,223,'DC','District of Columbia'),(17,223,'FM','Federated States Of Micronesia'),(18,223,'FL','Florida'),(19,223,'GA','Georgia'),(20,223,'GU','Guam'),(21,223,'HI','Hawaii'),(22,223,'ID','Idaho'),(23,223,'IL','Illinois'),(24,223,'IN','Indiana'),(25,223,'IA','Iowa'),(26,223,'KS','Kansas'),(27,223,'KY','Kentucky'),(28,223,'LA','Louisiana'),(29,223,'ME','Maine'),(30,223,'MH','Marshall Islands'),(31,223,'MD','Maryland'),(32,223,'MA','Massachusetts'),(33,223,'MI','Michigan'),(34,223,'MN','Minnesota'),(35,223,'MS','Mississippi'),(36,223,'MO','Missouri'),(37,223,'MT','Montana'),(38,223,'NE','Nebraska'),(39,223,'NV','Nevada'),(40,223,'NH','New Hampshire'),(41,223,'NJ','New Jersey'),(42,223,'NM','New Mexico'),(183,223,'NY','New York'),(44,223,'NC','North Carolina'),(45,223,'ND','North Dakota'),(46,223,'MP','Northern Mariana Islands'),(47,223,'OH','Ohio'),(48,223,'OK','Oklahoma'),(49,223,'OR','Oregon'),(50,223,'PW','Palau'),(51,223,'PA','Pennsylvania'),(52,223,'PR','Puerto Rico'),(53,223,'RI','Rhode Island'),(54,223,'SC','South Carolina'),(55,223,'SD','South Dakota'),(56,223,'TN','Tennessee'),(57,223,'TX','Texas'),(58,223,'UT','Utah'),(59,223,'VT','Vermont'),(60,223,'VI','Virgin Islands'),(61,223,'VA','Virginia'),(62,223,'WA','Washington'),(63,223,'WV','West Virginia'),(64,223,'WI','Wisconsin'),(65,223,'WY','Wyoming'),(66,38,'AB','Alberta'),(67,38,'BC','British Columbia'),(68,38,'MB','Manitoba'),(69,38,'NF','Newfoundland'),(70,38,'NB','New Brunswick'),(71,38,'NS','Nova Scotia'),(72,38,'NT','Northwest Territories'),(73,38,'NU','Nunavut'),(74,38,'ON','Ontario'),(75,38,'PE','Prince Edward Island'),(76,38,'QC','Quebec'),(77,38,'SK','Saskatchewan'),(78,38,'YT','Yukon Territory'),(79,81,'NDS','Niedersachsen'),(80,81,'BAW','Baden-Wrttemberg'),(81,81,'BAY','Bayern'),(82,81,'BER','Berlin'),(83,81,'BRG','Brandenburg'),(84,81,'BRE','Bremen'),(85,81,'HAM','Hamburg'),(86,81,'HES','Hessen'),(87,81,'MEC','Mecklenburg-Vorpommern'),(88,81,'NRW','Nordrhein-Westfalen'),(89,81,'RHE','Rheinland-Pfalz'),(90,81,'SAR','Saarland'),(91,81,'SAS','Sachsen'),(92,81,'SAC','Sachsen-Anhalt'),(93,81,'SCN','Schleswig-Holstein'),(94,81,'THE','Thringen'),(95,14,'WI','Wien'),(96,14,'NO','Niedersterreich'),(97,14,'OO','Obersterreich'),(98,14,'SB','Salzburg'),(99,14,'KN','K???nten'),(100,14,'ST','Steiermark'),(101,14,'TI','Tirol'),(102,223,'US, USA','USA'),(103,14,'VB','Voralberg'),(104,204,'AG','Aargau'),(105,204,'AI','Appenzell Innerrhoden'),(106,204,'AR','Appenzell Ausserrhoden'),(107,204,'BE','Bern'),(108,204,'BL','Basel-Landschaft'),(109,204,'BS','Basel-Stadt'),(110,204,'FR','Freiburg'),(111,204,'GE','Genf'),(112,204,'GL','Glarus'),(113,204,'JU','Graubnden'),(114,204,'JU','Jura'),(115,204,'LU','Luzern'),(116,204,'NE','Neuenburg'),(117,204,'NW','Nidwalden'),(118,204,'OW','Obwalden'),(119,204,'SG','St. Gallen'),(120,204,'SH','Schaffhausen'),(121,204,'SO','Solothurn'),(122,204,'SZ','Schwyz'),(123,204,'TG','Thurgau'),(124,204,'TI','Tessin'),(125,204,'UR','Uri'),(126,204,'VD','Waadt'),(127,204,'VS','Wallis'),(128,204,'ZG','Zug'),(129,204,'ZH','Zrich'),(130,195,'A Corua','A Corua'),(131,195,'Alava','Alava'),(132,195,'Albacete','Albacete'),(133,195,'Alicante','Alicante'),(134,195,'Almeria','Almeria'),(135,195,'Asturias','Asturias'),(136,195,'Avila','Avila'),(137,195,'Badajoz','Badajoz'),(138,195,'Baleares','Baleares'),(139,195,'Barcelona','Barcelona'),(140,195,'Burgos','Burgos'),(141,195,'Caceres','Caceres'),(142,195,'Cadiz','Cadiz'),(143,195,'Cantabria','Cantabria'),(144,195,'Castellon','Castellon'),(145,195,'Ceuta','Ceuta'),(146,195,'Ciudad Real','Ciudad Real'),(147,195,'Cordoba','Cordoba'),(148,195,'Cuenca','Cuenca'),(149,195,'Girona','Girona'),(150,195,'Granada','Granada'),(151,195,'Guadalajara','Guadalajara'),(152,195,'Guipuzcoa','Guipuzcoa'),(153,195,'Huelva','Huelva'),(154,195,'Huesca','Huesca'),(155,195,'Jaen','Jaen'),(156,195,'La Rioja','La Rioja'),(157,195,'Las Palmas','Las Palmas'),(158,195,'Leon','Leon'),(159,195,'Lleida','Lleida'),(160,195,'Lugo','Lugo'),(161,195,'Madrid','Madrid'),(162,195,'Malaga','Malaga'),(163,195,'Melilla','Melilla'),(164,195,'Murcia','Murcia'),(165,195,'Navarra','Navarra'),(166,195,'Ourense','Ourense'),(167,195,'Palencia','Palencia'),(168,195,'Pontevedra','Pontevedra'),(169,195,'Salamanca','Salamanca'),(170,195,'Santa Cruz de Tenerife','Santa Cruz de Tenerife'),(171,195,'Segovia','Segovia'),(172,195,'Sevilla','Sevilla'),(173,195,'Soria','Soria'),(174,195,'Tarragona','Tarragona'),(175,195,'Teruel','Teruel'),(176,195,'Toledo','Toledo'),(177,195,'Valencia','Valencia'),(178,195,'Valladolid','Valladolid'),(179,195,'Vizcaya','Vizcaya'),(180,195,'Zamora','Zamora'),(181,195,'Zaragoza','Zaragoza');

--
-- Table structure for table `zones_to_geo_zones`
--

CREATE TABLE `zones_to_geo_zones` (
  `association_id` int(11) NOT NULL auto_increment,
  `zone_country_id` int(11) NOT NULL default '0',
  `zone_id` int(11) default NULL,
  `geo_zone_id` int(11) default NULL,
  `last_modified` datetime default NULL,
  `date_added` datetime NOT NULL default '0001-01-01 00:00:00',
  PRIMARY KEY  (`association_id`)
) ENGINE=MyISAM AUTO_INCREMENT=7 DEFAULT CHARSET=latin1;

--
-- Dumping data for table `zones_to_geo_zones`
--

INSERT INTO `zones_to_geo_zones` VALUES (2,223,12,2,'2006-11-17 16:49:32','2006-11-17 16:46:44'),(3,223,NULL,3,'2007-02-05 21:15:35','2006-11-17 16:49:10'),(4,81,0,4,NULL,'2007-02-05 20:58:29'),(6,0,NULL,5,'2007-02-05 21:20:15','2007-02-05 21:19:03');


