--
-- Host: localhost    Database: jamionb_magento
-- ------------------------------------------------------


--
-- Table structure for table `adjordernum`
--

CREATE TABLE `adjordernum` (
  `ordernum_id` smallint(5) unsigned NOT NULL auto_increment,
  `store_id` smallint(5) unsigned NOT NULL,
  `order_prefix` varchar(32) NOT NULL,
  `order_start` int(11) NOT NULL,
  `order_incr` int(10) unsigned NOT NULL,
  `invoice_prefix` varchar(32) NOT NULL,
  `invoice_start` int(11) NOT NULL,
  `invoice_incr` int(11) NOT NULL,
  `shipment_prefix` varchar(32) default NULL,
  `shipment_start` int(11) NOT NULL,
  `shipment_incr` int(11) NOT NULL,
  `creditmemo_prefix` varchar(32) NOT NULL,
  `creditmemo_start` int(11) NOT NULL,
  `creditmemo_incr` int(11) NOT NULL,
  PRIMARY KEY  (`ordernum_id`),
  UNIQUE KEY `store_id` (`store_id`)
) ENGINE=InnoDB AUTO_INCREMENT=2 DEFAULT CHARSET=utf8;

--
-- Dumping data for table `adjordernum`
--

INSERT INTO `adjordernum` VALUES (1,1,'ORD',317296,13,'INV',317296,13,'SHI',317296,13,'MEM',317296,13);

--
-- Table structure for table `admin_assert`
--

CREATE TABLE `admin_assert` (
  `assert_id` int(10) unsigned NOT NULL auto_increment,
  `assert_type` varchar(20) NOT NULL default '',
  `assert_data` text,
  PRIMARY KEY  (`assert_id`)
) ENGINE=InnoDB DEFAULT CHARSET=utf8 COMMENT='ACL Asserts';

--
-- Dumping data for table `admin_assert`
--


--
-- Table structure for table `admin_role`
--

CREATE TABLE `admin_role` (
  `role_id` int(10) unsigned NOT NULL auto_increment,
  `parent_id` int(10) unsigned NOT NULL default '0',
  `tree_level` tinyint(3) unsigned NOT NULL default '0',
  `sort_order` tinyint(3) unsigned NOT NULL default '0',
  `role_type` char(1) NOT NULL default '0',
  `user_id` int(11) unsigned NOT NULL default '0',
  `role_name` varchar(50) NOT NULL default '',
  PRIMARY KEY  (`role_id`),
  KEY `parent_id` (`parent_id`,`sort_order`),
  KEY `tree_level` (`tree_level`)
) ENGINE=InnoDB AUTO_INCREMENT=4 DEFAULT CHARSET=utf8 COMMENT='ACL Roles';

--
-- Dumping data for table `admin_role`
--

INSERT INTO `admin_role` VALUES (1,0,1,1,'G',0,'Administrators'),(3,1,1,0,'U',2,'Mojo');

--
-- Table structure for table `admin_rule`
--

CREATE TABLE `admin_rule` (
  `rule_id` int(10) unsigned NOT NULL auto_increment,
  `role_id` int(10) unsigned NOT NULL default '0',
  `resource_id` varchar(255) NOT NULL default '',
  `privileges` varchar(20) NOT NULL default '',
  `assert_id` int(10) unsigned NOT NULL default '0',
  `role_type` char(1) default NULL,
  `permission` varchar(10) default NULL,
  PRIMARY KEY  (`rule_id`),
  KEY `resource` (`resource_id`,`role_id`),
  KEY `role_id` (`role_id`,`resource_id`),
  CONSTRAINT `FK_admin_rule` FOREIGN KEY (`role_id`) REFERENCES `admin_role` (`role_id`) ON DELETE CASCADE ON UPDATE CASCADE
) ENGINE=InnoDB AUTO_INCREMENT=2 DEFAULT CHARSET=utf8 COMMENT='ACL Rules';

--
-- Dumping data for table `admin_rule`
--

INSERT INTO `admin_rule` VALUES (1,1,'all','',0,'G','allow');

--
-- Table structure for table `adminnotification_inbox`
--

CREATE TABLE `adminnotification_inbox` (
  `notification_id` int(10) unsigned NOT NULL auto_increment,
  `severity` tinyint(3) unsigned NOT NULL default '0',
  `date_added` datetime NOT NULL,
  `title` varchar(255) NOT NULL,
  `description` text,
  `url` varchar(255) NOT NULL,
  `is_read` tinyint(1) unsigned NOT NULL default '0',
  `is_remove` tinyint(1) unsigned NOT NULL default '0',
  PRIMARY KEY  (`notification_id`),
  KEY `IDX_SEVERITY` (`severity`),
  KEY `IDX_IS_READ` (`is_read`),
  KEY `IDX_IS_REMOVE` (`is_remove`)
) ENGINE=InnoDB AUTO_INCREMENT=44 DEFAULT CHARSET=utf8;

--
-- Dumping data for table `adminnotification_inbox`
--

INSERT INTO `adminnotification_inbox` VALUES (1,4,'2008-07-25 01:24:40','Magento 1.1 Production Version Now Available','We are thrilled to announce the availability of the production release of Magento 1.1. Read more about the release in the Magento Blog.','http://www.magentocommerce.com/blog/comments/magento-11-is-here-1/',0,1),(2,4,'2008-08-02 01:30:16','Updated iPhone Theme is now available','Updated iPhone theme for Magento 1.1 is now available on Magento Connect and for upgrade through your Magento Connect Manager.','http://www.magentocommerce.com/blog/comments/updated-iphone-theme-for-magento-11-is-now-available/',0,1),(3,3,'2008-08-02 01:40:27','Magento version 1.1.2 is now available','Magento version 1.1.2 is now available for download and upgrade.','http://www.magentocommerce.com/blog/comments/magento-version-112-is-now-available/',0,1),(4,3,'2008-08-13 17:51:46','Magento version 1.1.3 is now available','Magento version 1.1.3 is now available','http://www.magentocommerce.com/blog/comments/magento-version-113-is-now-available/',0,1),(5,1,'2008-09-02 21:10:31','Magento Version 1.1.4 Security Update Now Available','Magento 1.1.4 Security Update Now Available. If you are using Magento version 1.1.x, we highly recommend upgrading to this version as soon as possible.','http://www.magentocommerce.com/blog/comments/magento-version-114-security-update/',0,1),(6,3,'2008-09-15 22:09:54','Magento version 1.1.5 Now Available','Magento version 1.1.5 Now Available.\n\nThis release includes many bug fixes, a new category manager and a new skin for the default Magento theme.','http://www.magentocommerce.com/blog/comments/magento-version-115-now-available/',0,1),(7,3,'2008-09-17 20:18:35','Magento version 1.1.6 Now Available','Magento version 1.1.6 Now Available.\n\nThis version includes bug fixes for Magento 1.1.x that are listed in the release notes section.','http://www.magentocommerce.com/blog/comments/magento-version-116-now-available/',0,1),(8,4,'2008-11-07 23:46:42','Reminder: Change Magento`s default phone numbers and callouts before site launch','Before launching your Magento store, please remember to change Magento`s default phone numbers that appear in email templates, callouts, templates, etc.','',0,1),(9,3,'2008-11-20 01:31:12','Magento version 1.1.7 Now Available','Magento version 1.1.7 Now Available.\n\nThis version includes over 350 issue resolutions for Magento 1.1.x that are listed in the release notes section, and new functionality that includes:\n\n-Google Website Optimizer integration\n-Google Base integration\n-Scheduled DB logs cleaning option','http://www.magentocommerce.com/blog/comments/magento-version-117-now-available/',0,1),(10,3,'2008-11-26 21:24:50','Magento Version 1.1.8 Now Available','Magento version 1.1.8 now available.\n\nThis version includes some issue resolutions for Magento 1.1.x that are listed in the release notes section.','http://www.magentocommerce.com/blog/comments/magento-version-118-now-available/',0,1),(11,3,'2008-12-30 07:45:59','Magento version 1.2.0 is now available for download and upgrade','We are extremely happy to announce the availability of Magento version 1.2.0 for download and upgrade.\n\nThis version includes numerous issue resolutions for Magento version 1.1.x and some highly requested new features such as:\n\n    * Support for Downloadable/Digital Products. \n    * Added Layered Navigation to site search result page.\n    * Improved site search to utilize MySQL fulltext search\n    * Added support for fixed-taxes on product level.\n    * Upgraded Zend Framework to the latest stable version 1.7.2','http://www.magentocommerce.com/blog/comments/magento-version-120-is-now-available/',0,1),(12,2,'2008-12-30 21:59:22','Magento version 1.2.0.1 now available','Magento version 1.2.0.1 now available.This version includes some issue resolutions for Magento 1.2.x that are listed in the release notes section.','http://www.magentocommerce.com/blog/comments/magento-version-1201-available/',0,1),(13,2,'2009-01-12 20:41:49','Magento version 1.2.0.2 now available','Magento version 1.2.0.2 is now available for download and upgrade. This version includes an issue resolutions for Magento version 1.2.0.x as listed in the release notes.','http://www.magentocommerce.com/blog/comments/magento-version-1202-now-available/',0,1),(14,3,'2009-01-24 00:25:56','Magento version 1.2.0.3 now available','Magento version 1.2.0.3 is now available for download and upgrade. This version includes issue resolutions for Magento version 1.2.0.x as listed in the release notes.','http://www.magentocommerce.com/blog/comments/magento-version-1203-now-available/',0,1),(15,3,'2009-02-02 21:57:00','Magento version 1.2.1 is now available for download and upgrade','We are happy to announce the availability of Magento version 1.2.1 for download and upgrade.\n\nThis version includes some issue resolutions for Magento version 1.2.x. A full list of items included in this release can be found on the release notes page.','http://www.magentocommerce.com/blog/comments/magento-version-121-now-available/',0,1),(16,3,'2009-02-24 00:45:47','Magento version 1.2.1.1 now available','Magento version 1.2.1.1 now available.This version includes some issue resolutions for Magento 1.2.x that are listed in the release notes section.','http://www.magentocommerce.com/blog/comments/magento-version-1211-now-available/',0,1),(17,3,'2009-02-27 01:39:24','CSRF Attack Prevention','We have just posted a blog entry about a hypothetical CSRF attack on a Magento admin panel. Please read the post to find out if your Magento installation is at risk at http://www.magentocommerce.com/blog/comments/csrf-vulnerabilities-in-web-application-and-how-to-avoid-them-in-magento/','http://www.magentocommerce.com/blog/comments/csrf-vulnerabilities-in-web-application-and-how-to-avoid-them-in-magento/',0,1),(18,2,'2009-03-03 23:03:58','Magento version 1.2.1.2 now available','Magento version 1.2.1.2 is now available for download and upgrade.\nThis version includes some updates to improve admin security as described in the release notes page.','http://www.magentocommerce.com/blog/comments/magento-version-1212-now-available/',0,1),(19,3,'2009-03-31 02:22:40','Magento version 1.3.0 now available','Magento version 1.3.0 is now available for download and upgrade. This version includes numerous issue resolutions for Magento version 1.2.x and new features as described on the release notes page.','http://www.magentocommerce.com/blog/comments/magento-version-130-is-now-available/',0,1),(20,3,'2009-04-18 04:06:02','Magento version 1.3.1 now available','Magento version 1.3.1 is now available for download and upgrade. This version includes some issue resolutions for Magento version 1.3.x and new features such as Checkout By Amazon and Amazon Flexible Payment. To see a full list of updates please check the release notes page.','http://www.magentocommerce.com/blog/comments/magento-version-131-now-available/',0,1),(21,3,'2009-05-19 22:31:21','Magento version 1.3.1.1 now available','Magento version 1.3.1.1 is now available for download and upgrade. This version includes some issue resolutions for Magento version 1.3.x and a security update for Magento installations that run on multiple domains or sub-domains. If you are running Magento with multiple domains or sub-domains we highly recommend upgrading to this version.','http://www.magentocommerce.com/blog/comments/magento-version-1311-now-available/',0,1),(22,3,'2009-05-29 22:54:06','Magento version 1.3.2 now available','This version includes some improvements and issue resolutions for version 1.3.x that are listed on the release notes page. also included is a Beta version of the Compile module.','http://www.magentocommerce.com/blog/comments/magento-version-132-now-available/',0,1),(23,3,'2009-06-01 19:32:52','Magento version 1.3.2.1 now available','Magento version 1.3.2.1 now available for download and upgrade.\n\nThis release solves an issue for users running Magento with PHP 5.2.0, and changes to index.php to support the new Compiler Module.','http://www.magentocommerce.com/blog/comments/magento-version-1321-now-available/',0,1),(24,3,'2009-07-02 01:21:44','Magento version 1.3.2.2 now available','Magento version 1.3.2.2 is now available for download and upgrade.\n\nThis release includes issue resolution for Magento version 1.3.x. To see a full list of changes please visit the release notes page http://www.magentocommerce.com/download/release_notes.','http://www.magentocommerce.com/blog/comments/magento-version-1322-now-available/',0,1),(25,3,'2009-07-23 06:48:54','Magento version 1.3.2.3 now available','Magento version 1.3.2.3 is now available for download and upgrade.\n\nThis release includes issue resolution for Magento version 1.3.x. We recommend to upgrade to this version if PayPal payment modules are in use. To see a full list of changes please visit the release notes page http://www.magentocommerce.com/download/release_notes.','http://www.magentocommerce.com/blog/comments/magento-version-1323-now-available/',0,1),(26,4,'2009-08-28 18:26:28','PayPal is updating Payflow Pro and Website Payments Pro (Payflow Edition) UK.','If you are using Payflow Pro and/or Website Payments Pro (Payflow Edition) UK.  payment methods, you will need to update the URL‘s in your Magento Administrator Panel in order to process transactions after September 1, 2009. Full details are available here: http://www.magentocommerce.com/wiki/paypal_payflow_changes','http://www.magentocommerce.com/wiki/paypal_payflow_changes',0,1),(27,2,'2009-09-23 20:16:49','Magento Version 1.3.2.4 Security Update','Magento Version 1.3.2.4 is now available. This version includes a security updates for Magento 1.3.x that solves possible XSS vulnerability issue on customer registration page and is available through SVN, Download Page and through the Magento Connect Manager.','http://www.magentocommerce.com/blog/comments/magento-version-1324-security-update/',0,1),(28,4,'2009-09-25 14:57:54','Magento Preview Version 1.4.0.0-alpha2 is now available','We are happy to announce the availability of Magento Preview Version 1.4.0.0-alpha2 for download.\nAs this is a preview version it is NOT recommended in any way to be used in a production environment.','http://www.magentocommerce.com/blog/comments/magento-preview-version-1400-alpha2-now-available/',0,1),(29,4,'2009-10-07 00:55:40','Magento Preview Version 1.4.0.0-alpha3 is now available','We are happy to announce the availability of Magento Preview Version 1.4.0.0-alpha3 for download.\nAs this is a preview version it is NOT recommended in any way to be used in a production environment.','http://www.magentocommerce.com/blog/comments/magento-preview-version-1400-alpha3-now-available/',0,1),(30,4,'2009-12-08 23:30:36','Magento Preview Version 1.4.0.0-beta1 is now available','We are happy to announce the availability of Magento Preview Version 1.4.0.0-beta1 for download.\nAs this is a preview version it is NOT recommended in any way to be used in a production environment.','http://www.magentocommerce.com/blog/comments/magento-preview-version-1400-beta1-now-available/',0,1),(31,4,'2009-12-31 09:22:12','Magento Preview Version 1.4.0.0-rc1 is now available','We are happy to announce the availability of Magento Preview Version 1.4.0.0-rc1 for download.\nAs this is a preview version it is NOT recommended in any way to be used in a production environment.','http://www.magentocommerce.com/blog/comments/magento-preview-version-1400-rc1-now-available/',0,1),(32,4,'2010-02-13 03:39:53','Magento CE Version 1.4.0.0 Stable is now available','We are excited to announce the availability of Magento CE Version 1.4.0.0 Stable for upgrade and download.','http://bit.ly/c53rpK',0,1),(33,3,'2010-02-20 02:39:36','Magento CE Version 1.4.0.1 Stable is now available','Magento CE 1.4.0.1 Stable is now available for upgrade and download.','http://www.magentocommerce.com/blog/comments/magento-ce-version-1401-stable-now-available/',0,1),(34,4,'2010-04-23 20:09:03','Magento Version CE 1.3.3.0 Stable - Now Available With Support for 3-D Secure','Based on community requests, we are excited to announce the release of Magento CE 1.3.3.0-Stable with support for 3-D Secure. This release is intended for Magento merchants using version 1.3.x, who want to add support for 3-D Secure.','http://www.magentocommerce.com/blog/comments/magento-version-ce-1330-stable-now-available-with-support-for-3-d-secure/',0,0),(35,4,'2010-05-31 17:20:21','Announcing the Launch of Magento Mobile','The Magento team is pleased to announce the launch of Magento mobile, a new product that will allow Magento merchants to easily create branded, native mobile storefront applications that are deeply integrated with Magento’s market-leading eCommerce platform. The product includes a new administrative manager, a native iPhone app that is fully customizable, and a service where Magento manages the submission and maintenance process for the iTunes App Store.\n\nLearn more by visiting the Magento mobile product page and sign-up to be the first to launch a native mobile commerce app, fully integrated with Magento.','http://www.magentocommerce.com/product/mobile',0,0),(36,4,'2010-06-10 20:08:08','Magento CE Version 1.4.1.0 Stable is now available','We are excited to announce the availability of Magento CE Version 1.4.1.0 Stable for upgrade and download. Some of the highlights of this release include: Enhanced PayPal integration (more info to follow), Change of Database structure of the Sales module to no longer use EAV, and much more.','http://www.magentocommerce.com/blog/comments/magento-ce-version-1410-stable-now-available/',0,0),(37,4,'2010-07-26 21:37:34','Magento CE Version 1.4.1.1 Stable is now available','We are excited to announce the availability of Magento CE Version 1.4.1.1 Stable for download and upgrade.','http://www.magentocommerce.com/blog/comments/magento-ce-version-1411-stable-now-available/',0,0),(38,4,'2010-07-28 05:12:12','Magento CE Version 1.4.2.0-beta1 Preview Release Now Available','This release gives a preview of the new Magento Connect Manager.','http://www.magentocommerce.com/blog/comments/magento-preview-version-1420-beta1-now-available/',0,0),(39,4,'2010-07-28 20:15:01','Magento CE Version 1.4.1.1 Patch Available','As some users experienced issues with upgrading to CE 1.4.1.1 through PEAR channels we provided a patch for it that is available on our blog http://www.magentocommerce.com/blog/comments/magento-ce-version-1411-stable-patch/','http://www.magentocommerce.com/blog/comments/magento-ce-version-1411-stable-patch/',0,0),(40,4,'2010-10-12 00:13:25','Magento Mobile is now live!','Magento Mobile is now live! Signup today to have your own native iPhone mobile-shopping app in iTunes for the holiday season! Learn more at http://www.magentomobile.com/','http://www.magentomobile.com/',0,0),(41,4,'2010-11-08 21:52:06','Magento CE Version 1.4.2.0-RC1 Preview Release Now Available','We are happy to announce the availability of Magento Preview Version 1.4.2.0-RC1 for download.','http://www.magentocommerce.com/blog/comments/magento-preview-version-1420-rc1-now-available/',0,0),(42,4,'2010-12-02 20:33:00','Magento CE Version 1.4.2.0-RC2 Preview Release Now Available','We are happy to announce the availability of Magento Preview Version 1.4.2.0-RC2 for download.','http://www.magentocommerce.com/blog/comments/magento-preview-version-1420-rc2-now-available/',0,0),(43,4,'2010-12-08 22:29:55','Magento CE Version 1.4.2.0 Stable is now available','We are excited to announce the availability of Magento CE Version 1.4.2.0 Stable for download and upgrade.','http://www.magentocommerce.com/blog/comments/magento-ce-version-1420-stable-now-available/',0,0);

--
-- Table structure for table `api_assert`
--

CREATE TABLE `api_assert` (
  `assert_id` int(10) unsigned NOT NULL auto_increment,
  `assert_type` varchar(20) NOT NULL default '',
  `assert_data` text,
  PRIMARY KEY  (`assert_id`)
) ENGINE=InnoDB DEFAULT CHARSET=utf8 COMMENT='Api ACL Asserts';

--
-- Dumping data for table `api_assert`
--


--
-- Table structure for table `api_role`
--

CREATE TABLE `api_role` (
  `role_id` int(10) unsigned NOT NULL auto_increment,
  `parent_id` int(10) unsigned NOT NULL default '0',
  `tree_level` tinyint(3) unsigned NOT NULL default '0',
  `sort_order` tinyint(3) unsigned NOT NULL default '0',
  `role_type` char(1) NOT NULL default '0',
  `user_id` int(11) unsigned NOT NULL default '0',
  `role_name` varchar(50) NOT NULL default '',
  PRIMARY KEY  (`role_id`),
  KEY `parent_id` (`parent_id`,`sort_order`),
  KEY `tree_level` (`tree_level`)
) ENGINE=InnoDB AUTO_INCREMENT=3 DEFAULT CHARSET=utf8 COMMENT='Api ACL Roles';

--
-- Dumping data for table `api_role`
--

INSERT INTO `api_role` VALUES (1,0,1,0,'G',0,'API Access'),(2,1,1,0,'U',1,'API');

--
-- Table structure for table `api_rule`
--

CREATE TABLE `api_rule` (
  `rule_id` int(10) unsigned NOT NULL auto_increment,
  `role_id` int(10) unsigned NOT NULL default '0',
  `resource_id` varchar(255) NOT NULL default '',
  `privileges` varchar(20) NOT NULL default '',
  `assert_id` int(10) unsigned NOT NULL default '0',
  `role_type` char(1) default NULL,
  `permission` varchar(10) default NULL,
  PRIMARY KEY  (`rule_id`),
  KEY `resource` (`resource_id`,`role_id`),
  KEY `role_id` (`role_id`,`resource_id`),
  CONSTRAINT `FK_api_rule` FOREIGN KEY (`role_id`) REFERENCES `api_role` (`role_id`) ON DELETE CASCADE ON UPDATE CASCADE
) ENGINE=InnoDB AUTO_INCREMENT=2 DEFAULT CHARSET=utf8 COMMENT='Api ACL Rules';

--
-- Dumping data for table `api_rule`
--

INSERT INTO `api_rule` VALUES (1,1,'all','',0,'G','allow');

--
-- Table structure for table `catalog_category_entity`
--

CREATE TABLE `catalog_category_entity` (
  `entity_id` int(10) unsigned NOT NULL auto_increment,
  `entity_type_id` smallint(8) unsigned NOT NULL default '0',
  `attribute_set_id` smallint(5) unsigned NOT NULL default '0',
  `parent_id` int(10) unsigned NOT NULL default '0',
  `created_at` datetime NOT NULL default '0000-00-00 00:00:00',
  `updated_at` datetime NOT NULL default '0000-00-00 00:00:00',
  `path` varchar(255) NOT NULL,
  `position` int(11) NOT NULL,
  `level` int(11) NOT NULL,
  `children_count` int(11) NOT NULL,
  PRIMARY KEY  (`entity_id`),
  KEY `IDX_LEVEL` (`level`)
) ENGINE=InnoDB AUTO_INCREMENT=4 DEFAULT CHARSET=utf8 COMMENT='Category Entities';

--
-- Dumping data for table `catalog_category_entity`
--

INSERT INTO `catalog_category_entity` VALUES (1,3,0,0,'0000-00-00 00:00:00','2009-01-19 20:47:06','1',1,0,2),(2,3,3,1,'2009-01-19 20:47:06','2009-01-23 16:44:38','1/2',1,1,1),(3,3,3,2,'2009-01-23 16:14:25','2009-01-25 06:29:28','1/2/3',2,2,0);

--
-- Table structure for table `catalog_category_entity_datetime`
--

CREATE TABLE `catalog_category_entity_datetime` (
  `value_id` int(11) NOT NULL auto_increment,
  `entity_type_id` smallint(5) unsigned NOT NULL default '0',
  `attribute_id` smallint(5) unsigned NOT NULL default '0',
  `store_id` smallint(5) unsigned NOT NULL default '0',
  `entity_id` int(10) unsigned NOT NULL default '0',
  `value` datetime NOT NULL default '0000-00-00 00:00:00',
  PRIMARY KEY  (`value_id`),
  UNIQUE KEY `IDX_BASE` (`entity_type_id`,`entity_id`,`attribute_id`,`store_id`),
  KEY `FK_ATTRIBUTE_DATETIME_ENTITY` (`entity_id`),
  KEY `FK_CATALOG_CATEGORY_ENTITY_DATETIME_ATTRIBUTE` (`attribute_id`),
  KEY `FK_CATALOG_CATEGORY_ENTITY_DATETIME_STORE` (`store_id`),
  CONSTRAINT `FK_CATALOG_CATEGORY_ENTITY_DATETIME_ATTRIBUTE` FOREIGN KEY (`attribute_id`) REFERENCES `eav_attribute` (`attribute_id`) ON DELETE CASCADE ON UPDATE CASCADE,
  CONSTRAINT `FK_CATALOG_CATEGORY_ENTITY_DATETIME_ENTITY` FOREIGN KEY (`entity_id`) REFERENCES `catalog_category_entity` (`entity_id`) ON DELETE CASCADE ON UPDATE CASCADE,
  CONSTRAINT `FK_CATALOG_CATEGORY_ENTITY_DATETIME_STORE` FOREIGN KEY (`store_id`) REFERENCES `core_store` (`store_id`) ON DELETE CASCADE ON UPDATE CASCADE
) ENGINE=InnoDB DEFAULT CHARSET=utf8;

--
-- Dumping data for table `catalog_category_entity_datetime`
--


--
-- Table structure for table `catalog_category_entity_decimal`
--

CREATE TABLE `catalog_category_entity_decimal` (
  `value_id` int(11) NOT NULL auto_increment,
  `entity_type_id` smallint(5) unsigned NOT NULL default '0',
  `attribute_id` smallint(5) unsigned NOT NULL default '0',
  `store_id` smallint(5) unsigned NOT NULL default '0',
  `entity_id` int(10) unsigned NOT NULL default '0',
  `value` decimal(12,4) NOT NULL default '0.0000',
  PRIMARY KEY  (`value_id`),
  UNIQUE KEY `IDX_BASE` (`entity_type_id`,`entity_id`,`attribute_id`,`store_id`),
  KEY `FK_ATTRIBUTE_DECIMAL_ENTITY` (`entity_id`),
  KEY `FK_CATALOG_CATEGORY_ENTITY_DECIMAL_ATTRIBUTE` (`attribute_id`),
  KEY `FK_CATALOG_CATEGORY_ENTITY_DECIMAL_STORE` (`store_id`),
  CONSTRAINT `FK_CATALOG_CATEGORY_ENTITY_DECIMAL_ATTRIBUTE` FOREIGN KEY (`attribute_id`) REFERENCES `eav_attribute` (`attribute_id`) ON DELETE CASCADE ON UPDATE CASCADE,
  CONSTRAINT `FK_CATALOG_CATEGORY_ENTITY_DECIMAL_ENTITY` FOREIGN KEY (`entity_id`) REFERENCES `catalog_category_entity` (`entity_id`) ON DELETE CASCADE ON UPDATE CASCADE,
  CONSTRAINT `FK_CATALOG_CATEGORY_ENTITY_DECIMAL_STORE` FOREIGN KEY (`store_id`) REFERENCES `core_store` (`store_id`) ON DELETE CASCADE ON UPDATE CASCADE
) ENGINE=InnoDB DEFAULT CHARSET=utf8;

--
-- Dumping data for table `catalog_category_entity_decimal`
--


--
-- Table structure for table `catalog_category_entity_int`
--

CREATE TABLE `catalog_category_entity_int` (
  `value_id` int(11) NOT NULL auto_increment,
  `entity_type_id` smallint(5) unsigned NOT NULL default '0',
  `attribute_id` smallint(5) unsigned NOT NULL default '0',
  `store_id` smallint(5) unsigned NOT NULL default '0',
  `entity_id` int(10) unsigned NOT NULL default '0',
  `value` int(11) NOT NULL default '0',
  PRIMARY KEY  (`value_id`),
  UNIQUE KEY `IDX_BASE` (`entity_type_id`,`entity_id`,`attribute_id`,`store_id`),
  KEY `FK_ATTRIBUTE_INT_ENTITY` (`entity_id`),
  KEY `FK_CATALOG_CATEGORY_EMTITY_INT_ATTRIBUTE` (`attribute_id`),
  KEY `FK_CATALOG_CATEGORY_EMTITY_INT_STORE` (`store_id`),
  CONSTRAINT `FK_CATALOG_CATEGORY_EMTITY_INT_ATTRIBUTE` FOREIGN KEY (`attribute_id`) REFERENCES `eav_attribute` (`attribute_id`) ON DELETE CASCADE ON UPDATE CASCADE,
  CONSTRAINT `FK_CATALOG_CATEGORY_EMTITY_INT_ENTITY` FOREIGN KEY (`entity_id`) REFERENCES `catalog_category_entity` (`entity_id`) ON DELETE CASCADE ON UPDATE CASCADE,
  CONSTRAINT `FK_CATALOG_CATEGORY_EMTITY_INT_STORE` FOREIGN KEY (`store_id`) REFERENCES `core_store` (`store_id`) ON DELETE CASCADE ON UPDATE CASCADE
) ENGINE=InnoDB AUTO_INCREMENT=8 DEFAULT CHARSET=utf8;

--
-- Dumping data for table `catalog_category_entity_int`
--

INSERT INTO `catalog_category_entity_int` VALUES (1,3,32,0,2,1),(2,3,32,1,2,1),(3,3,41,0,2,0),(4,3,49,0,2,1),(5,3,32,0,3,1),(6,3,41,0,3,0),(7,3,49,0,3,1);

--
-- Table structure for table `catalog_category_entity_text`
--

CREATE TABLE `catalog_category_entity_text` (
  `value_id` int(11) NOT NULL auto_increment,
  `entity_type_id` smallint(5) unsigned NOT NULL default '0',
  `attribute_id` smallint(5) unsigned NOT NULL default '0',
  `store_id` smallint(5) unsigned NOT NULL default '0',
  `entity_id` int(10) unsigned NOT NULL default '0',
  `value` text NOT NULL,
  PRIMARY KEY  (`value_id`),
  UNIQUE KEY `IDX_BASE` (`entity_type_id`,`entity_id`,`attribute_id`,`store_id`),
  KEY `FK_ATTRIBUTE_TEXT_ENTITY` (`entity_id`),
  KEY `FK_CATALOG_CATEGORY_ENTITY_TEXT_ATTRIBUTE` (`attribute_id`),
  KEY `FK_CATALOG_CATEGORY_ENTITY_TEXT_STORE` (`store_id`),
  CONSTRAINT `FK_CATALOG_CATEGORY_ENTITY_TEXT_ATTRIBUTE` FOREIGN KEY (`attribute_id`) REFERENCES `eav_attribute` (`attribute_id`) ON DELETE CASCADE ON UPDATE CASCADE,
  CONSTRAINT `FK_CATALOG_CATEGORY_ENTITY_TEXT_ENTITY` FOREIGN KEY (`entity_id`) REFERENCES `catalog_category_entity` (`entity_id`) ON DELETE CASCADE ON UPDATE CASCADE,
  CONSTRAINT `FK_CATALOG_CATEGORY_ENTITY_TEXT_STORE` FOREIGN KEY (`store_id`) REFERENCES `core_store` (`store_id`) ON DELETE CASCADE ON UPDATE CASCADE
) ENGINE=InnoDB AUTO_INCREMENT=9 DEFAULT CHARSET=utf8;

--
-- Dumping data for table `catalog_category_entity_text`
--

INSERT INTO `catalog_category_entity_text` VALUES (1,3,34,0,2,''),(2,3,37,0,2,''),(3,3,38,0,2,''),(4,3,53,0,2,''),(5,3,34,0,3,''),(6,3,37,0,3,''),(7,3,38,0,3,''),(8,3,53,0,3,'');

--
-- Table structure for table `catalog_category_entity_varchar`
--

CREATE TABLE `catalog_category_entity_varchar` (
  `value_id` int(11) NOT NULL auto_increment,
  `entity_type_id` smallint(5) unsigned NOT NULL default '0',
  `attribute_id` smallint(5) unsigned NOT NULL default '0',
  `store_id` smallint(5) unsigned NOT NULL default '0',
  `entity_id` int(10) unsigned NOT NULL default '0',
  `value` varchar(255) NOT NULL default '',
  PRIMARY KEY  (`value_id`),
  UNIQUE KEY `IDX_BASE` USING BTREE (`entity_type_id`,`entity_id`,`attribute_id`,`store_id`),
  KEY `FK_ATTRIBUTE_VARCHAR_ENTITY` (`entity_id`),
  KEY `FK_CATALOG_CATEGORY_ENTITY_VARCHAR_ATTRIBUTE` (`attribute_id`),
  KEY `FK_CATALOG_CATEGORY_ENTITY_VARCHAR_STORE` (`store_id`),
  CONSTRAINT `FK_CATALOG_CATEGORY_ENTITY_VARCHAR_ATTRIBUTE` FOREIGN KEY (`attribute_id`) REFERENCES `eav_attribute` (`attribute_id`) ON DELETE CASCADE ON UPDATE CASCADE,
  CONSTRAINT `FK_CATALOG_CATEGORY_ENTITY_VARCHAR_ENTITY` FOREIGN KEY (`entity_id`) REFERENCES `catalog_category_entity` (`entity_id`) ON DELETE CASCADE ON UPDATE CASCADE,
  CONSTRAINT `FK_CATALOG_CATEGORY_ENTITY_VARCHAR_STORE` FOREIGN KEY (`store_id`) REFERENCES `core_store` (`store_id`) ON DELETE CASCADE ON UPDATE CASCADE
) ENGINE=InnoDB AUTO_INCREMENT=17 DEFAULT CHARSET=utf8;

--
-- Dumping data for table `catalog_category_entity_varchar`
--

INSERT INTO `catalog_category_entity_varchar` VALUES (1,3,31,0,1,'Root Catalog'),(2,3,33,0,1,'root-catalog'),(3,3,31,0,2,'English'),(4,3,39,0,2,'PRODUCTS'),(5,3,33,0,2,'default-category'),(6,3,36,0,2,''),(7,3,48,0,2,''),(8,3,52,0,2,''),(9,3,31,0,3,'All Products'),(10,3,33,0,3,'all-products'),(11,3,36,0,3,''),(12,3,39,0,3,'PRODUCTS'),(13,3,48,0,3,''),(14,3,52,0,3,''),(15,3,47,1,3,'all-products.html'),(16,3,47,0,3,'all-products.html');

--
-- Table structure for table `catalog_category_product`
--

CREATE TABLE `catalog_category_product` (
  `category_id` int(10) unsigned NOT NULL default '0',
  `product_id` int(10) unsigned NOT NULL default '0',
  `position` int(10) unsigned NOT NULL default '0',
  UNIQUE KEY `UNQ_CATEGORY_PRODUCT` (`category_id`,`product_id`),
  KEY `CATALOG_CATEGORY_PRODUCT_CATEGORY` (`category_id`),
  KEY `CATALOG_CATEGORY_PRODUCT_PRODUCT` (`product_id`),
  CONSTRAINT `CATALOG_CATEGORY_PRODUCT_CATEGORY` FOREIGN KEY (`category_id`) REFERENCES `catalog_category_entity` (`entity_id`) ON DELETE CASCADE ON UPDATE CASCADE,
  CONSTRAINT `CATALOG_CATEGORY_PRODUCT_PRODUCT` FOREIGN KEY (`product_id`) REFERENCES `catalog_product_entity` (`entity_id`) ON DELETE CASCADE ON UPDATE CASCADE
) ENGINE=InnoDB DEFAULT CHARSET=utf8;

--
-- Dumping data for table `catalog_category_product`
--

INSERT INTO `catalog_category_product` VALUES (2,1,0),(2,33,0),(2,34,0),(3,1,20),(3,4,10),(3,7,0),(3,17,0),(3,20,0),(3,31,0),(3,32,0),(3,33,0),(3,34,0),(3,38,0);

--
-- Table structure for table `catalog_category_product_index`
--

CREATE TABLE `catalog_category_product_index` (
  `category_id` int(10) unsigned NOT NULL default '0',
  `product_id` int(10) unsigned NOT NULL default '0',
  `position` int(10) unsigned NOT NULL default '0',
  `is_parent` tinyint(1) unsigned NOT NULL default '0',
  `store_id` smallint(5) unsigned NOT NULL default '0',
  `visibility` tinyint(3) unsigned NOT NULL,
  UNIQUE KEY `UNQ_CATEGORY_PRODUCT` (`category_id`,`product_id`,`is_parent`,`store_id`),
  KEY `FK_CATALOG_CATEGORY_PRODUCT_INDEX_CATEGORY_ENTITY` (`category_id`),
  KEY `IDX_JOIN` (`product_id`,`store_id`,`category_id`,`visibility`),
  KEY `IDX_BASE` (`store_id`,`category_id`,`visibility`,`is_parent`,`position`),
  CONSTRAINT `FK_CATALOG_CATEGORY_PRODUCT_INDEX_CATEGORY_ENTITY` FOREIGN KEY (`category_id`) REFERENCES `catalog_category_entity` (`entity_id`) ON DELETE CASCADE ON UPDATE CASCADE,
  CONSTRAINT `FK_CATALOG_CATEGORY_PRODUCT_INDEX_PRODUCT_ENTITY` FOREIGN KEY (`product_id`) REFERENCES `catalog_product_entity` (`entity_id`) ON DELETE CASCADE ON UPDATE CASCADE,
  CONSTRAINT `FK_CATEGORY_PRODUCT_INDEX_STORE` FOREIGN KEY (`store_id`) REFERENCES `core_store` (`store_id`) ON DELETE CASCADE ON UPDATE CASCADE
) ENGINE=InnoDB DEFAULT CHARSET=utf8;

--
-- Dumping data for table `catalog_category_product_index`
--

INSERT INTO `catalog_category_product_index` VALUES (2,7,0,0,1,4),(2,17,0,0,1,4),(2,20,0,0,1,4),(2,31,0,0,1,4),(2,32,0,0,1,4),(2,38,0,0,1,4),(2,4,10,0,1,4),(2,1,0,1,1,4),(2,33,0,1,1,4),(2,34,0,1,1,4),(3,7,0,1,1,4),(3,17,0,1,1,4),(3,20,0,1,1,4),(3,31,0,1,1,4),(3,32,0,1,1,4),(3,33,0,1,1,4),(3,34,0,1,1,4),(3,38,0,1,1,4),(3,4,10,1,1,4),(3,1,20,1,1,4);

--
-- Table structure for table `catalog_compare_item`
--

CREATE TABLE `catalog_compare_item` (
  `catalog_compare_item_id` int(11) unsigned NOT NULL auto_increment,
  `visitor_id` int(11) unsigned NOT NULL default '0',
  `customer_id` int(11) unsigned default NULL,
  `product_id` int(11) unsigned NOT NULL default '0',
  PRIMARY KEY  (`catalog_compare_item_id`),
  KEY `FK_CATALOG_COMPARE_ITEM_CUSTOMER` (`customer_id`),
  KEY `FK_CATALOG_COMPARE_ITEM_PRODUCT` (`product_id`),
  KEY `IDX_VISITOR_PRODUCTS` (`visitor_id`,`product_id`),
  KEY `IDX_CUSTOMER_PRODUCTS` (`customer_id`,`product_id`),
  CONSTRAINT `FK_CATALOG_COMPARE_ITEM_CUSTOMER` FOREIGN KEY (`customer_id`) REFERENCES `customer_entity` (`entity_id`) ON DELETE CASCADE ON UPDATE CASCADE,
  CONSTRAINT `FK_CATALOG_COMPARE_ITEM_PRODUCT` FOREIGN KEY (`product_id`) REFERENCES `catalog_product_entity` (`entity_id`) ON DELETE CASCADE ON UPDATE CASCADE
) ENGINE=InnoDB AUTO_INCREMENT=2 DEFAULT CHARSET=utf8;

--
-- Dumping data for table `catalog_compare_item`
--

INSERT INTO `catalog_compare_item` VALUES (1,1172,NULL,32);

--
-- Table structure for table `catalog_product_bundle_option`
--

CREATE TABLE `catalog_product_bundle_option` (
  `option_id` int(10) unsigned NOT NULL auto_increment,
  `parent_id` int(10) unsigned NOT NULL,
  `required` tinyint(1) unsigned NOT NULL default '0',
  `position` int(10) unsigned NOT NULL default '0',
  `type` varchar(255) NOT NULL default '',
  PRIMARY KEY  (`option_id`),
  KEY `FK_CATALOG_PRODUCT_BUNDLE_OPTION_PARENT` (`parent_id`),
  CONSTRAINT `FK_CATALOG_PRODUCT_BUNDLE_OPTION_PARENT` FOREIGN KEY (`parent_id`) REFERENCES `catalog_product_entity` (`entity_id`) ON DELETE CASCADE ON UPDATE CASCADE
) ENGINE=InnoDB DEFAULT CHARSET=utf8 COMMENT='Bundle Options';

--
-- Dumping data for table `catalog_product_bundle_option`
--


--
-- Table structure for table `catalog_product_bundle_option_value`
--

CREATE TABLE `catalog_product_bundle_option_value` (
  `value_id` int(10) unsigned NOT NULL auto_increment,
  `option_id` int(10) unsigned NOT NULL,
  `store_id` smallint(5) unsigned NOT NULL,
  `title` varchar(255) NOT NULL default '',
  PRIMARY KEY  (`value_id`),
  KEY `FK_CATALOG_PRODUCT_BUNDLE_OPTION_VALUE_OPTION` (`option_id`),
  CONSTRAINT `FK_CATALOG_PRODUCT_BUNDLE_OPTION_VALUE_OPTION` FOREIGN KEY (`option_id`) REFERENCES `catalog_product_bundle_option` (`option_id`) ON DELETE CASCADE ON UPDATE CASCADE
) ENGINE=InnoDB DEFAULT CHARSET=utf8 COMMENT='Bundle Selections';

--
-- Dumping data for table `catalog_product_bundle_option_value`
--


--
-- Table structure for table `catalog_product_bundle_selection`
--

CREATE TABLE `catalog_product_bundle_selection` (
  `selection_id` int(10) unsigned NOT NULL auto_increment,
  `option_id` int(10) unsigned NOT NULL,
  `parent_product_id` int(10) unsigned NOT NULL,
  `product_id` int(10) unsigned NOT NULL,
  `position` int(10) unsigned NOT NULL default '0',
  `is_default` tinyint(1) unsigned NOT NULL default '0',
  `selection_price_type` tinyint(1) unsigned NOT NULL default '0',
  `selection_price_value` decimal(12,4) NOT NULL default '0.0000',
  `selection_qty` decimal(12,4) NOT NULL default '0.0000',
  `selection_can_change_qty` tinyint(1) NOT NULL default '0',
  PRIMARY KEY  (`selection_id`),
  KEY `FK_CATALOG_PRODUCT_BUNDLE_SELECTION_OPTION` (`option_id`),
  KEY `FK_CATALOG_PRODUCT_BUNDLE_SELECTION_PRODUCT` (`product_id`),
  CONSTRAINT `FK_CATALOG_PRODUCT_BUNDLE_SELECTION_OPTION` FOREIGN KEY (`option_id`) REFERENCES `catalog_product_bundle_option` (`option_id`) ON DELETE CASCADE ON UPDATE CASCADE,
  CONSTRAINT `FK_CATALOG_PRODUCT_BUNDLE_SELECTION_PRODUCT` FOREIGN KEY (`product_id`) REFERENCES `catalog_product_entity` (`entity_id`) ON DELETE CASCADE ON UPDATE CASCADE
) ENGINE=InnoDB DEFAULT CHARSET=utf8 COMMENT='Bundle Selections';

--
-- Dumping data for table `catalog_product_bundle_selection`
--


--
-- Table structure for table `catalog_product_enabled_index`
--

CREATE TABLE `catalog_product_enabled_index` (
  `product_id` int(10) unsigned NOT NULL default '0',
  `store_id` smallint(5) unsigned NOT NULL default '0',
  `visibility` smallint(5) unsigned NOT NULL default '0',
  UNIQUE KEY `UNQ_PRODUCT_STORE` (`product_id`,`store_id`),
  KEY `IDX_PRODUCT_VISIBILITY_IN_STORE` (`product_id`,`store_id`,`visibility`),
  KEY `FK_CATALOG_PRODUCT_ENABLED_INDEX_STORE` (`store_id`),
  CONSTRAINT `FK_CATALOG_PRODUCT_ENABLED_INDEX_PRODUCT_ENTITY` FOREIGN KEY (`product_id`) REFERENCES `catalog_product_entity` (`entity_id`) ON DELETE CASCADE ON UPDATE CASCADE,
  CONSTRAINT `FK_CATALOG_PRODUCT_ENABLED_INDEX_STORE` FOREIGN KEY (`store_id`) REFERENCES `core_store` (`store_id`) ON DELETE CASCADE ON UPDATE CASCADE
) ENGINE=InnoDB DEFAULT CHARSET=utf8;

--
-- Dumping data for table `catalog_product_enabled_index`
--

INSERT INTO `catalog_product_enabled_index` VALUES (1,1,4),(2,1,4),(3,1,4),(4,1,4),(5,1,4),(6,1,4),(7,1,4),(8,1,4),(9,1,4),(10,1,4),(11,1,4),(12,1,4),(13,1,4),(14,1,4),(15,1,4),(16,1,4),(17,1,4),(18,1,4),(19,1,4),(20,1,4),(21,1,4),(22,1,4),(23,1,4),(24,1,4),(25,1,4),(26,1,4),(27,1,4),(28,1,4),(29,1,4),(30,1,4),(31,1,4),(32,1,4),(33,1,4),(34,1,4),(35,1,4),(36,1,4),(37,1,4),(38,1,4),(39,1,4),(43,1,4),(44,1,4),(45,1,4),(46,1,4),(47,1,4),(48,1,4),(49,1,4),(50,1,4),(51,1,4),(52,1,4),(53,1,4),(54,1,4),(55,1,4),(56,1,4),(57,1,4),(58,1,4),(59,1,4),(60,1,4),(61,1,4),(62,1,4);

--
-- Table structure for table `catalog_product_entity`
--

CREATE TABLE `catalog_product_entity` (
  `entity_id` int(10) unsigned NOT NULL auto_increment,
  `entity_type_id` smallint(8) unsigned NOT NULL default '0',
  `attribute_set_id` smallint(5) unsigned NOT NULL default '0',
  `type_id` varchar(32) NOT NULL default 'simple',
  `sku` varchar(64) default NULL,
  `category_ids` text,
  `created_at` datetime NOT NULL default '0000-00-00 00:00:00',
  `updated_at` datetime NOT NULL default '0000-00-00 00:00:00',
  `has_options` smallint(1) NOT NULL default '0',
  PRIMARY KEY  (`entity_id`),
  KEY `FK_CATALOG_PRODUCT_ENTITY_ENTITY_TYPE` (`entity_type_id`),
  KEY `FK_CATALOG_PRODUCT_ENTITY_ATTRIBUTE_SET_ID` (`attribute_set_id`),
  KEY `sku` (`sku`),
  CONSTRAINT `FK_CATALOG_PRODUCT_ENTITY_ATTRIBUTE_SET_ID` FOREIGN KEY (`attribute_set_id`) REFERENCES `eav_attribute_set` (`attribute_set_id`) ON DELETE CASCADE ON UPDATE CASCADE,
  CONSTRAINT `FK_CATALOG_PRODUCT_ENTITY_ENTITY_TYPE` FOREIGN KEY (`entity_type_id`) REFERENCES `eav_entity_type` (`entity_type_id`) ON DELETE CASCADE ON UPDATE CASCADE
) ENGINE=InnoDB AUTO_INCREMENT=63 DEFAULT CHARSET=utf8 COMMENT='Product Entities';

--
-- Dumping data for table `catalog_product_entity`
--

INSERT INTO `catalog_product_entity` VALUES (1,4,4,'grouped','0001','2,3','2009-01-23 16:22:21','2009-07-25 04:33:10',0),(2,4,4,'simple','Silver pearls-Dot Dash','','2009-01-23 16:26:53','2009-07-25 04:33:33',0),(3,4,4,'simple','Silver Pearls-Sphere','','2009-01-23 16:41:11','2009-07-25 04:34:23',0),(4,4,4,'grouped','0002','3','2009-01-25 06:27:49','2009-07-25 04:34:53',0),(5,4,4,'simple','TITAN-Pink Alloy','','2009-01-25 06:38:14','2009-07-25 20:51:49',0),(6,4,4,'simple','TITAN-Titanium Grey','','2009-01-25 06:38:41','2009-07-25 20:52:11',0),(7,4,4,'grouped','0003','3','2009-01-30 17:31:59','2009-03-06 16:07:27',0),(8,4,4,'simple','Lacquers - Conviction','','2009-01-30 17:35:05','2009-07-24 16:31:56',0),(9,4,4,'simple','Lacquers - Delusion','','2009-01-30 17:35:18','2009-07-24 16:34:08',0),(10,4,4,'simple','Lacquers - Diabolic','','2009-01-30 17:37:15','2009-07-24 16:34:27',0),(11,4,4,'simple','Lacquers - Dubai','','2009-01-30 17:38:31','2009-07-24 16:35:40',0),(12,4,4,'simple','Lacquers - Dune','','2009-01-30 17:39:42','2009-07-24 16:35:57',0),(13,4,4,'simple','Lacquers - Forbidden','','2009-01-30 17:44:17','2009-07-24 16:36:15',0),(14,4,4,'simple','Lacquers - Pinup','','2009-01-30 17:45:31','2009-07-24 16:36:35',0),(15,4,4,'simple','Lacquers - Platinum','','2009-01-30 17:46:43','2009-07-24 16:37:50',0),(16,4,4,'simple','Lacquers - Suede','','2009-01-30 17:47:49','2009-07-24 16:38:08',0),(17,4,4,'simple','Pod - Blossom','3','2009-01-30 17:48:57','2009-08-05 12:30:50',0),(18,4,4,'simple','Pod - Obsidian','','2009-01-30 17:50:34','2009-07-24 19:46:03',0),(19,4,4,'simple','Pod - Vintage','','2009-01-30 17:52:31','2009-07-24 19:45:42',0),(20,4,4,'grouped','0005','3','2009-01-30 17:55:57','2009-08-05 13:58:14',0),(21,4,4,'simple','Bullet - Caliber','','2009-01-30 17:59:14','2009-07-24 16:45:08',0),(22,4,4,'simple','Bullet - Conviction','','2009-01-30 18:00:45','2009-07-24 16:44:48',0),(23,4,4,'simple','Bullet - Delusion','','2009-01-30 18:02:03','2009-07-24 16:44:29',0),(24,4,4,'simple','Bullet - Diabolic','','2009-01-30 18:03:09','2009-07-24 16:44:10',0),(25,4,4,'simple','Bullet - Dubai','','2009-01-30 18:04:05','2009-07-24 16:43:52',0),(26,4,4,'simple','Bullet - Dune','','2009-01-30 18:04:54','2009-07-24 16:43:34',0),(27,4,4,'simple','Bullet - Pinup','','2009-01-30 18:05:45','2009-07-24 16:43:16',0),(28,4,4,'simple','Bullet - Suede','','2009-01-30 18:06:38','2009-07-24 16:42:58',0),(29,4,4,'simple','Bullet - Tirade','','2009-01-30 18:07:33','2009-07-24 16:42:39',0),(30,4,4,'simple','Bullet - Mojo lip therapy','','2009-01-30 18:08:25','2009-07-24 16:42:18',0),(31,4,4,'grouped','0006','3','2009-01-30 18:09:38','2009-02-09 19:14:37',0),(32,4,4,'grouped','0007','3','2009-01-30 18:13:56','2009-07-25 20:44:10',0),(33,4,4,'simple','Bullet Concealer - 1','2,3','2009-01-30 18:14:15','2009-07-27 21:32:33',0),(34,4,4,'simple','Bullet Concealer - 2','2,3','2009-01-30 18:15:46','2009-07-27 21:32:58',0),(35,4,4,'simple','Bullet Concealer - 3','','2009-01-30 18:16:45','2009-07-25 20:41:33',0),(36,4,4,'simple','Bullet Concealer - 4','','2009-01-30 18:17:37','2009-07-25 20:40:43',0),(37,4,4,'simple','Bullet Concealer - 5','','2009-01-30 18:18:34','2009-07-25 20:40:27',0),(38,4,4,'grouped','platinumdes01','3','2009-01-30 18:23:36','2009-07-25 20:40:07',0),(39,4,4,'simple','Lipgloss-platinum','','2009-01-30 18:26:33','2009-07-25 20:39:49',0),(43,4,4,'simple','Pod LP-1 MOLTON SILVER loose mineral pigment','','2009-08-05 12:51:35','2009-08-05 13:00:18',0),(44,4,4,'simple','Pod LP-2 COTTON CANDY PINK loose mineral pigment','','2009-08-05 13:01:42','2009-08-05 13:05:28',0),(45,4,4,'simple','LP-3 SUPER GREEN  loose mineral pigment','','2009-08-05 13:09:55','2009-08-05 13:11:17',0),(46,4,4,'simple','LP-4 PEACHY PINK loose mineral pigment','','2009-08-05 13:11:36','2009-08-05 13:17:36',0),(47,4,4,'simple','LP-5 WHITE HIGHLIGHER W GREEN PEARL','','2009-08-05 13:14:07','2009-08-05 13:15:41',0),(48,4,4,'simple','LP-6 DEEP MIDNIGHT BLUE','','2009-08-05 13:20:23','2009-08-05 13:22:08',0),(49,4,4,'simple','LP-7 CHAMPAGNE WITH SUBTLE SHIMMER','','2009-08-05 13:22:57','2009-08-05 13:24:47',0),(50,4,4,'simple','LP-8 MULTI FACETED BLUE/PURPLE','','2009-08-05 13:24:57','2009-08-05 13:26:27',0),(51,4,4,'simple','LP-9 LIGHT GREEN APPLE WITH GOLD','','2009-08-05 13:27:07','2009-08-05 13:28:31',0),(52,4,4,'simple','LP-10 GOLDEN BRONZE','','2009-08-05 13:35:55','2009-08-05 13:37:09',0),(53,4,4,'simple','LP-11 GOLDEN OLIVE','','2009-08-05 13:37:25','2009-08-05 13:41:12',0),(54,4,4,'simple','LP-12 SMOKEY PURPLE W SLIGHT PINK ','','2009-08-05 13:38:51','2009-08-05 13:48:21',0),(55,4,4,'simple','LP-13 SUBLE METALLIC CRANBERRY-PINK','','2009-08-05 13:41:36','2009-08-05 13:43:07',0),(56,4,4,'simple','LP-14 COPPER PENNY','','2009-08-05 13:43:18','2009-08-05 13:44:19',0),(57,4,4,'simple','LP-15 GOLDEN PEACHY PINK','','2009-08-05 13:45:02','2009-08-05 13:46:11',0),(58,4,4,'simple','LP-16 AQUA BLUE-GREEN','','2009-08-05 13:50:10','2009-08-05 13:51:52',0),(59,4,4,'simple','LP-17 DEEP RUST','','2009-08-05 13:52:06','2009-08-05 13:53:15',0),(60,4,4,'simple','LP-18 SUBLE METALLIC GOLDEN CRANBERRY','','2009-08-05 13:53:26','2009-08-05 13:54:58',0),(61,4,4,'simple','LP-19 CHOCOLATE BROWN WITH GOLD','','2009-08-05 13:55:09','2009-08-05 13:56:15',0),(62,4,4,'simple','LP-20 BRIGHT YELLOW GOLD','','2009-08-05 13:56:28','2009-08-05 13:57:36',0);

--
-- Table structure for table `catalog_product_entity_datetime`
--

CREATE TABLE `catalog_product_entity_datetime` (
  `value_id` int(11) NOT NULL auto_increment,
  `entity_type_id` smallint(5) unsigned NOT NULL default '0',
  `attribute_id` smallint(5) unsigned NOT NULL default '0',
  `store_id` smallint(5) unsigned NOT NULL default '0',
  `entity_id` int(10) unsigned NOT NULL default '0',
  `value` datetime NOT NULL default '0000-00-00 00:00:00',
  PRIMARY KEY  (`value_id`),
  KEY `FK_CATALOG_PRODUCT_ENTITY_DATETIME_ATTRIBUTE` (`attribute_id`),
  KEY `FK_CATALOG_PRODUCT_ENTITY_DATETIME_STORE` (`store_id`),
  KEY `FK_CATALOG_PRODUCT_ENTITY_DATETIME_PRODUCT_ENTITY` (`entity_id`),
  KEY `IDX_ATTRIBUTE_VALUE` (`entity_id`,`attribute_id`,`store_id`),
  CONSTRAINT `FK_CATALOG_PRODUCT_ENTITY_DATETIME_ATTRIBUTE` FOREIGN KEY (`attribute_id`) REFERENCES `eav_attribute` (`attribute_id`) ON DELETE CASCADE ON UPDATE CASCADE,
  CONSTRAINT `FK_CATALOG_PRODUCT_ENTITY_DATETIME_PRODUCT_ENTITY` FOREIGN KEY (`entity_id`) REFERENCES `catalog_product_entity` (`entity_id`) ON DELETE CASCADE ON UPDATE CASCADE,
  CONSTRAINT `FK_CATALOG_PRODUCT_ENTITY_DATETIME_STORE` FOREIGN KEY (`store_id`) REFERENCES `core_store` (`store_id`) ON DELETE CASCADE ON UPDATE CASCADE
) ENGINE=InnoDB DEFAULT CHARSET=utf8;

--
-- Dumping data for table `catalog_product_entity_datetime`
--


--
-- Table structure for table `catalog_product_entity_decimal`
--

CREATE TABLE `catalog_product_entity_decimal` (
  `value_id` int(11) NOT NULL auto_increment,
  `entity_type_id` smallint(5) unsigned NOT NULL default '0',
  `attribute_id` smallint(5) unsigned NOT NULL default '0',
  `store_id` smallint(5) unsigned NOT NULL default '0',
  `entity_id` int(10) unsigned NOT NULL default '0',
  `value` decimal(12,4) NOT NULL default '0.0000',
  PRIMARY KEY  (`value_id`),
  KEY `FK_CATALOG_PRODUCT_ENTITY_DECIMAL_STORE` (`store_id`),
  KEY `FK_CATALOG_PRODUCT_ENTITY_DECIMAL_PRODUCT_ENTITY` (`entity_id`),
  KEY `FK_CATALOG_PRODUCT_ENTITY_DECIMAL_ATTRIBUTE` (`attribute_id`),
  KEY `IDX_ATTRIBUTE_VALUE` (`entity_id`,`attribute_id`,`store_id`),
  CONSTRAINT `FK_CATALOG_PRODUCT_ENTITY_DECIMAL_ATTRIBUTE` FOREIGN KEY (`attribute_id`) REFERENCES `eav_attribute` (`attribute_id`) ON DELETE CASCADE ON UPDATE CASCADE,
  CONSTRAINT `FK_CATALOG_PRODUCT_ENTITY_DECIMAL_PRODUCT_ENTITY` FOREIGN KEY (`entity_id`) REFERENCES `catalog_product_entity` (`entity_id`) ON DELETE CASCADE ON UPDATE CASCADE,
  CONSTRAINT `FK_CATALOG_PRODUCT_ENTITY_DECIMAL_STORE` FOREIGN KEY (`store_id`) REFERENCES `core_store` (`store_id`) ON DELETE CASCADE ON UPDATE CASCADE
) ENGINE=InnoDB AUTO_INCREMENT=109 DEFAULT CHARSET=utf8;

--
-- Dumping data for table `catalog_product_entity_decimal`
--

INSERT INTO `catalog_product_entity_decimal` VALUES (1,4,65,0,2,'0.0625'),(2,4,60,0,2,'15.0000'),(3,4,65,0,3,'0.0625'),(4,4,60,0,3,'15.0000'),(5,4,65,0,5,'0.1870'),(6,4,60,0,5,'20.0000'),(7,4,65,0,6,'0.1875'),(8,4,60,0,6,'20.0000'),(9,4,65,0,8,'0.1250'),(10,4,60,0,8,'13.0000'),(11,4,65,0,9,'0.1250'),(12,4,60,0,9,'13.0000'),(13,4,65,0,10,'0.1250'),(14,4,60,0,10,'13.0000'),(15,4,65,0,11,'0.1250'),(16,4,60,0,11,'13.0000'),(17,4,65,0,12,'0.1250'),(18,4,60,0,12,'13.0000'),(19,4,65,0,13,'0.1250'),(20,4,60,0,13,'13.0000'),(21,4,65,0,14,'0.1250'),(22,4,60,0,14,'13.0000'),(23,4,65,0,15,'0.1250'),(24,4,60,0,15,'13.0000'),(25,4,65,0,16,'0.1250'),(26,4,60,0,16,'13.0000'),(27,4,65,0,17,'0.0375'),(28,4,60,0,17,'20.0000'),(29,4,65,0,18,'0.0375'),(30,4,60,0,18,'20.0000'),(31,4,65,0,19,'0.0375'),(32,4,60,0,19,'20.0000'),(33,4,65,0,21,'0.0375'),(34,4,60,0,21,'15.0000'),(35,4,65,0,22,'0.0375'),(36,4,60,0,22,'15.0000'),(37,4,65,0,23,'0.0375'),(38,4,60,0,23,'15.0000'),(39,4,65,0,24,'0.0375'),(40,4,60,0,24,'15.0000'),(41,4,65,0,25,'0.0375'),(42,4,60,0,25,'15.0000'),(43,4,65,0,26,'0.0375'),(44,4,60,0,26,'15.0000'),(45,4,65,0,27,'0.0375'),(46,4,60,0,27,'15.0000'),(47,4,65,0,28,'0.0375'),(48,4,60,0,28,'15.0000'),(49,4,65,0,29,'0.0375'),(50,4,60,0,29,'15.0000'),(51,4,65,0,30,'0.0375'),(52,4,60,0,30,'15.0000'),(53,4,65,0,33,'0.0375'),(54,4,60,0,33,'20.0000'),(55,4,65,0,34,'0.0375'),(56,4,60,0,34,'20.0000'),(57,4,65,0,35,'0.0375'),(58,4,60,0,35,'20.0000'),(59,4,65,0,36,'0.0375'),(60,4,60,0,36,'20.0000'),(61,4,65,0,37,'0.0375'),(62,4,60,0,37,'20.0000'),(63,4,65,0,39,'0.0375'),(64,4,60,0,39,'12.0000'),(69,4,65,0,43,'0.0375'),(70,4,60,0,43,'20.0000'),(71,4,65,0,44,'0.0375'),(72,4,60,0,44,'20.0000'),(73,4,65,0,45,'0.0375'),(74,4,60,0,45,'20.0000'),(75,4,65,0,46,'0.0375'),(76,4,60,0,46,'20.0000'),(77,4,65,0,47,'0.0375'),(78,4,60,0,47,'20.0000'),(79,4,65,0,48,'0.0375'),(80,4,60,0,48,'20.0000'),(81,4,65,0,49,'0.0375'),(82,4,60,0,49,'20.0000'),(83,4,65,0,50,'0.0375'),(84,4,60,0,50,'20.0000'),(85,4,65,0,51,'0.0375'),(86,4,60,0,51,'20.0000'),(87,4,65,0,52,'0.0375'),(88,4,60,0,52,'20.0000'),(89,4,65,0,53,'0.0375'),(90,4,60,0,53,'20.0000'),(91,4,65,0,54,'0.0375'),(92,4,60,0,54,'20.0000'),(93,4,65,0,55,'0.0375'),(94,4,60,0,55,'20.0000'),(95,4,65,0,56,'0.0375'),(96,4,60,0,56,'20.0000'),(97,4,65,0,57,'0.0375'),(98,4,60,0,57,'20.0000'),(99,4,65,0,58,'0.0375'),(100,4,60,0,58,'20.0000'),(101,4,65,0,59,'0.0375'),(102,4,60,0,59,'20.0000'),(103,4,65,0,60,'0.0375'),(104,4,60,0,60,'20.0000'),(105,4,65,0,61,'0.0375'),(106,4,60,0,61,'20.0000'),(107,4,65,0,62,'0.0375'),(108,4,60,0,62,'20.0000');

--
-- Table structure for table `catalog_product_entity_gallery`
--

CREATE TABLE `catalog_product_entity_gallery` (
  `value_id` int(11) NOT NULL auto_increment,
  `entity_type_id` smallint(5) unsigned NOT NULL default '0',
  `attribute_id` smallint(5) unsigned NOT NULL default '0',
  `store_id` smallint(5) unsigned NOT NULL default '0',
  `entity_id` int(10) unsigned NOT NULL default '0',
  `position` int(11) NOT NULL default '0',
  `value` varchar(255) NOT NULL default '',
  PRIMARY KEY  (`value_id`),
  KEY `IDX_BASE` USING BTREE (`entity_type_id`,`entity_id`,`attribute_id`,`store_id`),
  KEY `FK_ATTRIBUTE_GALLERY_ENTITY` (`entity_id`),
  KEY `FK_CATALOG_CATEGORY_ENTITY_GALLERY_ATTRIBUTE` (`attribute_id`),
  KEY `FK_CATALOG_CATEGORY_ENTITY_GALLERY_STORE` (`store_id`),
  CONSTRAINT `FK_CATALOG_PRODUCT_ENTITY_GALLERY_ATTRIBUTE` FOREIGN KEY (`attribute_id`) REFERENCES `eav_attribute` (`attribute_id`) ON DELETE CASCADE ON UPDATE CASCADE,
  CONSTRAINT `FK_CATALOG_PRODUCT_ENTITY_GALLERY_ENTITY` FOREIGN KEY (`entity_id`) REFERENCES `catalog_product_entity` (`entity_id`) ON DELETE CASCADE ON UPDATE CASCADE,
  CONSTRAINT `FK_CATALOG_PRODUCT_ENTITY_GALLERY_STORE` FOREIGN KEY (`store_id`) REFERENCES `core_store` (`store_id`) ON DELETE CASCADE ON UPDATE CASCADE
) ENGINE=InnoDB DEFAULT CHARSET=utf8;

--
-- Dumping data for table `catalog_product_entity_gallery`
--


--
-- Table structure for table `catalog_product_entity_int`
--

CREATE TABLE `catalog_product_entity_int` (
  `value_id` int(11) NOT NULL auto_increment,
  `entity_type_id` mediumint(8) unsigned NOT NULL default '0',
  `attribute_id` smallint(5) unsigned NOT NULL default '0',
  `store_id` smallint(5) unsigned NOT NULL default '0',
  `entity_id` int(10) unsigned NOT NULL default '0',
  `value` int(11) NOT NULL default '0',
  PRIMARY KEY  (`value_id`),
  KEY `FK_CATALOG_PRODUCT_ENTITY_INT_ATTRIBUTE` (`attribute_id`),
  KEY `FK_CATALOG_PRODUCT_ENTITY_INT_STORE` (`store_id`),
  KEY `FK_CATALOG_PRODUCT_ENTITY_INT_PRODUCT_ENTITY` (`entity_id`),
  KEY `IDX_ATTRIBUTE_VALUE` (`entity_id`,`attribute_id`,`store_id`),
  CONSTRAINT `FK_CATALOG_PRODUCT_ENTITY_INT_ATTRIBUTE` FOREIGN KEY (`attribute_id`) REFERENCES `eav_attribute` (`attribute_id`) ON DELETE CASCADE ON UPDATE CASCADE,
  CONSTRAINT `FK_CATALOG_PRODUCT_ENTITY_INT_PRODUCT_ENTITY` FOREIGN KEY (`entity_id`) REFERENCES `catalog_product_entity` (`entity_id`) ON DELETE CASCADE ON UPDATE CASCADE,
  CONSTRAINT `FK_CATALOG_PRODUCT_ENTITY_INT_STORE` FOREIGN KEY (`store_id`) REFERENCES `core_store` (`store_id`) ON DELETE CASCADE ON UPDATE CASCADE
) ENGINE=InnoDB AUTO_INCREMENT=241 DEFAULT CHARSET=utf8;

--
-- Dumping data for table `catalog_product_entity_int`
--

INSERT INTO `catalog_product_entity_int` VALUES (1,4,80,0,1,1),(2,4,85,0,1,4),(3,4,469,0,1,0),(4,4,80,0,2,1),(5,4,85,0,2,4),(6,4,81,0,2,2),(7,4,469,0,2,0),(8,4,80,0,3,1),(9,4,85,0,3,4),(10,4,81,0,3,2),(11,4,469,0,3,0),(12,4,80,0,4,1),(13,4,85,0,4,4),(14,4,469,0,4,0),(15,4,80,0,5,1),(16,4,85,0,5,4),(17,4,81,0,5,2),(18,4,469,0,5,0),(19,4,80,0,6,1),(20,4,85,0,6,4),(21,4,81,0,6,2),(22,4,469,0,6,0),(23,4,80,0,7,1),(24,4,85,0,7,4),(25,4,469,0,7,0),(26,4,80,0,8,1),(27,4,85,0,8,4),(28,4,81,0,8,2),(29,4,469,0,8,0),(30,4,80,0,9,1),(31,4,85,0,9,4),(32,4,81,0,9,2),(33,4,469,0,9,0),(34,4,80,0,10,1),(35,4,85,0,10,4),(36,4,81,0,10,2),(37,4,469,0,10,0),(38,4,80,0,11,1),(39,4,85,0,11,4),(40,4,81,0,11,2),(41,4,469,0,11,0),(42,4,80,0,12,1),(43,4,85,0,12,4),(44,4,81,0,12,2),(45,4,469,0,12,0),(46,4,80,0,13,1),(47,4,85,0,13,4),(48,4,81,0,13,2),(49,4,469,0,13,0),(50,4,80,0,14,1),(51,4,85,0,14,4),(52,4,81,0,14,2),(53,4,469,0,14,0),(54,4,80,0,15,1),(55,4,85,0,15,4),(56,4,81,0,15,2),(57,4,469,0,15,0),(58,4,80,0,16,1),(59,4,85,0,16,4),(60,4,81,0,16,2),(61,4,469,0,16,0),(62,4,80,0,17,1),(63,4,85,0,17,4),(64,4,81,0,17,2),(65,4,469,0,17,0),(66,4,80,0,18,1),(67,4,85,0,18,4),(68,4,81,0,18,2),(69,4,469,0,18,0),(70,4,80,0,19,1),(71,4,85,0,19,4),(72,4,81,0,19,2),(73,4,469,0,19,0),(74,4,80,0,20,1),(75,4,85,0,20,4),(76,4,469,0,20,0),(77,4,80,0,21,1),(78,4,85,0,21,4),(79,4,81,0,21,2),(80,4,469,0,21,0),(81,4,80,0,22,1),(82,4,85,0,22,4),(83,4,81,0,22,2),(84,4,469,0,22,0),(85,4,80,0,23,1),(86,4,85,0,23,4),(87,4,81,0,23,2),(88,4,469,0,23,0),(89,4,80,0,24,1),(90,4,85,0,24,4),(91,4,81,0,24,2),(92,4,469,0,24,0),(93,4,80,0,25,1),(94,4,85,0,25,4),(95,4,81,0,25,2),(96,4,469,0,25,0),(97,4,80,0,26,1),(98,4,85,0,26,4),(99,4,81,0,26,2),(100,4,469,0,26,0),(101,4,80,0,27,1),(102,4,85,0,27,4),(103,4,81,0,27,2),(104,4,469,0,27,0),(105,4,80,0,28,1),(106,4,85,0,28,4),(107,4,81,0,28,2),(108,4,469,0,28,0),(109,4,80,0,29,1),(110,4,85,0,29,4),(111,4,81,0,29,2),(112,4,469,0,29,0),(113,4,80,0,30,1),(114,4,85,0,30,4),(115,4,81,0,30,2),(116,4,469,0,30,0),(117,4,80,0,31,1),(118,4,85,0,31,4),(119,4,469,0,31,0),(120,4,80,0,32,1),(121,4,85,0,32,4),(122,4,469,0,32,0),(123,4,80,0,33,1),(124,4,85,0,33,4),(125,4,81,0,33,2),(126,4,469,0,33,0),(127,4,80,0,34,1),(128,4,85,0,34,4),(129,4,81,0,34,2),(130,4,469,0,34,0),(131,4,80,0,35,1),(132,4,85,0,35,4),(133,4,81,0,35,2),(134,4,469,0,35,0),(135,4,80,0,36,1),(136,4,85,0,36,4),(137,4,81,0,36,2),(138,4,469,0,36,0),(139,4,80,0,37,1),(140,4,85,0,37,4),(141,4,81,0,37,2),(142,4,469,0,37,0),(143,4,80,0,38,1),(144,4,85,0,38,4),(145,4,469,0,38,0),(146,4,80,0,39,1),(147,4,85,0,39,4),(148,4,81,0,39,2),(149,4,469,0,39,0),(161,4,80,0,43,1),(162,4,85,0,43,4),(163,4,81,0,43,2),(164,4,469,0,43,0),(165,4,80,0,44,1),(166,4,85,0,44,4),(167,4,81,0,44,2),(168,4,469,0,44,0),(169,4,80,0,45,1),(170,4,85,0,45,4),(171,4,81,0,45,2),(172,4,469,0,45,0),(173,4,80,0,46,1),(174,4,85,0,46,4),(175,4,81,0,46,2),(176,4,469,0,46,0),(177,4,80,0,47,1),(178,4,85,0,47,4),(179,4,81,0,47,2),(180,4,469,0,47,0),(181,4,80,0,48,1),(182,4,85,0,48,4),(183,4,81,0,48,2),(184,4,469,0,48,0),(185,4,80,0,49,1),(186,4,85,0,49,4),(187,4,81,0,49,2),(188,4,469,0,49,0),(189,4,80,0,50,1),(190,4,85,0,50,4),(191,4,81,0,50,2),(192,4,469,0,50,0),(193,4,80,0,51,1),(194,4,85,0,51,4),(195,4,81,0,51,2),(196,4,469,0,51,0),(197,4,80,0,52,1),(198,4,85,0,52,4),(199,4,81,0,52,2),(200,4,469,0,52,0),(201,4,80,0,53,1),(202,4,85,0,53,4),(203,4,81,0,53,2),(204,4,469,0,53,0),(205,4,80,0,54,1),(206,4,85,0,54,4),(207,4,81,0,54,2),(208,4,469,0,54,0),(209,4,80,0,55,1),(210,4,85,0,55,4),(211,4,81,0,55,2),(212,4,469,0,55,0),(213,4,80,0,56,1),(214,4,85,0,56,4),(215,4,81,0,56,2),(216,4,469,0,56,0),(217,4,80,0,57,1),(218,4,85,0,57,4),(219,4,81,0,57,2),(220,4,469,0,57,0),(221,4,80,0,58,1),(222,4,85,0,58,4),(223,4,81,0,58,2),(224,4,469,0,58,0),(225,4,80,0,59,1),(226,4,85,0,59,4),(227,4,81,0,59,2),(228,4,469,0,59,0),(229,4,80,0,60,1),(230,4,85,0,60,4),(231,4,81,0,60,2),(232,4,469,0,60,0),(233,4,80,0,61,1),(234,4,85,0,61,4),(235,4,81,0,61,2),(236,4,469,0,61,0),(237,4,80,0,62,1),(238,4,85,0,62,4),(239,4,81,0,62,2),(240,4,469,0,62,0);

--
-- Table structure for table `catalog_product_entity_media_gallery`
--

CREATE TABLE `catalog_product_entity_media_gallery` (
  `value_id` int(11) unsigned NOT NULL auto_increment,
  `attribute_id` smallint(5) unsigned NOT NULL default '0',
  `entity_id` int(10) unsigned NOT NULL default '0',
  `value` varchar(255) default NULL,
  PRIMARY KEY  (`value_id`),
  KEY `FK_CATALOG_PRODUCT_MEDIA_GALLERY_ATTRIBUTE` (`attribute_id`),
  KEY `FK_CATALOG_PRODUCT_MEDIA_GALLERY_ENTITY` (`entity_id`),
  CONSTRAINT `FK_CATALOG_PRODUCT_MEDIA_GALLERY_ATTRIBUTE` FOREIGN KEY (`attribute_id`) REFERENCES `eav_attribute` (`attribute_id`) ON DELETE CASCADE,
  CONSTRAINT `FK_CATALOG_PRODUCT_MEDIA_GALLERY_ENTITY` FOREIGN KEY (`entity_id`) REFERENCES `catalog_product_entity` (`entity_id`) ON DELETE CASCADE
) ENGINE=InnoDB AUTO_INCREMENT=131 DEFAULT CHARSET=utf8 COMMENT='Catalog product media gallery';

--
-- Dumping data for table `catalog_product_entity_media_gallery`
--

INSERT INTO `catalog_product_entity_media_gallery` VALUES (2,73,2,'/s/i/silver_pearls_dot_dash.jpg'),(3,73,3,'/s/i/silver_pearls_sphere.jpg'),(5,73,5,'/t/i/titan_pink.jpg'),(7,73,6,'/t/i/titan_gray.jpg'),(9,73,8,'/n/a/nail_conviction.jpg'),(11,73,9,'/n/a/nail_delusion.jpg'),(13,73,10,'/n/a/nail_diabolic.jpg'),(15,73,11,'/n/a/nail_dubai.jpg'),(17,73,12,'/n/a/nail_dune.jpg'),(19,73,13,'/n/a/nail_forbidden.jpg'),(21,73,14,'/n/a/nail_pinup.jpg'),(23,73,15,'/n/a/nail_platinum.jpg'),(25,73,16,'/n/a/nail_suede.jpg'),(27,73,17,'/p/o/pod_blossom.jpg'),(29,73,18,'/p/o/pod_obsidian.jpg'),(31,73,19,'/p/o/pod_VINTAGE.jpg'),(34,73,21,'/l/i/lip_caliber.jpg'),(36,73,22,'/l/i/lip_conviction.jpg'),(38,73,23,'/l/i/lip_delusion.jpg'),(40,73,24,'/l/i/lip_diabolic.jpg'),(42,73,25,'/l/i/lip_dubai.jpg'),(44,73,26,'/l/i/lip_dune.jpg'),(46,73,27,'/l/i/lip_pinup.jpg'),(48,73,28,'/l/i/lip_suede.jpg'),(50,73,29,'/l/i/lip_tirade.jpg'),(52,73,30,'/l/i/lip_unisex.jpg'),(56,73,33,'/c/o/concealer_1.jpg'),(58,73,34,'/c/o/concealer_2.jpg'),(60,73,35,'/c/o/concealer_3.jpg'),(62,73,36,'/c/o/concealer_4.jpg'),(64,73,37,'/c/o/concealer_5.jpg'),(67,73,39,'/l/i/lipgloss_platinum.jpg'),(72,73,7,'/l/a/lacquer_2.jpg'),(73,73,20,'/p/o/pod_1.jpg'),(74,73,31,'/b/u/bullet_lipsticks_1.jpg'),(75,73,32,'/b/u/bullet_concealers_1.jpg'),(76,73,38,'/p/l/platinum_1.jpg'),(78,73,4,'/t/i/titan_2.jpg'),(79,73,1,'/s/i/silverpearls.jpg'),(81,73,7,'/n/a/naillacquers2.jpg'),(82,73,7,'/n/a/naillacquers3.jpg'),(83,73,20,'/N/e/Newpods.jpg'),(84,73,20,'/f/i/file.jpg'),(90,73,43,'/p/o/pod_VINTAGE_3.jpg'),(91,73,43,'/_/0/_0000s_0000s_0012_lp1_1.jpg'),(94,73,44,'/_/0/_0000s_0000s_0000_lp2.jpg'),(96,73,45,'/_/0/_0000s_0000s_0016_lp3.jpg'),(98,73,46,'/_/0/_0000s_0000s_0001_lp4.jpg'),(100,73,47,'/_/0/_0000s_0000s_0005_lp5.jpg'),(102,73,48,'/_/0/_0000s_0000s_0018_lp6.jpg'),(104,73,49,'/_/0/_0000s_0000s_0007_lp7.jpg'),(106,73,50,'/_/0/_0000s_0000s_0019_lp8.jpg'),(108,73,51,'/_/0/_0000s_0000s_0013_lp9.jpg'),(110,73,52,'/_/0/_0000s_0000s_0011_lp10.jpg'),(113,73,54,'/_/0/_0000s_0000s_0006_lp12_1.jpg'),(114,73,53,'/_/0/_0000s_0000s_0009_lp11.jpg'),(116,73,55,'/_/0/_0000s_0000s_0010_lp13.jpg'),(118,73,56,'/_/0/_0000s_0000s_0004_lp14.jpg'),(120,73,57,'/_/0/_0000s_0000s_0015_lp15.jpg'),(122,73,58,'/_/0/_0000s_0000s_0017_lp16.jpg'),(124,73,59,'/_/0/_0000s_0000s_0014_lp17.jpg'),(126,73,60,'/_/0/_0000s_0000s_0008_lp18.jpg'),(128,73,61,'/_/0/_0000s_0000s_0002_lp19.jpg'),(130,73,62,'/_/0/_0000s_0000s_0003_lp20.jpg');

--
-- Table structure for table `catalog_product_entity_media_gallery_value`
--

CREATE TABLE `catalog_product_entity_media_gallery_value` (
  `value_id` int(11) unsigned NOT NULL default '0',
  `store_id` smallint(5) unsigned NOT NULL default '0',
  `label` varchar(255) default NULL,
  `position` int(11) unsigned default NULL,
  `disabled` tinyint(1) unsigned NOT NULL default '0',
  PRIMARY KEY  (`value_id`,`store_id`),
  KEY `FK_CATALOG_PRODUCT_MEDIA_GALLERY_VALUE_STORE` (`store_id`),
  CONSTRAINT `FK_CATALOG_PRODUCT_MEDIA_GALLERY_VALUE_GALLERY` FOREIGN KEY (`value_id`) REFERENCES `catalog_product_entity_media_gallery` (`value_id`) ON DELETE CASCADE,
  CONSTRAINT `FK_CATALOG_PRODUCT_MEDIA_GALLERY_VALUE_STORE` FOREIGN KEY (`store_id`) REFERENCES `core_store` (`store_id`) ON DELETE CASCADE
) ENGINE=InnoDB DEFAULT CHARSET=utf8 COMMENT='Catalog product media gallery values';

--
-- Dumping data for table `catalog_product_entity_media_gallery_value`
--

INSERT INTO `catalog_product_entity_media_gallery_value` VALUES (2,0,'',1,0),(3,0,'',1,0),(5,0,'',1,0),(7,0,'',1,0),(9,0,'',1,0),(11,0,'',1,0),(13,0,'',1,0),(15,0,'',1,0),(17,0,'',1,0),(19,0,'',2,0),(21,0,'',3,0),(23,0,'',4,0),(25,0,'',5,0),(27,0,'',1,0),(29,0,'',1,0),(31,0,'',1,0),(34,0,'',1,0),(36,0,'',2,0),(38,0,'',1,0),(40,0,'',1,0),(42,0,'',1,0),(44,0,'',1,0),(46,0,'',1,0),(48,0,'',1,0),(50,0,'',1,0),(52,0,'',1,0),(56,0,'',2,0),(58,0,'',1,0),(60,0,'',1,0),(62,0,'',1,0),(64,0,'',1,0),(67,0,'',1,0),(72,0,'Long wear anti-chip mojo lacquer with botanical nail hardeners',1,1),(73,0,'',1,1),(74,0,'Botanically formulated lipstick (creamy)',1,0),(75,0,'Botanically formulated concealer (matte)',1,0),(76,0,'Creamy pearlized lipgloss / lipstick topcoat with plumper',1,0),(78,0,'TITAN refillable lipstick and concealer ',2,0),(79,0,'Silver Pearl chain - sphere 30\" 4mm diameter',1,0),(81,0,'mojo lacquers',1,1),(82,0,'mojo lacquers',1,0),(83,0,'eye pods',1,1),(84,0,'New pod mineral shadow',2,0),(90,0,'',1,0),(91,0,'',2,0),(94,0,'',3,0),(96,0,'',4,0),(98,0,'',5,0),(100,0,'',6,0),(102,0,'',7,0),(104,0,'',8,0),(106,0,'',9,0),(108,0,'',10,0),(110,0,'',11,0),(113,0,'',12,0),(114,0,'',13,0),(116,0,'',13,0),(118,0,'',14,0),(120,0,'',15,0),(122,0,'',16,0),(124,0,'',17,0),(126,0,'',18,0),(128,0,'',19,0),(130,0,'',20,0);

--
-- Table structure for table `catalog_product_entity_text`
--

CREATE TABLE `catalog_product_entity_text` (
  `value_id` int(11) NOT NULL auto_increment,
  `entity_type_id` mediumint(8) unsigned NOT NULL default '0',
  `attribute_id` smallint(5) unsigned NOT NULL default '0',
  `store_id` smallint(5) unsigned NOT NULL default '0',
  `entity_id` int(10) unsigned NOT NULL default '0',
  `value` text NOT NULL,
  PRIMARY KEY  (`value_id`),
  KEY `FK_CATALOG_PRODUCT_ENTITY_TEXT_ATTRIBUTE` (`attribute_id`),
  KEY `FK_CATALOG_PRODUCT_ENTITY_TEXT_STORE` (`store_id`),
  KEY `FK_CATALOG_PRODUCT_ENTITY_TEXT_PRODUCT_ENTITY` (`entity_id`),
  KEY `IDX_ATTRIBUTE_VALUE` (`entity_id`,`attribute_id`,`store_id`),
  CONSTRAINT `FK_CATALOG_PRODUCT_ENTITY_TEXT_ATTRIBUTE` FOREIGN KEY (`attribute_id`) REFERENCES `eav_attribute` (`attribute_id`) ON DELETE CASCADE ON UPDATE CASCADE,
  CONSTRAINT `FK_CATALOG_PRODUCT_ENTITY_TEXT_PRODUCT_ENTITY` FOREIGN KEY (`entity_id`) REFERENCES `catalog_product_entity` (`entity_id`) ON DELETE CASCADE ON UPDATE CASCADE,
  CONSTRAINT `FK_CATALOG_PRODUCT_ENTITY_TEXT_STORE` FOREIGN KEY (`store_id`) REFERENCES `core_store` (`store_id`) ON DELETE CASCADE ON UPDATE CASCADE
) ENGINE=InnoDB AUTO_INCREMENT=249 DEFAULT CHARSET=utf8;

--
-- Dumping data for table `catalog_product_entity_text`
--

INSERT INTO `catalog_product_entity_text` VALUES (1,4,57,0,1,'Silver pearls are a great addition to any TITAN. These beautiful chains can be worn as a traditional necklace, or resized down to 1 inch long as an extra loop to attach the TITAN to a purse, belt loop, just about anything.  Silver Pearls come in two sizes and styles, dot dash, and sphere (pictured) Dot dash style: 38 inches long and has a 3.2mm diameter. Sphere style: 30inches long and has a diameter of 4mm. TITAN and bullet not included.'),(2,4,58,0,1,'Silver pearls are a great addition to any TITAN. These beautiful chains can be worn as a traditional necklace, or resized down to 1 inch long as an extra loop to attach the TITAN to a purse, belt loop, just about anything.  Silver Pearls come in two sizes and styles, dot dash, and sphere (pictured) Dot dash style: 38 inches long and has a 3.2mm diameter. Sphere style: 30inches long and has a diameter of 4mm. TITAN and bullet not included.'),(3,4,68,0,1,'14k necklace\r\namber jewelry\r\namber necklace\r\namethyst necklace\r\nantique jewellery\r\nantique jewelry\r\nantique necklace\r\nartisan jewelry\r\nbangle\r\nbead jewelry\r\nbead necklace\r\nbead necklaces\r\nbeaded\r\nbeaded bracelets\r\nbeaded jewelry\r\nbeaded jewelry designer\r\nbeaded necklace\r\nbeaded necklaces\r\nbeads\r\nbeads necklace\r\nbracelet\r\nbracelet necklace\r\nbracelets\r\nbracelets necklace\r\nbridal jewelry\r\nbrooch\r\nbrooch necklace\r\nbutterfly necklace\r\nceltic jewelry\r\nceltic necklace\r\nchain necklace\r\ncharm\r\ncharm bracelet\r\ncharm bracelets\r\ncharm necklace\r\ncharms\r\ncheap jewelry\r\ncheap necklace\r\nchildren\'s jewelry\r\nchoker\r\nchoker necklace\r\ncoin necklace\r\ncontemporary jewelry\r\ncopper jewelry\r\ncoral jewelry\r\ncostume jewellery\r\ncostume jewelry\r\ncostume necklace\r\ncross necklace\r\ncrystal jewelry\r\ncrystal necklace\r\ncrystal necklaces\r\ncubic zirconia\r\ncubic zirconia jewelry\r\ncz necklace\r\ndesigner jewellery\r\ndesigner necklace\r\ndesigner necklaces\r\ndiamond jewelry\r\ndiamond necklace\r\ndiamond necklaces\r\ndiamond pendant\r\ndogeared jewelry\r\nearings\r\nearrings\r\nearrings necklace\r\negyptian jewelry\r\nenamel necklace\r\nestate jewelry\r\nfashion jewellery\r\nfashion jewelry\r\nfashion necklace\r\nfashion necklaces\r\nfine jewelry\r\nflower necklace\r\ngarnet necklace\r\ngemstone jewelry\r\ngemstone necklace\r\ngemstone necklaces\r\nglass necklace\r\ngold\r\ngold chains\r\ngold charms\r\ngold jewellery\r\ngold jewelry\r\ngold necklace\r\ngold necklaces\r\nhand made jewelry\r\nhandcrafted beaded jewelry\r\nhandcrafted jewelry\r\nhandcrafted necklace\r\nhandmade beaded jewelry\r\nhandmade bracelets\r\nhandmade gemstone jewelry\r\nhandmade jewellery\r\nhandmade jewelry\r\nhandmade necklace\r\nhandmade necklaces\r\nhandmade silver jewelry\r\nheart necklace\r\nheart necklaces\r\nhorse jewelry\r\ninitial necklace\r\nitalian necklace\r\njade jewelry\r\njade necklace\r\njewelery\r\njewelery necklace\r\njewellery\r\njewellery necklace\r\njewellry\r\njewellry necklace\r\njewelry\r\njewelry design\r\njewelry designer\r\njewelry designers\r\njewelry designs\r\njewelry necklace\r\njewelry necklaces\r\njewerly necklace\r\njewlery\r\njewlery necklace\r\nlariat necklace\r\nleather necklace\r\nlocket necklace\r\nmen\'s jewelry\r\nmen\'s necklace\r\nmens jewelry\r\nmens necklace\r\nmens necklaces\r\nname necklace\r\nnautical jewelry\r\nnecklace\r\nnecklace chains\r\nnecklace charms\r\nnecklace clasp\r\nnecklace designs\r\nnecklace gifts\r\nnecklace holder\r\nnecklace making\r\nnecklace pendants\r\nnecklace rings\r\nnecklace sets\r\nnecklace wholesale\r\nnecklaces\r\nonline jewelry\r\npearl jewelry\r\npearl necklace\r\npearl necklaces\r\npendant\r\npendant necklace\r\npendant necklaces\r\npendants\r\npewter necklace\r\npin necklace\r\npink necklace\r\nrhinestone jewelry\r\nrhinestone necklace\r\nribbon necklace\r\nring jewelry\r\nring necklace\r\nroberto coin\r\nrose necklace\r\nsilver\r\nsilver bracelets\r\nsilver charms\r\nsilver earrings\r\nsilver jewelery\r\nsilver jewellery\r\nsilver jewelry\r\nsilver necklace\r\nsilver necklaces\r\nsilver pendants\r\nsilver rings\r\nskull jewelry\r\nsterling necklace\r\nsterling silver\r\nsterling silver necklace\r\nsterling silver necklaces\r\nthe diamond necklace\r\nthe necklace\r\nturquoise jewelry\r\nturquoise necklace\r\nunique jewelry\r\nunique necklaces\r\nvintage jewelry\r\nvintage necklace\r\nwatch necklace\r\nwedding necklace\r\nwhite gold\r\nwhite gold necklace\r\nwhite gold necklaces\r\nwholesale gold jewelry\r\nwholesale jewelry\r\nwholesale silver\r\nwholesale silver jewellery\r\nwholesale silver jewelry\r\nwholesale silver rings\r\nwire jewelry\r\nwire necklace\r\n'),(4,4,89,0,1,''),(5,4,57,0,2,'Silver pearls-Dot Dash'),(6,4,58,0,2,'Silver pearls-Dot Dash'),(7,4,68,0,2,''),(8,4,89,0,2,''),(9,4,57,0,3,'Silver Pearls-Sphere'),(10,4,58,0,3,'Silver Pearls-Sphere'),(11,4,68,0,3,''),(12,4,89,0,3,''),(13,4,57,0,4,'The TITAN is mojo cosmetics\' flagship product and very first to market.  It’s been in over 120 magazines and websites. This revolutionary heat and crush resistant refillable lipstick and concealer looks great and allows the user to attach it to their keys, necklace, silver pearls, belt loop, just about anything they desire. It’s heat resistant to ensure your lipstick won’t melt as long as it’s kept out of direct sunlight.   Made from laser etched aerospace grade alloy with 180 degree counter directional threads so it won\'t come open in your purse. Unscrew the bottom and pop in a new concealer or lipstick bullet and you’re ready to go. Available in titanium grey and pink alloy.'),(14,4,58,0,4,'The TITAN is mojo cosmetics\' flagship product and very first to market.  It’s been in over 120 magazines and websites. This revolutionary heat and crush resistant refillable lipstick and concealer looks great and allows the user to attach it to their keys, necklace, silver pearls, belt loop, just about anything they desire. It’s heat resistant to ensure your lipstick won’t melt as long as it’s kept out of direct sunlight.   Made from laser etched aerospace grade alloy with 180 degree counter directional threads so it won\'t come open in your purse. Unscrew the bottom and pop in a new concealer or lipstick bullet and you’re ready to go. Available in titanium grey and pink alloy.'),(15,4,68,0,4,'1 concealer\r\na good concealer\r\nabc lipstick\r\nacne\r\nacne concealer\r\nacrylic makeup cases\r\naeschynanthus lipstick\r\nairbrush concealer\r\nairwear concealer\r\nall day lipstick\r\nalmay\r\nalmay amazing lasting concealer\r\nalmay concealer\r\nalmay lipstick\r\nalmay smart shade concealer\r\naluminum makeup cases\r\namazing concealer\r\namazing cosmetics concealer\r\nand makeup cases\r\napply lipstick\r\napplying lipstick\r\narmani concealer\r\nautomatic camouflage concealer\r\nbackpacks\r\nbackpacks laptop\r\nbag messenger\r\nbags\r\nbare minerals\r\nbare minerals concealer\r\nbare naturale concealer\r\nbeauty\r\nbeauty cases\r\nbeauty lipstick\r\nbeauty tips\r\nbecca compact concealer\r\nbeige lipstick\r\nbenefit concealer\r\nbenefit lipstick\r\nbest concealer\r\nbest concealer brush\r\nbest concealers\r\nbest lipstick\r\nbest long lasting lipstick\r\nbest luggage\r\nbest makeup cases\r\nbest red lipstick\r\nbirthmark concealer\r\nblack lipstick\r\nblendable concealer\r\nblue concealer\r\nblue lipstick\r\nblush\r\nblusher\r\nbomis lipstick\r\nbridal makeup\r\nbriefcases\r\nbronze concealer\r\nbronze lipstick\r\nbronzer\r\nbrown makeup cases\r\nbuy concealer\r\ncaboodle makeup cases\r\ncaboodles makeup cases\r\ncamouflage concealer\r\ncarrying cosmetics\r\ncarrying makeup\r\ncases for makeup\r\ncases with makeup\r\ncasing makeup\r\ncelebrity make up\r\nchantecaille concealer\r\ncheap concealer\r\ncheap lipstick\r\ncheap makeup\r\ncheap makeup cases\r\ncheek color\r\nchristian dior concealer\r\nchristian dior lipstick\r\ncinema secrets concealer\r\nclarins concealer\r\nclarins lipstick\r\nclear makeup cases\r\ncolor cosmetics\r\ncolors lipstick\r\ncomputer backpack\r\ncomputer bag\r\ncomputer bags\r\nconcealer\r\nconcealer 101\r\nconcealer base\r\nconcealer before or after foundation\r\nconcealer brush\r\nconcealer brushes\r\nconcealer color\r\nconcealer colors\r\nconcealer compact\r\nconcealer cosmetics\r\nconcealer foundation\r\nconcealer green\r\nconcealer ingredients\r\nconcealer makeup\r\nconcealer or foundation\r\nconcealer or foundation first\r\nconcealer palette\r\nconcealer pen\r\nconcealer pencil\r\nconcealer pencils\r\nconcealer primer\r\nconcealer products\r\nconcealer reviews\r\nconcealer shades\r\nconcealer sticks\r\nconcealer wand\r\nconcealers\r\ncontaining lead lipstick\r\ncorrector concealer\r\ncosmetic\r\ncosmetic bag\r\ncosmetic bags\r\ncosmetic carrying\r\ncosmetic cases\r\ncosmetic concealer\r\ncosmetic makeup\r\ncosmetic makeup cases\r\ncosmetic pouch\r\ncosmetic suitcase\r\ncosmetic train cases\r\ncosmetic wallet\r\ncosmetics\r\ncosmetics cases\r\ncosmetics lipstick\r\ncosmetics pouch\r\ncover concealer\r\ncover girl concealer\r\ncover girl invisible concealer\r\ncover girl lipstick\r\ncover up\r\ncovermark concealer\r\ncream concealer\r\ncream lipstick\r\ncreaseless concealer\r\ncreme concealer\r\ncreme lipstick\r\ncute makeup cases\r\ndesigner laptop bags\r\ndesigner laptop cases\r\ndesigner makeup cases\r\ndior concealer\r\ndior hydrating concealer\r\ndior lipstick\r\ndiscontinued cosmetics\r\ndiscontinued lipstick\r\ndiscount cosmetics\r\ndiscount lipstick\r\ndiscount makeup\r\ndiscount makeup cases\r\ndrugstore concealer\r\nelizabeth arden\r\nelizabeth arden concealer\r\nelizabeth arden lipstick\r\nelizabeth arden makeup\r\nescentuals bare\r\neye concealer\r\neye liner\r\neye make up\r\neye makeup\r\neye makeup tips\r\neye shadow\r\neyes concealer\r\neyeshadow\r\neyeshadow cases\r\nface concealer\r\nface concealers\r\nface make up\r\nface makeup\r\nfacial concealer\r\nfinish concealer\r\nfoundation\r\nfoundation makeup\r\nfragrance\r\nfragrances\r\nfran wilson\r\nfran wilson lipstick\r\nfree concealer\r\nfree lipstick\r\ngel lipstick\r\nglitter lipstick\r\ngloss\r\ngloss lipstick\r\nglow lipstick\r\ngluten free lipstick\r\ngreen tinted concealer\r\nguerlain\r\nguttermouth lipstick\r\nhair makeup\r\nhairstyles makeup\r\nhalloween makeup\r\nhard makeup cases\r\nhistory of lipstick\r\nhow to apply lipstick\r\nhow to apply make up\r\nhow to apply makeup\r\nhow to buy concealer\r\nhow to make lipstick\r\ningredients lipstick\r\ningredients of lipstick\r\nip concealer\r\njane lipstick\r\njaponesque makeup cases\r\nkaboodle makeup cases\r\nkeromask concealer\r\nkids luggage\r\nkipling bags\r\nl oreal concealer\r\nl oreal lipstick\r\nladies laptop bags\r\nlaptop backpack\r\nlaptop bag\r\nlaptop bags\r\nlaptop bags for women\r\nlaptop briefcase\r\nlaptop cases\r\nlaptop computer bags\r\nlaptop computer cases\r\nlaptop messenger bag\r\nlaptop messenger bags\r\nlaptop sleeve\r\nlaptop sleeves\r\nlarge makeup cases\r\nlasting lipstick\r\nlaura geller concealer\r\nlaura mercier concealer\r\nlaura mercier lipstick\r\nlauren hutton concealer\r\nlauren hutton double duty concealer\r\nlead free lipstick\r\nlead free lipsticks\r\nlead gold lipstick\r\nlead lipstick\r\nlead lipstick hoax\r\nlead lipsticks\r\nleather backpack\r\nleather backpacks\r\nleather bags\r\nleather briefcases\r\nleather laptop bags\r\nleather makeup cases\r\nleather messenger bag\r\nleather messenger bags\r\nlip\r\nlip balm\r\nlip concealer\r\nlip gloss\r\nlip liner\r\nlip liners\r\nlip make up\r\nlip makeup\r\nlip pencils\r\nlip sticks\r\nlipgloss\r\nlipliner\r\nlipstick\r\nlipstick and cigarettes\r\nlipstick and lead\r\nlipstick application\r\nlipstick ascending\r\nlipstick band\r\nlipstick blush\r\nlipstick brand\r\nlipstick brands\r\nlipstick brush\r\nlipstick brushes\r\nlipstick camera\r\nlipstick cancer\r\nlipstick cases\r\nlipstick club\r\nlipstick color\r\nlipstick colors\r\nlipstick colour\r\nlipstick compact\r\nlipstick components\r\nlipstick concealer\r\nlipstick contains lead\r\nlipstick cosmetic\r\nlipstick cosmetics\r\nlipstick display\r\nlipstick dvd\r\nlipstick face\r\nlipstick facts\r\nlipstick forum\r\nlipstick foundation\r\nlipstick game\r\nlipstick games\r\nlipstick gloss\r\nlipstick history\r\nlipstick hoax\r\nlipstick inc\r\nlipstick index\r\nlipstick jumgle\r\nlipstick junble\r\nlipstick jungles\r\nlipstick junle\r\nlipstick kiss\r\nlipstick lead content\r\nlipstick lesbians\r\nlipstick librarian\r\nlipstick lipgloss\r\nlipstick made of\r\nlipstick magazine\r\nlipstick make up\r\nlipstick makeup\r\nlipstick model\r\nlipstick mold\r\nlipstick movie\r\nlipstick nail polish\r\nlipstick on your collar\r\nlipstick online\r\nlipstick page\r\nlipstick palette\r\nlipstick party\r\nlipstick pencil\r\nlipstick phone\r\nlipstick photo\r\nlipstick photos\r\nlipstick picture\r\nlipstick plant\r\nlipstick plants\r\nlipstick primer\r\nlipstick products\r\nlipstick refill\r\nlipstick review\r\nlipstick reviews\r\nlipstick ring\r\nlipstick shades\r\nlipstick show\r\nlipstick skin\r\nlipstick stain removal\r\nlipstick stains\r\nlipstick test\r\nlipstick tips\r\nlipstick traces\r\nlipstick tv\r\nlipstick vote\r\nlipstick voting\r\nlipstick wear\r\nlipstickfetish\r\nlipstickparty\r\nlipsticks\r\nlipsticksex\r\nliquid concealer\r\nliquid foundation\r\nliquid lipstick\r\nlise watier concealer\r\nlong lasting\r\nlong lasting lipstick\r\nloreal air wear concealer\r\nloreal bare naturale concealer\r\nloreal concealer\r\nloreal lipstick\r\nluggage\r\nluggage discount\r\nluggage travel\r\nmaccosmetics\r\nmake up\r\nmake up application\r\nmake up artist\r\nmake up bag\r\nmake up bags\r\nmake up brush\r\nmake up brushes\r\nmake up cases\r\nmake up concealer\r\nmake up foundation\r\nmake up lipstick\r\nmake up tips\r\nmake up wedding\r\nmake your own lipstick\r\nmake-up\r\nmakeup\r\nmakeup accessories\r\nmakeup application\r\nmakeup artist\r\nmakeup artist cases\r\nmakeup artist train cases\r\nmakeup artists\r\nmakeup bag\r\nmakeup bags\r\nmakeup bags and cases\r\nmakeup beauty\r\nmakeup brush\r\nmakeup brush cases\r\nmakeup brushes\r\nmakeup carrier\r\nmakeup carrying cases\r\nmakeup case\r\nmakeup cases\r\nmakeup cases at\r\nmakeup cases in\r\nmakeup cases on\r\nmakeup cases with makeup\r\nmakeup computer\r\nmakeup cool\r\nmakeup cosmetics\r\nmakeup cover up\r\nmakeup designer\r\nmakeup display cases\r\nmakeup lipstick\r\nmakeup luggage\r\nmakeup make up\r\nmakeup notebook\r\nmakeup organizer\r\nmakeup overnight\r\nmakeup pink\r\nmakeup pouch\r\nmakeup powder\r\nmakeup products\r\nmakeup storage cases\r\nmakeup suitcase\r\nmakeup suitcases\r\nmakeup tips\r\nmakeup tote\r\nmakeup train cases\r\nmakeup travel\r\nmakeup trolley\r\nmakeupalley\r\nmakeupalley concealer\r\nmaking lipstick\r\nmanual override concealer\r\nmaquicomplet concealer\r\nmascara\r\nmascara lipstick\r\nmatte\r\nmatte concealer\r\nmatte lipstick\r\nmax factor concealer\r\nmax factor lipstick\r\nmaybelline\r\nmaybelline concealer\r\nmaybelline great wear concealer\r\nmaybelline lipstick\r\nmaybelline mineral powder concealer\r\nmaybelline mineral power concealer\r\nmaybelline pure concealer\r\nmessenger bags\r\nmetal makeup cases\r\nmineral concealer\r\nmineral cosmetics\r\nmineral cream concealer\r\nmineral foundation\r\nmineral lipstick\r\nmineral make up\r\nmineral makeup\r\nmineral powder concealer\r\nmoisturizing lipstick\r\nmood lipstick\r\nmood magic lipstick\r\nnail polish\r\nnatural concealer\r\nnatural cosmetics\r\nnatural lipstick\r\nnatural make up\r\nnatural makeup\r\nnew lipstick\r\nnotebook bags\r\nnotebook cases\r\nnyx concealer\r\noil free concealers\r\norange concealer\r\npaula dorf concealer\r\npencil lipstick\r\nperfume\r\nperfume bottles\r\nperfumes\r\npermanent lipstick\r\npermanent make up\r\npermanent makeup\r\nphysicians formula concealer\r\nphysicians formula magic cube concealer\r\npink concealer\r\npink lipstick\r\npink makeup cases\r\nplantlove lipstick\r\nplastic makeup cases\r\npot concealer\r\npowder lipstick\r\npressed\r\npro makeup cases\r\npro to go lipstick\r\nprofesional makeup cases\r\nprofessional makeup artist cases\r\nprofessional makeup cases\r\nprofessional makeup train cases\r\npurple concealer\r\nrcma concealer\r\nred earth lipstick\r\nred lipstick\r\nrefillable brush\r\nrefillable brushes\r\nrefillable compact\r\nrefillable cosmetic\r\nrefillable cosmetics\r\nrefillable eyeshadow\r\nrefillable lip\r\nrefillable lipstick\r\nrefillable makeup\r\nrefillable palette\r\nrefillable pencil\r\nrefillable perfume\r\nrevlon\r\nrevlon beyond natural concealer\r\nrevlon colorstay blemish concealer\r\nrevlon concealer\r\nrevlon lipstick\r\nrimmel\r\nrimmel concealer\r\nrimmel lipstick\r\nrolling makeup cases\r\nsamsonite\r\nsamsonite luggage\r\nsavvy lipstick\r\nscar concealer\r\nscreen concealer\r\nsemi permanent lipstick\r\nsheer concealer\r\nsheer lipstick\r\nshimmer\r\nshimmer lipstick\r\nshine lipstick\r\nshiseido\r\nshiseido concealer\r\nshiseido lipstick\r\nshiseido optimal cover concealer\r\nskin care\r\nskin concealer\r\nskin concealers\r\nsmall makeup cases\r\nsmart concealer\r\nsmeared\r\nsmeared lipstick\r\nsonia kashuk concealer\r\nspray on concealer\r\nstudio finish concealer\r\nstudio finish concealer palette\r\nstylish laptop bags\r\nsue devitt automatic concealer\r\nsummer make up\r\nsuper blendable concealer\r\nswingertjes\r\ntangee\r\ntangee lipstick\r\ntattoo concealer\r\nthe best lipstick\r\nthe concealer\r\nthe history of lipstick\r\nthursday concealer\r\ntinted moisturizer\r\ntop concealer\r\ntrain cases for makeup\r\ntravel accessories\r\ntravel bags\r\ntravel makeup cases\r\ntrish mcevoy concealer\r\ntv concealer\r\nunder eye concealer\r\nundereye concealer\r\nurban decay concealer\r\nurban decay lipstick\r\nvincent longo concealer\r\nvincent longo cream concealer\r\nvintage makeup cases\r\nvitiligo concealer\r\nwallet cosmetics\r\nwallet makeup\r\nwater proof concealer\r\nwaterproof concealer\r\nwaterproof concealers\r\nwaterproof lipstick\r\nwear concealer\r\nwearing lipstick\r\nwedding makeup\r\nwet n wild lipstick\r\nwhat is lipstick made of\r\nwhat is lipstick made out of\r\nwhats lipstick\r\nwheeled backpacks\r\nwho invented lipstick\r\nwholesale cosmetics\r\nwholesale makeup cases\r\nwire concealer\r\nwomen laptop bags\r\nwomen\'s laptop bag\r\nwomen\'s laptop bags\r\nwww lipstick\r\nyellow concealer\r\nyoutube lipstick\r\n'),(16,4,89,0,4,''),(17,4,57,0,5,'TITAN-Pink Alloy'),(18,4,58,0,5,'TITAN-Pink Alloy'),(19,4,68,0,5,''),(20,4,89,0,5,''),(21,4,57,0,6,'TITAN-Titanium Grey'),(22,4,58,0,6,'TITAN-Titanium Grey'),(23,4,68,0,6,''),(24,4,89,0,6,''),(25,4,57,0,7,'Mojo lacquers provide luxurious long wear color and a knockout shine.  They’re color matched to our refillable lipsticks and even have a platinum non pigmented super pearl topcoat so you can get that same brilliant shine found in our lipgloss/plumper. Our fast drying, anti-chip nail lacquers contain no toluene, formaldehyde or dpb.  Every nail color we carry contains botanical nail hardeners so your nails will become noticeably stronger within weeks.  The cap is made from machine spun aerospace grade alloy and has a beautiful balance and weight.  '),(26,4,58,0,7,'Mojo lacquers provide luxurious long wear color and a knockout shine.  They’re color matched to our refillable lipsticks and even have a platinum non pigmented super pearl topcoat so you can get that same brilliant shine found in our lipgloss/plumper. Our fast drying, anti-chip nail lacquers contain no toluene, formaldehyde or dpb.  Every nail color we carry contains botanical nail hardeners so your nails will become noticeably stronger within weeks.  The cap is made from machine spun aerospace grade alloy and has a beautiful balance and weight.  '),(27,4,68,0,7,'acetone free nail polish remover\r\nacetone nail polish\r\nacetone nail polish remover\r\nacrylic nail\r\nacrylic nail polish\r\nacrylic nails\r\nartificial nails\r\nat home manicure\r\navojuice\r\nbest nail polish\r\nblack nail polish\r\nbrittle nails\r\ncheap nail polish\r\nchina glaze nail polish\r\ncleaning nail polish\r\nclear nail polish\r\ncollection opi\r\ncolor changing nail polish\r\ncolor nail polish\r\ncolors nail opi polish\r\ncolors nail polish\r\ncosmetics nail polish\r\ncreative design nail\r\ncreative nail\r\ncreative nail polish\r\ndiscontinued nail polish\r\ndiscontinued opi\r\ndiscontinued opi nail polish\r\ndiscount nail polish\r\ndiscount opi nail polish\r\ndog nail polish\r\nduri nail polish\r\nessie\r\nessie nail\r\nessie nail color\r\nessie nail polish\r\nessie nails\r\nessie polish\r\nfake nail polish\r\nfinger nail polish\r\nfingernail polish\r\nfingernails polish\r\nformaldehyde free nail polish\r\nfree nail polish\r\nfrench manicure\r\nfrench manicure nail polish\r\nfrench nail polish\r\nfrench nails\r\ngel nail polish\r\ngel nails\r\nglitter nail polish\r\nhealthy nails\r\nhistory of nail polish\r\nhomemade nail polish remover\r\nhow to remove nail polish\r\njessica nail polish\r\nkids nail polish\r\nmanicure\r\nmanicure nail polish\r\nmanicure polish\r\nmanicures\r\nmavala nail polish\r\nmood changing nail polish\r\nmood nail polish\r\nnail\r\nnail art\r\nnail art design\r\nnail art designs\r\nnail art pen\r\nnail art pictures\r\nnail art polish\r\nnail art supplies\r\nnail arts\r\nnail buffer\r\nnail care\r\nnail care tips\r\nnail color\r\nnail colors\r\nnail designs\r\nnail drill\r\nnail dryer\r\nnail envy\r\nnail file\r\nnail fungus\r\nnail gel\r\nnail hardeners\r\nnail manicure\r\nnail paint\r\nnail polish\r\nnail polish bottle\r\nnail polish brush\r\nnail polish care\r\nnail polish colours\r\nnail polish design\r\nnail polish designs\r\nnail polish display\r\nnail polish dry faster\r\nnail polish dryer\r\nnail polish for kids\r\nnail polish green\r\nnail polish ideas\r\nnail polish ingredients\r\nnail polish manufacturer\r\nnail polish pen\r\nnail polish pens\r\nnail polish product\r\nnail polish products\r\nnail polish removal\r\nnail polish remover\r\nnail polish remover substitute\r\nnail polish removers\r\nnail polish set\r\nnail polish sets\r\nnail polish skin\r\nnail polish stain\r\nnail polish stain removal\r\nnail polish supplies\r\nnail polish thinner\r\nnail polish tips\r\nnail polish wholesale\r\nnail polishes\r\nnail product\r\nnail products\r\nnail salon\r\nnail salons\r\nnail strengthener\r\nnail supplies\r\nnail tips\r\nnail top coat\r\nnail treatments\r\nnail varnish\r\nnail whitener\r\nnails\r\nnails art\r\nnails polish\r\nnatural nail care\r\nnatural nail polish\r\nnatural nail polish remover\r\nnatural nails\r\nnicole nail polish\r\nnon acetone nail polish remover\r\nnon toxic nail polish\r\nopi\r\nopi avojuice\r\nopi brights\r\nopi color\r\nopi colors\r\nopi fingernail polish\r\nopi nail\r\nopi nail care\r\nopi nail color\r\nopi nail colors\r\nopi nail enamel\r\nopi nail envy\r\nopi nail lacquer\r\nopi nail lacquers\r\nopi nail polish\r\nopi nail polishes\r\nopi nail products\r\nopi nailpolish\r\nopi nails\r\nopi new colors\r\nopi nicole nail polish\r\nopi pawlish\r\nopi polish\r\nopi products inc\r\nopi quenchers skin\r\nopi summer colors\r\norganic nail polish\r\norly nail polish\r\npawlish nail polish\r\npedicure\r\npedicure nail polish\r\npeeling nails\r\npink nail polish\r\npolish\r\npolish nail rack\r\npregnancy nail polish\r\nprivate label nail polish\r\nprofessional nail polish\r\nred nail polish\r\nremove nail polish\r\nremoving nail polish\r\nrevlon nail polish\r\nsafe nail polish\r\nsalon nail polish\r\nsation nail polish\r\nsilk nail polish\r\nsmart nails\r\nsplit nail\r\nsplit nails\r\nsplitting nails\r\ntoe nail polish\r\ntoenails polish\r\ntoma nail polish\r\ntop coat nail polish\r\nuv nail polish\r\nwhite nail polish\r\nzoya nail polish\r\nzoya polish\r\n'),(28,4,89,0,7,''),(29,4,57,0,8,'Lacquers - Conviction'),(30,4,58,0,8,'Lacquers - Conviction'),(31,4,68,0,8,''),(32,4,89,0,8,''),(33,4,57,0,9,'Lacquers - Delusion'),(34,4,58,0,9,'Lacquers - Delusion'),(35,4,68,0,9,''),(36,4,89,0,9,''),(37,4,57,0,10,'Lacquers - Diabolic'),(38,4,58,0,10,'Lacquers - Diabolic'),(39,4,68,0,10,''),(40,4,89,0,10,''),(41,4,57,0,11,'Lacquers - Dubai'),(42,4,58,0,11,'Lacquers - Dubai'),(43,4,68,0,11,''),(44,4,89,0,11,''),(45,4,57,0,12,'Lacquers - Dune'),(46,4,58,0,12,'Lacquers - Dune'),(47,4,68,0,12,''),(48,4,89,0,12,''),(49,4,57,0,13,'Lacquers - Forbidden'),(50,4,58,0,13,'Lacquers - Forbidden'),(51,4,68,0,13,''),(52,4,89,0,13,''),(53,4,57,0,14,'Lacquers - Pinup'),(54,4,58,0,14,'Lacquers - Pinup'),(55,4,68,0,14,''),(56,4,89,0,14,''),(57,4,57,0,15,'Lacquers - Platinum'),(58,4,58,0,15,'Lacquers - Platinum'),(59,4,68,0,15,''),(60,4,89,0,15,''),(61,4,57,0,16,'Lacquers - Suede'),(62,4,58,0,16,'Lacquers - Suede'),(63,4,68,0,16,''),(64,4,89,0,16,''),(65,4,57,0,17,'Pod - Blossom'),(66,4,58,0,17,'Pod - Blossom'),(67,4,68,0,17,''),(68,4,89,0,17,''),(69,4,57,0,18,'Pod - Obsidian'),(70,4,58,0,18,'Pod - Obsidian'),(71,4,68,0,18,''),(72,4,89,0,18,''),(73,4,57,0,19,'Pod - Vintage'),(74,4,58,0,19,'Pod - Vintage'),(75,4,68,0,19,''),(76,4,89,0,19,''),(77,4,57,0,20,'Pods are amazing new products from mojo that come in two formulations.  The first 3 cream based colors are a versatile combination of lip/cheek tint and eyeliner/shadow luxe formulations that go on slightly moist and dry to a beautiful finish. Our high pigmented colors are extremely blend able and water resistant so you’ll never have to worry about reapplying throughout the day. As with all of our products our eye shadows are botanically formulated with a & e, chamomile, aloe and a host of other great ingredients to keep your skin hydrated and your eyes looking sultry.  Mojo has just also launched 20 new mineral based pure pigment shadows.  The results are simply outstanding.'),(78,4,58,0,20,'Pods are amazing new products from mojo that come in two formulations.  The first 3 cream based colors are a versatile combination of lip/cheek tint and eyeliner/shadow luxe formulations that go on slightly moist and dry to a beautiful finish. Our high pigmented colors are extremely blend able and water resistant so you’ll never have to worry about reapplying throughout the day. As with all of our products our eye shadows are botanically formulated with a & e, chamomile, aloe and a host of other great ingredients to keep your skin hydrated and your eyes looking sultry.  Mojo has just also launched 20 new mineral based pure pigment shadows.  The results are simply outstanding.'),(79,4,68,0,20,'120 eyeshadow\r\n120 eyeshadow palette\r\n5 color eyeshadow\r\n88 color eyeshadow\r\n88 eyeshadow\r\nalmay eyeshadow\r\napplying eyeshadow\r\nbed head eyeshadow\r\nbeige eyeshadow\r\nben nye eyeshadow\r\nben nye eyeshadows\r\nbenefit eyeshadow\r\nbest eyeshadow primer\r\nblend eyeshadow\r\nblush eyeshadow\r\nbright eyeshadows\r\nbronze eyeshadow\r\nbuy eyeshadow\r\ncarbon eyeshadow\r\ncargo eyeshadow\r\ncheap eyeshadow\r\ncheap eyeshadows\r\nclub eyeshadow\r\ncolor on eyeshadow\r\ncolor on pro eyeshadow\r\ncoloron eyeshadow\r\ncolour eyeshadow\r\ncosmetic eyeshadow\r\ncosmetics eyeshadow\r\ncover girl eyeshadow\r\ncream eyeshadow\r\ndark blue eyeshadow\r\ndepotting eyeshadow\r\ndiamond eyeshadow\r\ndior 5 color eyeshadow\r\ndior 5 colour eyeshadow\r\ndior eyeshadow\r\ndiscontinued eyeshadow\r\ndiscount eyeshadow\r\nelizabeth arden eyeshadow\r\neyeshadow\r\neyeshadow 2008\r\neyeshadow applications\r\neyeshadow applicator\r\neyeshadow applicators\r\neyeshadow art\r\neyeshadow base\r\neyeshadow bases\r\neyeshadow blog\r\neyeshadow brush\r\neyeshadow brushes\r\neyeshadow color\r\neyeshadow colors\r\neyeshadow com\r\neyeshadow compact\r\neyeshadow design\r\neyeshadow diagram\r\neyeshadow display\r\neyeshadow duos\r\neyeshadow examples\r\neyeshadow foundation\r\neyeshadow gallery\r\neyeshadow game\r\neyeshadow games\r\neyeshadow girls\r\neyeshadow government\r\neyeshadow guide\r\neyeshadow help\r\neyeshadow holder\r\neyeshadow images\r\neyeshadow ingredients\r\neyeshadow kits\r\neyeshadow liner\r\neyeshadow make up\r\neyeshadow makeup\r\neyeshadow palette\r\neyeshadow pallet\r\neyeshadow pencil\r\neyeshadow pencils\r\neyeshadow photos\r\neyeshadow picture\r\neyeshadow pictures\r\neyeshadow plus\r\neyeshadow primer\r\neyeshadow products\r\neyeshadow review\r\neyeshadow reviews\r\neyeshadow sale\r\neyeshadow sample\r\neyeshadow set\r\neyeshadow shade\r\neyeshadow shades\r\neyeshadow tips\r\neyeshadow trios\r\neyeshadow video\r\neyeshadow videos\r\neyeshadow youtube\r\neyeshadows\r\nfree eyeshadow\r\nfresh eyeshadow\r\nglitter eyeshadow\r\nglitter eyeshadows\r\ngloss eyeshadow\r\nhistory of eyeshadow\r\nhot pink eyeshadow\r\nhow eyeshadow\r\nhow to apply eyeshadow\r\nl oreal eyeshadow\r\nla colors eyeshadow\r\nlaura mercier eyeshadow\r\nleishi eyeshadow\r\nliquid eyeshadow\r\nloose eyeshadow\r\nloreal eyeshadow\r\nloreal eyeshadows\r\nloreal hip eyeshadows\r\nmanic panic eyeshadow\r\nmark eyeshadow\r\nmatte eyeshadow\r\nmax eyeshadow\r\nmax factor eyeshadow\r\nmaybelline eyeshadow\r\nmetal eyeshadow\r\nmineral eyeshadow\r\nnatural eyeshadow\r\nnew eyeshadow\r\nnew eyeshadows\r\nnyx jumbo eyeshadow pencil\r\npink eyeshadow\r\npink eyeshadows\r\npowder eyeshadow\r\npress on eyeshadow\r\npressed eyeshadow\r\npro eyeshadow\r\nprofessional eyeshadow palette\r\nrevlon eyeshadow\r\nrimmel eyeshadow\r\nsheer eyeshadow\r\nshimmer eyeshadow\r\nshimmery eyeshadow\r\nshiseido eyeshadow\r\nteal eyeshadow\r\ntop eyeshadow\r\ntrue color eyeshadow\r\nurban decay eyeshadow\r\nvibrant eyeshadow\r\nvincent longo eyeshadow\r\nwaterproof eyeshadow\r\nwear eyeshadow\r\nwild eyeshadow\r\nstackable eyeshadow\r\nanti-crease eyeshadow\r\nhigh pigment eyeshadow'),(80,4,89,0,20,''),(81,4,57,0,21,'Bullet - Caliber'),(82,4,58,0,21,'Bullet - Caliber'),(83,4,68,0,21,''),(84,4,89,0,21,''),(85,4,57,0,22,'Bullet - Conviction'),(86,4,58,0,22,'Bullet - Conviction'),(87,4,68,0,22,''),(88,4,89,0,22,''),(89,4,57,0,23,'Bullet - Delusion'),(90,4,58,0,23,'Bullet - Delusion'),(91,4,68,0,23,''),(92,4,89,0,23,''),(93,4,57,0,24,'Bullet - Diabolic'),(94,4,58,0,24,'Bullet - Diabolic'),(95,4,68,0,24,''),(96,4,89,0,24,''),(97,4,57,0,25,'Bullet - Dubai'),(98,4,58,0,25,'Bullet - Dubai'),(99,4,68,0,25,''),(100,4,89,0,25,''),(101,4,57,0,26,'Bullet - Dune'),(102,4,58,0,26,'Bullet - Dune'),(103,4,68,0,26,''),(104,4,89,0,26,''),(105,4,57,0,27,'Bullet - Pinup'),(106,4,58,0,27,'Bullet - Pinup'),(107,4,68,0,27,''),(108,4,89,0,27,''),(109,4,57,0,28,'Bullet - Suede'),(110,4,58,0,28,'Bullet - Suede'),(111,4,68,0,28,''),(112,4,89,0,28,''),(113,4,57,0,29,'Bullet - Tirade'),(114,4,58,0,29,'Bullet - Tirade'),(115,4,68,0,29,''),(116,4,89,0,29,''),(117,4,57,0,30,'Bullet - Mojo lip therapy'),(118,4,58,0,30,'Bullet - Mojo lip therapy'),(119,4,68,0,30,''),(120,4,89,0,30,''),(121,4,57,0,31,'Mojo bullet inserts are botanically formulated refills for our award winning TITAN refillable lipstick and concealers.  Bullet lipstick refills come in a beautiful range of high pigmented wearable colors and apply with an ultra smooth glide. There is a slight vanilla mint scent along with a cooling tingle. Case is made from machined laser etched aircraft alloy.'),(122,4,58,0,31,'Mojo bullet inserts are botanically formulated refills for our award winning TITAN refillable lipstick and concealers.  Bullet lipstick refills come in a beautiful range of high pigmented wearable colors and apply with an ultra smooth glide. There is a slight vanilla mint scent along with a cooling tingle. Case is made from machined laser etched aircraft alloy.'),(123,4,68,0,31,'abc lipstick\r\naeschynanthus lipstick\r\nall day lipstick\r\nalmay\r\nalmay lipstick\r\napply lipstick\r\napplying lipstick\r\nbeauty\r\nbest lipstick\r\nbest long lasting lipstick\r\nbest red lipstick\r\nblack lipstick\r\nblue lipstick\r\nblush\r\nbomis lipstick\r\ncheap lipstick\r\ncheek color\r\ncolor cosmetics\r\nconcealer\r\ncontaining lead lipstick\r\ncosmetic\r\ncosmetics\r\ncosmetics lipstick\r\ncream lipstick\r\ndiscontinued cosmetics\r\ndiscontinued lipstick\r\ndiscount lipstick\r\nelizabeth arden lipstick\r\nelizabeth arden makeup\r\neye shadow\r\neyeshadow\r\nfoundation makeup\r\nfran wilson\r\nfran wilson lipstick\r\nfree lipstick\r\ngloss\r\ngloss lipstick\r\ngluten free lipstick\r\nguttermouth lipstick\r\nhistory of lipstick\r\nhow to apply lipstick\r\nhow to make lipstick\r\ningredients lipstick\r\ningredients of lipstick\r\njane lipstick\r\nlasting lipstick\r\nlead free lipstick\r\nlead free lipsticks\r\nlead gold lipstick\r\nlead lipstick\r\nlead lipstick hoax\r\nlead lipsticks\r\nlip\r\nlip balm\r\nlip gloss\r\nlip liner\r\nlip liners\r\nlip make up\r\nlip makeup\r\nlip pencils\r\nlip sticks\r\nlipgloss\r\nlipliner\r\nlipstick\r\nlipstick and cigarettes\r\nlipstick and lead\r\nlipstick application\r\nlipstick ascending\r\nlipstick band\r\nlipstick blush\r\nlipstick brand\r\nlipstick brands\r\nlipstick brush\r\nlipstick brushes\r\nlipstick camera\r\nlipstick cancer\r\nlipstick cases\r\nlipstick club\r\nlipstick color\r\nlipstick colors\r\nlipstick colour\r\nlipstick compact\r\nlipstick components\r\nlipstick concealer\r\nlipstick contains lead\r\nlipstick cosmetic\r\nlipstick display\r\nlipstick dvd\r\nlipstick face\r\nlipstick facts\r\nlipstick forum\r\nlipstick foundation\r\nlipstick game\r\nlipstick games\r\nlipstick history\r\nlipstick hoax\r\nlipstick inc\r\nlipstick index\r\nlipstick jumgle\r\nlipstick junble\r\nlipstick jungles\r\nlipstick junle\r\nlipstick kiss\r\nlipstick lead content\r\nlipstick lesbians\r\nlipstick librarian\r\nlipstick lipgloss\r\nlipstick made of\r\nlipstick magazine\r\nlipstick model\r\nlipstick mold\r\nlipstick movie\r\nlipstick nail polish\r\nlipstick on your collar\r\nlipstick online\r\nlipstick page\r\nlipstick palette\r\nlipstick party\r\nlipstick pencil\r\nlipstick phone\r\nlipstick photo\r\nlipstick photos\r\nlipstick picture\r\nlipstick plant\r\nlipstick plants\r\nlipstick primer\r\nlipstick review\r\nlipstick reviews\r\nlipstick ring\r\nlipstick shades\r\nlipstick show\r\nlipstick skin\r\nlipstick stain removal\r\nlipstick stains\r\nlipstick test\r\nlipstick tips\r\nlipstick traces\r\nlipstick tv\r\nlipstick vote\r\nlipstick voting\r\nlipstick wear\r\nlipstickfetish\r\nlipstickparty\r\nlipsticks\r\nlipsticksex\r\nliquid lipstick\r\nlong lasting\r\nlong lasting lipstick\r\nloreal lipstick\r\nmake up\r\nmake up lipstick\r\nmake your own lipstick\r\nmakeup\r\nmakeup lipstick\r\nmaking lipstick\r\nmascara\r\nmascara lipstick\r\nmatte lipstick\r\nmax factor lipstick\r\nmaybelline\r\nmaybelline lipstick\r\nmoisturizing lipstick\r\nmood lipstick\r\nmood magic lipstick\r\nnail polish\r\nnatural cosmetics\r\nnatural lipstick\r\nnew lipstick\r\npermanent lipstick\r\npink lipstick\r\nplantlove lipstick\r\npowder lipstick\r\npro to go lipstick\r\nred earth lipstick\r\nred lipstick\r\nrevlon\r\nrevlon lipstick\r\nrimmel\r\nsavvy lipstick\r\nsemi permanent lipstick\r\nsheer lipstick\r\nshimmer lipstick\r\nshiseido\r\nshiseido lipstick\r\nskin care\r\nsmeared\r\nsmeared lipstick\r\nswingertjes\r\ntangee\r\ntangee lipstick\r\nthe best lipstick\r\nthe history of lipstick\r\nwearing lipstick\r\nwet n wild lipstick\r\nwhat is lipstick made of\r\nwhat is lipstick made out of\r\nwhats lipstick\r\nwho invented lipstick\r\nwww lipstick\r\nyoutube lipstick\r\n'),(124,4,89,0,31,''),(125,4,57,0,32,'Bullet concealer refills provide an ultra blendable botanical formulation that gives great water resistant coverage without heavy buildup.  These matte refills can be used to high under eye circles, blemishes, or as additional shades of lipstick with or without platinum gloss over the top if you want a more subdued lip, a great look with smoky, sultry eyes. Case is made from machined laser etched aircraft alloy.'),(126,4,58,0,32,'Bullet concealer refills provide an ultra blendable botanical formulation that gives great water resistant coverage without heavy buildup.  These matte refills can be used to high under eye circles, blemishes, or as additional shades of lipstick with or without platinum gloss over the top if you want a more subdued lip, a great look with smoky, sultry eyes. Case is made from machined laser etched aircraft alloy.'),(127,4,68,0,32,'1 concealer\r\na good concealer\r\nacne\r\nacne concealer\r\nairbrush concealer\r\nairwear concealer\r\nalmay\r\nalmay amazing lasting concealer\r\nalmay concealer\r\nalmay smart shade concealer\r\namazing concealer\r\namazing cosmetics concealer\r\narmani concealer\r\nautomatic camouflage concealer\r\nbare minerals\r\nbare minerals concealer\r\nbare naturale concealer\r\nbecca compact concealer\r\nbenefit concealer\r\nbest concealer\r\nbest concealer brush\r\nbest concealers\r\nbirthmark concealer\r\nblendable concealer\r\nblue concealer\r\nblush\r\nblusher\r\nbronze concealer\r\nbronzer\r\nbuy concealer\r\ncamouflage concealer\r\nchantecaille concealer\r\ncheap concealer\r\nchristian dior concealer\r\ncinema secrets concealer\r\nclarins concealer\r\nconcealer\r\nconcealer 101\r\nconcealer base\r\nconcealer before or after foundation\r\nconcealer brush\r\nconcealer brushes\r\nconcealer color\r\nconcealer colors\r\nconcealer compact\r\nconcealer cosmetics\r\nconcealer foundation\r\nconcealer green\r\nconcealer ingredients\r\nconcealer makeup\r\nconcealer or foundation\r\nconcealer or foundation first\r\nconcealer palette\r\nconcealer pen\r\nconcealer pencil\r\nconcealer pencils\r\nconcealer primer\r\nconcealer products\r\nconcealer reviews\r\nconcealer shades\r\nconcealer sticks\r\nconcealer wand\r\nconcealers\r\ncorrector concealer\r\ncosmetic\r\ncosmetic concealer\r\ncosmetics\r\ncover concealer\r\ncover girl concealer\r\ncover girl invisible concealer\r\ncover up\r\ncovermark concealer\r\ncream concealer\r\ncreaseless concealer\r\ncreme concealer\r\ndior concealer\r\ndior hydrating concealer\r\ndiscount cosmetics\r\ndrugstore concealer\r\nelizabeth arden concealer\r\neye concealer\r\neye liner\r\neye shadow\r\neyes concealer\r\neyeshadow\r\nface concealer\r\nface concealers\r\nface make up\r\nface makeup\r\nfacial concealer\r\nfinish concealer\r\nfoundation\r\nfoundation makeup\r\nfree concealer\r\ngreen tinted concealer\r\nhow to buy concealer\r\nip concealer\r\nkeromask concealer\r\nl oreal concealer\r\nlaura geller concealer\r\nlaura mercier concealer\r\nlauren hutton concealer\r\nlauren hutton double duty concealer\r\nlip concealer\r\nlipliner\r\nlipstick\r\nlipstick concealer\r\nlipsticks\r\nliquid concealer\r\nliquid foundation\r\nlise watier concealer\r\nloreal air wear concealer\r\nloreal bare naturale concealer\r\nloreal concealer\r\nmaccosmetics\r\nmake up\r\nmake up brushes\r\nmake up concealer\r\nmake up foundation\r\nmake-up\r\nmakeup\r\nmakeup application\r\nmakeup bag\r\nmakeup brushes\r\nmakeup cases\r\nmakeup cover up\r\nmakeup tips\r\nmakeupalley\r\nmakeupalley concealer\r\nmanual override concealer\r\nmaquicomplet concealer\r\nmascara\r\nmatte\r\nmatte concealer\r\nmax factor concealer\r\nmaybelline concealer\r\nmaybelline great wear concealer\r\nmaybelline mineral powder concealer\r\nmaybelline mineral power concealer\r\nmaybelline pure concealer\r\nmineral concealer\r\nmineral cosmetics\r\nmineral cream concealer\r\nmineral foundation\r\nmineral make up\r\nmineral makeup\r\nmineral powder concealer\r\nnatural concealer\r\nnyx concealer\r\noil free concealers\r\norange concealer\r\npaula dorf concealer\r\nphysicians formula concealer\r\nphysicians formula magic cube concealer\r\npink concealer\r\npot concealer\r\npressed\r\npurple concealer\r\nrcma concealer\r\nrevlon\r\nrevlon beyond natural concealer\r\nrevlon colorstay blemish concealer\r\nrevlon concealer\r\nrimmel concealer\r\nscar concealer\r\nscreen concealer\r\nsheer concealer\r\nshimmer\r\nshiseido\r\nshiseido concealer\r\nshiseido optimal cover concealer\r\nskin concealer\r\nskin concealers\r\nsmart concealer\r\nsonia kashuk concealer\r\nspray on concealer\r\nstudio finish concealer\r\nstudio finish concealer palette\r\nsue devitt automatic concealer\r\nsuper blendable concealer\r\ntattoo concealer\r\nthe concealer\r\nthursday concealer\r\ntinted moisturizer\r\ntop concealer\r\ntrish mcevoy concealer\r\ntv concealer\r\nunder eye concealer\r\nundereye concealer\r\nurban decay concealer\r\nvincent longo concealer\r\nvincent longo cream concealer\r\nvitiligo concealer\r\nwater proof concealer\r\nwaterproof concealer\r\nwaterproof concealers\r\nwear concealer\r\nwholesale cosmetics\r\nyellow concealer\r\n'),(128,4,89,0,32,''),(129,4,57,0,33,'Bullet Concealer - 1'),(130,4,58,0,33,'Bullet Concealer - 1'),(131,4,68,0,33,''),(132,4,89,0,33,''),(133,4,57,0,34,'Bullet Concealer - 2'),(134,4,58,0,34,'Bullet Concealer - 2'),(135,4,68,0,34,''),(136,4,89,0,34,''),(137,4,57,0,35,'Bullet Concealer - 3'),(138,4,58,0,35,'Bullet Concealer - 3'),(139,4,68,0,35,''),(140,4,89,0,35,''),(141,4,57,0,36,'Bullet Concealer - 4'),(142,4,58,0,36,'Bullet Concealer - 4'),(143,4,68,0,36,''),(144,4,89,0,36,''),(145,4,57,0,37,'Bullet Concealer - 5'),(146,4,58,0,37,'Bullet Concealer - 5'),(147,4,68,0,37,''),(148,4,89,0,37,''),(149,4,57,0,38,'Our botanically-formulated, high-shine gloss and lip plumper restores collagen and other amino acids in your lips to re-energize the protein strands. The result is a smoother and more defined lip that is also fuller and firmer in texture. Clinical tests prove an increased lip volume by up to 40% with continued use. High pearl saturation gives your lips a micro-thin layer of light reflecting sparkle long after you put it on. The super smooth non tacky formula is great by itself or over one of our lip colors.'),(150,4,58,0,38,'Our botanically-formulated, high-shine gloss and lip plumper restores collagen and other amino acids in your lips to re-energize the protein strands. The result is a smoother and more defined lip that is also fuller and firmer in texture. Clinical tests prove an increased lip volume by up to 40% with continued use. High pearl saturation gives your lips a micro-thin layer of light reflecting sparkle long after you put it on. The super smooth non tacky formula is great by itself or over one of our lip colors.'),(151,4,68,0,38,'6 hour lipgloss\r\nabout lipgloss\r\nabsorb the lipgloss\r\namazemint lipgloss\r\natreyu\r\natreyu lipgloss\r\nbaby pink lipgloss\r\nbalmshell lipgloss\r\nbeauty\r\nbest lip gloss\r\nbest lipgloss\r\nbest pink lipgloss\r\nblack lipgloss\r\nblue lipgloss\r\nblush\r\nblusher\r\nbonne bell\r\nbonne bell lipgloss\r\nbourjois lipgloss\r\nbronzer\r\nbuy lip gloss\r\ncargo lipgloss\r\ncheap lip gloss\r\ncheap lipgloss\r\nclear lip gloss\r\nclub lipgloss\r\ncolorfill lipgloss\r\nconcealer\r\ncosmetic\r\ncosmetics\r\ncrazy lipgloss\r\ncream lipgloss\r\ncustom lipgloss\r\ndiamond lipgloss\r\ndior lipgloss\r\ndiscontinued lipgloss\r\ndownload lipgloss\r\nduwop\r\nduwop lipgloss\r\nexpressions lipgloss\r\neye shadow\r\neyeshadow\r\nfafi lipgloss\r\nflavored lip gloss\r\nfoundation\r\nfusion lipgloss\r\nfyi lipgloss\r\ngloss\r\nglosses\r\ngold lipgloss\r\ngoldie lipgloss\r\ngood lipgloss\r\ngreen lipgloss\r\nhard candy lipgloss\r\nheatherette lipgloss\r\nhistory of lipgloss\r\nhollywood lipgloss\r\nhomemade lipgloss\r\nhot pink lipgloss\r\ninfallable lipgloss\r\ninfalliable lipgloss\r\ningredients in lipgloss\r\nis that hot pink lipgloss\r\nkids lipgloss\r\nkim kardashian\'s lipgloss\r\nkim kardashians lipgloss\r\nkiss lipgloss\r\nkls lipgloss\r\nlight lipgloss\r\nlight pink lipgloss\r\nlight up lipgloss\r\nlilmama lipgloss\r\nlilmama lipgloss com\r\nlilmama lipgloss video\r\nlilmamma lipgloss\r\nlip\r\nlip balm\r\nlip color\r\nlip gloss\r\nlip glosses\r\nlip liner\r\nlip pencil\r\nlip plump\r\nlip plumping gloss\r\nlip shine\r\nlip smackers\r\nlip smackers lipgloss\r\nlip sticks\r\nlipgloss\r\nlipgloss backgrounds\r\nlipgloss bad\r\nlipgloss blog\r\nlipgloss brush\r\nlipgloss color\r\nlipgloss com\r\nlipgloss comments\r\nlipgloss dance\r\nlipgloss danger\r\nlipgloss for sale\r\nlipgloss games\r\nlipgloss graphics\r\nlipgloss history\r\nlipgloss images\r\nlipgloss ingredients\r\nlipgloss jungle\r\nlipgloss layout\r\nlipgloss lyrics\r\nlipgloss model\r\nlipgloss models\r\nlipgloss music\r\nlipgloss no music\r\nlipgloss palette\r\nlipgloss party\r\nlipgloss pics\r\nlipgloss picture\r\nlipgloss pictures\r\nlipgloss productions\r\nlipgloss products\r\nlipgloss recipe\r\nlipgloss recipes\r\nlipgloss review\r\nlipgloss reviews\r\nlipgloss set\r\nlipgloss stain\r\nlipgloss video\r\nlipgloss videos\r\nlipgloss website\r\nlipgloss wiki\r\nlipglosses\r\nliplicious lipgloss\r\nlipliner\r\nlips\r\nlips lipgloss\r\nlipslicks lipgloss\r\nlipstick\r\nlipstick lipgloss\r\nlipsticks\r\nliquid lipgloss\r\nlittlemama lipgloss\r\nlong lasting lipgloss\r\nloreal lipgloss\r\nmake lipgloss\r\nmake up\r\nmake your own lipgloss\r\nmake-up\r\nmakeup\r\nmakeup lipgloss\r\nmaking lipgloss\r\nmark lipgloss\r\nmascara\r\nmax lipgloss\r\nmaybelline lipgloss\r\nmoisturizing lip gloss\r\nmotherpucker lipgloss\r\nmy lipgloss\r\nmy lipgloss video\r\nnail polish\r\nnatural lip gloss\r\nnatural lipgloss\r\nneutrogena lipgloss\r\nnew lipgloss\r\no lipgloss\r\nold lipgloss\r\npeach lipgloss\r\npics of lipgloss\r\npicture of lipgloss\r\npictures of lipgloss\r\npink lip gloss\r\npink lipgloss\r\nplum lipgloss\r\nplump lipgloss\r\nplumping\r\nplumping lipgloss\r\npopular lipgloss\r\nrainbow lipgloss\r\nrevlon lipgloss\r\nrumor lipgloss\r\nsharing lipgloss\r\nsheer lipgloss\r\nshine lipgloss\r\nshiny lip gloss\r\nskin care\r\nskincare\r\nsmakers lipgloss\r\ntarte inside out lipgloss\r\ntarte lipgloss\r\nten lipgloss\r\nthe best lipgloss\r\nthe history of lipgloss\r\ntinted lipgloss\r\ntoo faced lipgloss\r\ntop lipgloss\r\nvideo for lipgloss\r\nvincent longo lipgloss\r\nvs lipgloss\r\nwebkinz lipgloss\r\nwet n wild lipgloss\r\nwhite lipgloss\r\nwww lipgloss\r\nyoutube lipgloss\r\n'),(152,4,89,0,38,''),(153,4,57,0,39,'Platinum Lipgloss'),(154,4,58,0,39,'Platinum Lipgloss'),(155,4,68,0,39,''),(156,4,89,0,39,''),(169,4,57,0,43,'Pod LP-1 MOLTON SILVER loose mineral pigment'),(170,4,58,0,43,'Pod LP-1 MOLTON SILVER loose mineral pigment'),(171,4,68,0,43,''),(172,4,89,0,43,''),(173,4,57,0,44,'Pod LP-2 COTTON CANDY PINK loose mineral pigment'),(174,4,58,0,44,'Pod LP-1 MOLTON SILVER loose mineral pigment'),(175,4,68,0,44,''),(176,4,89,0,44,''),(177,4,57,0,45,'LP-3 SUPER GREEN  loose mineral pigment'),(178,4,58,0,45,'LP-3 SUPER GREEN  loose mineral pigment'),(179,4,68,0,45,''),(180,4,89,0,45,''),(181,4,57,0,46,'LP-4 PEACHY PINK loose mineral pigment'),(182,4,58,0,46,'LP-4 PEACHY PINK loose mineral pigment'),(183,4,68,0,46,''),(184,4,89,0,46,''),(185,4,57,0,47,'LP-5 WHITE HIGHLIGHER W GREEN PEARL loose mineral pigment'),(186,4,58,0,47,'LP-5 WHITE HIGHLIGHER W GREEN PEARL loose mineral pigment'),(187,4,68,0,47,''),(188,4,89,0,47,''),(189,4,57,0,48,'LP-6 DEEP MIDNIGHT BLUE loose mineral pigment'),(190,4,58,0,48,'LP-6 DEEP MIDNIGHT BLUE loose mineral pigment'),(191,4,68,0,48,''),(192,4,89,0,48,''),(193,4,57,0,49,'LP-7 CHAMPAGNE WITH SUBTLE SHIMMER loose mineral pigment'),(194,4,58,0,49,'LP-7 CHAMPAGNE WITH SUBTLE SHIMMER loose mineral pigment'),(195,4,68,0,49,''),(196,4,89,0,49,''),(197,4,57,0,50,'LP-8 MULTI FACETED BLUE/PURPLEloose mineral pigment'),(198,4,58,0,50,'LP-8 MULTI FACETED BLUE/PURPLEloose mineral pigment'),(199,4,68,0,50,''),(200,4,89,0,50,''),(201,4,57,0,51,'LP-9 LIGHT GREEN APPLE WITH GOLD loose mineral pigment'),(202,4,58,0,51,'LP-9 LIGHT GREEN APPLE WITH GOLD loose mineral pigment'),(203,4,68,0,51,''),(204,4,89,0,51,''),(205,4,57,0,52,'LP-10 GOLDEN BRONZE loose mineral pigment'),(206,4,58,0,52,'LP-10 GOLDEN BRONZE loose mineral pigment'),(207,4,68,0,52,''),(208,4,89,0,52,''),(209,4,57,0,53,'LP-11 GOLDEN OLIVE loose mineral pigment'),(210,4,58,0,53,'LP-11 GOLDEN OLIVE loose mineral pigment'),(211,4,68,0,53,''),(212,4,89,0,53,''),(213,4,57,0,54,'LP-12 SMOKEY PURPLE W SLIGHT PINK UNDERTONES loose mineral pigment'),(214,4,58,0,54,'LP-12 SMOKEY PURPLE W SLIGHT PINK UNDERTONES loose mineral pigment'),(215,4,68,0,54,''),(216,4,89,0,54,''),(217,4,57,0,55,'LP-13 SUBLE METALLIC CRANBERRY-PINK loose mineral pigment'),(218,4,58,0,55,'LP-13 SUBLE METALLIC CRANBERRY-PINK loose mineral pigment'),(219,4,68,0,55,''),(220,4,89,0,55,''),(221,4,57,0,56,'LP-14 COPPER PENNY loose mineral pigment'),(222,4,58,0,56,'LP-14 COPPER PENNY loose mineral pigment'),(223,4,68,0,56,''),(224,4,89,0,56,''),(225,4,57,0,57,'LP-15 GOLDEN PEACHY PINK loose mineral pigment'),(226,4,58,0,57,'LP-15 GOLDEN PEACHY PINK loose mineral pigment'),(227,4,68,0,57,''),(228,4,89,0,57,''),(229,4,57,0,58,'LP-16 AQUA BLUE-GREEN loose mineral pigment'),(230,4,58,0,58,'LP-16 AQUA BLUE-GREEN loose mineral pigment'),(231,4,68,0,58,''),(232,4,89,0,58,''),(233,4,57,0,59,'LP-17 DEEP RUST loose mineral pigment'),(234,4,58,0,59,'LP-17 DEEP RUST loose mineral pigment'),(235,4,68,0,59,''),(236,4,89,0,59,''),(237,4,57,0,60,'LP-18 SUBLE METALLIC GOLDEN CRANBERRY loose mineral pigment'),(238,4,58,0,60,'LP-18 SUBLE METALLIC GOLDEN CRANBERRY loose mineral pigment'),(239,4,68,0,60,''),(240,4,89,0,60,''),(241,4,57,0,61,'LP-19 CHOCOLATE BROWN WITH GOLD loose mineral pigment'),(242,4,58,0,61,'LP-19 CHOCOLATE BROWN WITH GOLD loose mineral pigment'),(243,4,68,0,61,''),(244,4,89,0,61,''),(245,4,57,0,62,'LP-20 BRIGHT YELLOW GOLD loose mineral pigment'),(246,4,58,0,62,'LP-20 BRIGHT YELLOW GOLD loose mineral pigment'),(247,4,68,0,62,''),(248,4,89,0,62,'');

--
-- Table structure for table `catalog_product_entity_tier_price`
--

CREATE TABLE `catalog_product_entity_tier_price` (
  `value_id` int(11) NOT NULL auto_increment,
  `entity_id` int(10) unsigned NOT NULL default '0',
  `all_groups` tinyint(1) unsigned NOT NULL default '1',
  `customer_group_id` smallint(5) unsigned NOT NULL default '0',
  `qty` decimal(12,4) NOT NULL default '1.0000',
  `value` decimal(12,4) NOT NULL default '0.0000',
  `website_id` smallint(5) unsigned NOT NULL,
  PRIMARY KEY  (`value_id`),
  KEY `FK_CATALOG_PRODUCT_ENTITY_TIER_PRICE_PRODUCT_ENTITY` (`entity_id`),
  KEY `FK_CATALOG_PRODUCT_ENTITY_TIER_PRICE_GROUP` (`customer_group_id`),
  KEY `FK_CATALOG_PRODUCT_TIER_WEBSITE` (`website_id`),
  CONSTRAINT `FK_CATALOG_PRODUCT_ENTITY_TIER_PRICE_GROUP` FOREIGN KEY (`customer_group_id`) REFERENCES `customer_group` (`customer_group_id`) ON DELETE CASCADE ON UPDATE CASCADE,
  CONSTRAINT `FK_CATALOG_PRODUCT_ENTITY_TIER_PRICE_PRODUCT_ENTITY` FOREIGN KEY (`entity_id`) REFERENCES `catalog_product_entity` (`entity_id`) ON DELETE CASCADE ON UPDATE CASCADE,
  CONSTRAINT `FK_CATALOG_PRODUCT_TIER_WEBSITE` FOREIGN KEY (`website_id`) REFERENCES `core_website` (`website_id`) ON DELETE CASCADE ON UPDATE CASCADE
) ENGINE=InnoDB DEFAULT CHARSET=utf8;

--
-- Dumping data for table `catalog_product_entity_tier_price`
--


--
-- Table structure for table `catalog_product_entity_varchar`
--

CREATE TABLE `catalog_product_entity_varchar` (
  `value_id` int(11) NOT NULL auto_increment,
  `entity_type_id` mediumint(8) unsigned NOT NULL default '0',
  `attribute_id` smallint(5) unsigned NOT NULL default '0',
  `store_id` smallint(5) unsigned NOT NULL default '0',
  `entity_id` int(10) unsigned NOT NULL default '0',
  `value` varchar(255) NOT NULL default '',
  PRIMARY KEY  (`value_id`),
  KEY `FK_CATALOG_PRODUCT_ENTITY_VARCHAR_ATTRIBUTE` (`attribute_id`),
  KEY `FK_CATALOG_PRODUCT_ENTITY_VARCHAR_STORE` (`store_id`),
  KEY `FK_CATALOG_PRODUCT_ENTITY_VARCHAR_PRODUCT_ENTITY` (`entity_id`),
  KEY `IDX_ATTRIBUTE_VALUE` (`entity_id`,`attribute_id`,`store_id`),
  CONSTRAINT `FK_CATALOG_PRODUCT_ENTITY_VARCHAR_ATTRIBUTE` FOREIGN KEY (`attribute_id`) REFERENCES `eav_attribute` (`attribute_id`) ON DELETE CASCADE ON UPDATE CASCADE,
  CONSTRAINT `FK_CATALOG_PRODUCT_ENTITY_VARCHAR_PRODUCT_ENTITY` FOREIGN KEY (`entity_id`) REFERENCES `catalog_product_entity` (`entity_id`) ON DELETE CASCADE ON UPDATE CASCADE,
  CONSTRAINT `FK_CATALOG_PRODUCT_ENTITY_VARCHAR_STORE` FOREIGN KEY (`store_id`) REFERENCES `core_store` (`store_id`) ON DELETE CASCADE ON UPDATE CASCADE
) ENGINE=InnoDB AUTO_INCREMENT=872 DEFAULT CHARSET=utf8;

--
-- Dumping data for table `catalog_product_entity_varchar`
--

INSERT INTO `catalog_product_entity_varchar` VALUES (1,4,56,0,1,'silver pearls'),(2,4,82,0,1,'silver-pearls'),(3,4,445,0,1,'2'),(4,4,67,0,1,'Silver Pearls TITAN chains by mojo cosmetics'),(5,4,69,0,1,'These great new silver chains are perfect for hanging the TITAN from.  You can wear them as a necklace or as a chain around your belt loop, purse, etc.   Available in 2 sizes.'),(6,4,70,0,1,'/s/i/silverpearls.jpg'),(7,4,71,0,1,'/s/i/silverpearls.jpg'),(8,4,72,0,1,'/s/i/silverpearls.jpg'),(9,4,86,0,1,''),(10,4,91,0,1,'container2'),(11,4,451,0,1,'Silver Pearl chain - sphere 30\" 4mm diameter'),(12,4,452,0,1,'Silver Pearl chain - sphere 30\" 4mm diameter'),(13,4,453,0,1,'Silver Pearl chain - sphere 30\" 4mm diameter'),(14,4,83,0,1,'silver-pearls.html'),(15,4,56,0,2,'dot dash'),(16,4,82,0,2,'dot-dash'),(17,4,445,0,2,'2'),(18,4,67,0,2,''),(19,4,69,0,2,''),(20,4,70,0,2,'/s/i/silver_pearls_dot_dash.jpg'),(21,4,71,0,2,'/s/i/silver_pearls_dot_dash.jpg'),(22,4,72,0,2,'/s/i/silver_pearls_dot_dash.jpg'),(23,4,86,0,2,''),(24,4,91,0,2,'container2'),(25,4,451,0,2,''),(26,4,452,0,2,''),(27,4,453,0,2,''),(28,4,83,0,2,'dot-dash.html'),(29,4,56,0,3,'sphere'),(30,4,82,0,3,'sphere'),(31,4,445,0,3,'2'),(32,4,67,0,3,''),(33,4,69,0,3,''),(34,4,70,0,3,'/s/i/silver_pearls_sphere.jpg'),(35,4,71,0,3,'/s/i/silver_pearls_sphere.jpg'),(36,4,72,0,3,'/s/i/silver_pearls_sphere.jpg'),(37,4,86,0,3,''),(38,4,91,0,3,'container2'),(39,4,451,0,3,''),(40,4,452,0,3,''),(41,4,453,0,3,''),(42,4,83,0,3,'sphere.html'),(43,4,56,0,4,'TITAN'),(44,4,82,0,4,'titan'),(45,4,445,0,4,'2'),(46,4,67,0,4,'Award winning refillable lipstick and concealer from mojo cosmetics'),(47,4,69,0,4,'Award winning TITAN lipstick and concealer from mojo cosmetics is our flagship product and has been featured in over 120 websites and magazines.  The anti-crush, heat resistant TITAN is refilled with botanically formulated lipstick/concealer bullets. '),(48,4,70,0,4,'/t/i/titan_2.jpg'),(49,4,71,0,4,'/t/i/titan_2.jpg'),(50,4,72,0,4,'/t/i/titan_2.jpg'),(51,4,86,0,4,''),(52,4,91,0,4,'container2'),(53,4,451,0,4,'TITAN refillable lipstick and concealer '),(54,4,452,0,4,'TITAN refillable lipstick and concealer '),(55,4,453,0,4,'TITAN refillable lipstick and concealer '),(56,4,83,0,4,'titan.html'),(57,4,56,0,5,'pink alloy'),(58,4,82,0,5,'pink-alloy'),(59,4,445,0,5,'2'),(60,4,67,0,5,''),(61,4,69,0,5,''),(62,4,70,0,5,'/t/i/titan_pink.jpg'),(63,4,71,0,5,'/t/i/titan_pink.jpg'),(64,4,72,0,5,'/t/i/titan_pink.jpg'),(65,4,86,0,5,''),(66,4,91,0,5,'container2'),(67,4,451,0,5,''),(68,4,452,0,5,''),(69,4,453,0,5,''),(70,4,83,0,5,'pink-alloy.html'),(71,4,56,0,6,'titanium grey'),(72,4,82,0,6,'titanium-grey'),(73,4,445,0,6,'2'),(74,4,67,0,6,''),(75,4,69,0,6,''),(76,4,70,0,6,'/t/i/titan_gray.jpg'),(77,4,71,0,6,'/t/i/titan_gray.jpg'),(78,4,72,0,6,'/t/i/titan_gray.jpg'),(79,4,86,0,6,''),(80,4,91,0,6,'container2'),(81,4,451,0,6,''),(82,4,452,0,6,''),(83,4,453,0,6,''),(84,4,83,0,6,'titanium-grey.html'),(85,4,56,0,7,'Lacquers'),(86,4,82,0,7,'lacquer'),(87,4,445,0,7,'2'),(88,4,67,0,7,'High gloss anti-chip nail lacquers from mojo cosmetics'),(89,4,69,0,7,'Our new nail lacquers are botanically formulated with hardeners, have an amazing shine, and dry lightening fast.  Best of all they are color matched to our award winning TITAN/bullet lipsticks.'),(93,4,86,0,7,''),(94,4,91,0,7,'container2'),(95,4,451,0,7,'mojo lacquers'),(96,4,452,0,7,'mojo lacquers'),(97,4,453,0,7,'mojo lacquers'),(98,4,83,0,7,'lacquer.html'),(99,4,56,0,8,'Conviction'),(100,4,82,0,8,'conviction'),(101,4,445,0,8,'2'),(102,4,67,0,8,''),(103,4,69,0,8,''),(104,4,70,0,8,'/n/a/nail_conviction.jpg'),(105,4,71,0,8,'/n/a/nail_conviction.jpg'),(106,4,72,0,8,'/n/a/nail_conviction.jpg'),(107,4,86,0,8,''),(108,4,91,0,8,'container2'),(109,4,451,0,8,''),(110,4,452,0,8,''),(111,4,453,0,8,''),(112,4,83,0,8,'conviction.html'),(113,4,56,0,9,'Delusion'),(114,4,82,0,9,'delusion'),(115,4,445,0,9,'2'),(116,4,67,0,9,''),(117,4,69,0,9,''),(118,4,70,0,9,'/n/a/nail_delusion.jpg'),(119,4,71,0,9,'/n/a/nail_delusion.jpg'),(120,4,72,0,9,'/n/a/nail_delusion.jpg'),(121,4,86,0,9,''),(122,4,91,0,9,'container2'),(123,4,451,0,9,''),(124,4,452,0,9,''),(125,4,453,0,9,''),(126,4,83,0,9,'delusion.html'),(127,4,56,0,10,'Diabolic'),(128,4,82,0,10,'diabolic'),(129,4,445,0,10,'2'),(130,4,67,0,10,''),(131,4,69,0,10,''),(132,4,70,0,10,'/n/a/nail_diabolic.jpg'),(133,4,71,0,10,'/n/a/nail_diabolic.jpg'),(134,4,72,0,10,'/n/a/nail_diabolic.jpg'),(135,4,86,0,10,''),(136,4,91,0,10,'container2'),(137,4,451,0,10,''),(138,4,452,0,10,''),(139,4,453,0,10,''),(140,4,83,0,10,'diabolic.html'),(141,4,56,0,11,'Dubai'),(142,4,82,0,11,'diabolic'),(143,4,445,0,11,'2'),(144,4,67,0,11,''),(145,4,69,0,11,''),(146,4,70,0,11,'/n/a/nail_dubai.jpg'),(147,4,71,0,11,'/n/a/nail_dubai.jpg'),(148,4,72,0,11,'/n/a/nail_dubai.jpg'),(149,4,86,0,11,''),(150,4,91,0,11,'container2'),(151,4,451,0,11,''),(152,4,452,0,11,''),(153,4,453,0,11,''),(154,4,83,0,11,'diabolic-1.html'),(155,4,56,0,12,'Dune'),(156,4,82,0,12,'dune'),(157,4,445,0,12,'2'),(158,4,67,0,12,''),(159,4,69,0,12,''),(160,4,70,0,12,'/n/a/nail_dune.jpg'),(161,4,71,0,12,'/n/a/nail_dune.jpg'),(162,4,72,0,12,'/n/a/nail_dune.jpg'),(163,4,86,0,12,''),(164,4,91,0,12,'container2'),(165,4,451,0,12,''),(166,4,452,0,12,''),(167,4,453,0,12,''),(168,4,83,0,12,'dune.html'),(169,4,56,0,13,'Forbidden'),(170,4,82,0,13,'forbidden'),(171,4,445,0,13,'2'),(172,4,67,0,13,''),(173,4,69,0,13,''),(174,4,70,0,13,'/n/a/nail_forbidden.jpg'),(175,4,71,0,13,'/n/a/nail_forbidden.jpg'),(176,4,72,0,13,'/n/a/nail_forbidden.jpg'),(177,4,86,0,13,''),(178,4,91,0,13,'container2'),(179,4,451,0,13,''),(180,4,452,0,13,''),(181,4,453,0,13,''),(182,4,83,0,13,'forbidden.html'),(183,4,56,0,14,'Pinup'),(184,4,82,0,14,'pinup'),(185,4,445,0,14,'2'),(186,4,67,0,14,''),(187,4,69,0,14,''),(188,4,70,0,14,'/n/a/nail_pinup.jpg'),(189,4,71,0,14,'/n/a/nail_pinup.jpg'),(190,4,72,0,14,'/n/a/nail_pinup.jpg'),(191,4,86,0,14,''),(192,4,91,0,14,'container2'),(193,4,451,0,14,''),(194,4,452,0,14,''),(195,4,453,0,14,''),(196,4,83,0,14,'pinup.html'),(197,4,56,0,15,'Platinum'),(198,4,82,0,15,'lacquer-platinum'),(199,4,445,0,15,'2'),(200,4,67,0,15,''),(201,4,69,0,15,''),(202,4,70,0,15,'/n/a/nail_platinum.jpg'),(203,4,71,0,15,'/n/a/nail_platinum.jpg'),(204,4,72,0,15,'/n/a/nail_platinum.jpg'),(205,4,86,0,15,''),(206,4,91,0,15,'container2'),(207,4,451,0,15,''),(208,4,452,0,15,''),(209,4,453,0,15,''),(210,4,83,0,15,'lacquer-platinum.html'),(211,4,56,0,16,'Suede'),(212,4,82,0,16,'suede'),(213,4,445,0,16,'2'),(214,4,67,0,16,''),(215,4,69,0,16,''),(216,4,70,0,16,'/n/a/nail_suede.jpg'),(217,4,71,0,16,'/n/a/nail_suede.jpg'),(218,4,72,0,16,'/n/a/nail_suede.jpg'),(219,4,86,0,16,''),(220,4,91,0,16,'container2'),(221,4,451,0,16,''),(222,4,452,0,16,''),(223,4,453,0,16,''),(224,4,83,0,16,'suede.html'),(225,4,56,0,17,'Blossom'),(226,4,82,0,17,'blossom'),(227,4,445,0,17,'2'),(228,4,67,0,17,''),(229,4,69,0,17,''),(230,4,70,0,17,'/p/o/pod_blossom.jpg'),(231,4,71,0,17,'/p/o/pod_blossom.jpg'),(232,4,72,0,17,'/p/o/pod_blossom.jpg'),(233,4,86,0,17,''),(234,4,91,0,17,'container2'),(235,4,451,0,17,''),(236,4,452,0,17,''),(237,4,453,0,17,''),(238,4,83,0,17,'blossom.html'),(239,4,56,0,18,'Obsidian'),(240,4,82,0,18,'obsidian'),(241,4,445,0,18,'2'),(242,4,67,0,18,''),(243,4,69,0,18,''),(244,4,70,0,18,'/p/o/pod_obsidian.jpg'),(245,4,71,0,18,'/p/o/pod_obsidian.jpg'),(246,4,72,0,18,'/p/o/pod_obsidian.jpg'),(247,4,86,0,18,''),(248,4,91,0,18,'container2'),(249,4,451,0,18,''),(250,4,452,0,18,''),(251,4,453,0,18,''),(252,4,83,0,18,'obsidian.html'),(253,4,56,0,19,'Vintage'),(254,4,82,0,19,'vintage'),(255,4,445,0,19,'2'),(256,4,67,0,19,''),(257,4,69,0,19,''),(258,4,70,0,19,'/p/o/pod_VINTAGE.jpg'),(259,4,71,0,19,'/p/o/pod_VINTAGE.jpg'),(260,4,72,0,19,'/p/o/pod_VINTAGE.jpg'),(261,4,86,0,19,''),(262,4,91,0,19,'container2'),(263,4,451,0,19,''),(264,4,452,0,19,''),(265,4,453,0,19,''),(266,4,83,0,19,'vintage.html'),(267,4,56,0,20,'Pods'),(268,4,82,0,20,'pod'),(269,4,445,0,20,'2'),(270,4,67,0,20,'pod eyeshadow'),(271,4,69,0,20,'ultra luxe creamy eyeshadows from mojo cosmetics.  High pigment, long wear and anti-crease.  Comes in laser etched aircraft alloy stackable pod.'),(272,4,70,0,20,'/f/i/file.jpg'),(273,4,71,0,20,'/f/i/file.jpg'),(274,4,72,0,20,'/f/i/file.jpg'),(275,4,86,0,20,''),(276,4,91,0,20,'container2'),(277,4,451,0,20,'New pod mineral shadow'),(278,4,452,0,20,'New pod mineral shadow'),(279,4,453,0,20,'New pod mineral shadow'),(280,4,83,0,20,'pod.html'),(281,4,56,0,21,'Caliber'),(282,4,82,0,21,'caliber'),(283,4,445,0,21,'2'),(284,4,67,0,21,''),(285,4,69,0,21,''),(286,4,70,0,21,'/l/i/lip_caliber.jpg'),(287,4,71,0,21,'/l/i/lip_caliber.jpg'),(288,4,72,0,21,'/l/i/lip_caliber.jpg'),(289,4,86,0,21,''),(290,4,91,0,21,'container2'),(291,4,451,0,21,''),(292,4,452,0,21,''),(293,4,453,0,21,''),(294,4,83,0,21,'caliber.html'),(295,4,56,0,22,'Conviction'),(296,4,82,0,22,'conviction'),(297,4,445,0,22,'2'),(298,4,67,0,22,''),(299,4,69,0,22,''),(300,4,70,0,22,'/l/i/lip_conviction.jpg'),(301,4,71,0,22,'/l/i/lip_conviction.jpg'),(302,4,72,0,22,'/l/i/lip_conviction.jpg'),(303,4,86,0,22,''),(304,4,91,0,22,'container2'),(305,4,451,0,22,''),(306,4,452,0,22,''),(307,4,453,0,22,''),(308,4,83,0,22,'conviction-1.html'),(309,4,56,0,23,'Delusion'),(310,4,82,0,23,'delusion'),(311,4,445,0,23,'2'),(312,4,67,0,23,''),(313,4,69,0,23,''),(314,4,70,0,23,'/l/i/lip_delusion.jpg'),(315,4,71,0,23,'/l/i/lip_delusion.jpg'),(316,4,72,0,23,'/l/i/lip_delusion.jpg'),(317,4,86,0,23,''),(318,4,91,0,23,'container2'),(319,4,451,0,23,''),(320,4,452,0,23,''),(321,4,453,0,23,''),(322,4,83,0,23,'delusion-1.html'),(323,4,56,0,24,'Diabolic'),(324,4,82,0,24,'diabolic'),(325,4,445,0,24,'2'),(326,4,67,0,24,''),(327,4,69,0,24,''),(328,4,70,0,24,'/l/i/lip_diabolic.jpg'),(329,4,71,0,24,'/l/i/lip_diabolic.jpg'),(330,4,72,0,24,'/l/i/lip_diabolic.jpg'),(331,4,86,0,24,''),(332,4,91,0,24,'container2'),(333,4,451,0,24,''),(334,4,452,0,24,''),(335,4,453,0,24,''),(336,4,83,0,24,'diabolic-2.html'),(337,4,56,0,25,'Dubai'),(338,4,82,0,25,'dubai'),(339,4,445,0,25,'2'),(340,4,67,0,25,''),(341,4,69,0,25,''),(342,4,70,0,25,'/l/i/lip_dubai.jpg'),(343,4,71,0,25,'/l/i/lip_dubai.jpg'),(344,4,72,0,25,'/l/i/lip_dubai.jpg'),(345,4,86,0,25,''),(346,4,91,0,25,'container2'),(347,4,451,0,25,''),(348,4,452,0,25,''),(349,4,453,0,25,''),(350,4,83,0,25,'dubai.html'),(351,4,56,0,26,'Dune'),(352,4,82,0,26,'dune'),(353,4,445,0,26,'2'),(354,4,67,0,26,''),(355,4,69,0,26,''),(356,4,70,0,26,'/l/i/lip_dune.jpg'),(357,4,71,0,26,'/l/i/lip_dune.jpg'),(358,4,72,0,26,'/l/i/lip_dune.jpg'),(359,4,86,0,26,''),(360,4,91,0,26,'container2'),(361,4,451,0,26,''),(362,4,452,0,26,''),(363,4,453,0,26,''),(364,4,83,0,26,'dune-1.html'),(365,4,56,0,27,'Pinup'),(366,4,82,0,27,'pinup'),(367,4,445,0,27,'2'),(368,4,67,0,27,''),(369,4,69,0,27,''),(370,4,70,0,27,'/l/i/lip_pinup.jpg'),(371,4,71,0,27,'/l/i/lip_pinup.jpg'),(372,4,72,0,27,'/l/i/lip_pinup.jpg'),(373,4,86,0,27,''),(374,4,91,0,27,'container2'),(375,4,451,0,27,''),(376,4,452,0,27,''),(377,4,453,0,27,''),(378,4,83,0,27,'pinup-1.html'),(379,4,56,0,28,'Suede'),(380,4,82,0,28,'suede'),(381,4,445,0,28,'2'),(382,4,67,0,28,''),(383,4,69,0,28,''),(384,4,70,0,28,'/l/i/lip_suede.jpg'),(385,4,71,0,28,'/l/i/lip_suede.jpg'),(386,4,72,0,28,'/l/i/lip_suede.jpg'),(387,4,86,0,28,''),(388,4,91,0,28,'container2'),(389,4,451,0,28,''),(390,4,452,0,28,''),(391,4,453,0,28,''),(392,4,83,0,28,'suede-1.html'),(393,4,56,0,29,'Tirade'),(394,4,82,0,29,'tirade'),(395,4,445,0,29,'2'),(396,4,67,0,29,''),(397,4,69,0,29,''),(398,4,70,0,29,'/l/i/lip_tirade.jpg'),(399,4,71,0,29,'/l/i/lip_tirade.jpg'),(400,4,72,0,29,'/l/i/lip_tirade.jpg'),(401,4,86,0,29,''),(402,4,91,0,29,'container2'),(403,4,451,0,29,''),(404,4,452,0,29,''),(405,4,453,0,29,''),(406,4,83,0,29,'tirade.html'),(407,4,56,0,30,'Mojo lip therapy'),(408,4,82,0,30,'unisex'),(409,4,445,0,30,'2'),(410,4,67,0,30,''),(411,4,69,0,30,''),(412,4,70,0,30,'/l/i/lip_unisex.jpg'),(413,4,71,0,30,'/l/i/lip_unisex.jpg'),(414,4,72,0,30,'/l/i/lip_unisex.jpg'),(415,4,86,0,30,''),(416,4,91,0,30,'container2'),(417,4,451,0,30,''),(418,4,452,0,30,''),(419,4,453,0,30,''),(420,4,83,0,30,'unisex.html'),(421,4,56,0,31,'Bullet Lipsticks'),(422,4,82,0,31,'bullet-lipsticks'),(423,4,445,0,31,'2'),(424,4,67,0,31,'Smooth and creamy hydrating bullet lipstick refills from mojo cosmetics'),(425,4,69,0,31,'Botanically formulated and super creamy bullet lipstick refills have great colors and and even better glide.  These hydrating, long wear lipsticks come in an assorted range of classic chic colors.  Just pop it in your TITAN and you\'re ready to go.'),(426,4,70,0,31,'/b/u/bullet_lipsticks_1.jpg'),(427,4,71,0,31,'/b/u/bullet_lipsticks_1.jpg'),(428,4,72,0,31,'/b/u/bullet_lipsticks_1.jpg'),(429,4,86,0,31,''),(430,4,91,0,31,'container2'),(431,4,451,0,31,'Botanically formulated lipstick (creamy)'),(432,4,452,0,31,'Botanically formulated lipstick (creamy)'),(433,4,453,0,31,'Botanically formulated lipstick (creamy)'),(434,4,83,0,31,'bullet-lipsticks.html'),(435,4,56,0,32,'Bullet Concealers'),(436,4,82,0,32,'bullet-concealers'),(437,4,445,0,32,'2'),(438,4,67,0,32,'Long wear matte refill bullet concealers from mojo cosmetics'),(439,4,69,0,32,'Ultra blendable refill bullet concealers from mojo cosmetics go on smooth and dry to a matte finish.  They\'re botanically formulated and  perfect for under the eyes or blemishes.  Just pop in your TITAN and go.'),(440,4,70,0,32,'/b/u/bullet_concealers_1.jpg'),(441,4,71,0,32,'/b/u/bullet_concealers_1.jpg'),(442,4,72,0,32,'/b/u/bullet_concealers_1.jpg'),(443,4,86,0,32,''),(444,4,91,0,32,'container2'),(445,4,451,0,32,'Botanically formulated concealer (matte)'),(446,4,452,0,32,'Botanically formulated concealer (matte)'),(447,4,453,0,32,'Botanically formulated concealer (matte)'),(448,4,83,0,32,'bullet-concealers.html'),(449,4,56,0,33,'1'),(450,4,82,0,33,'1'),(451,4,445,0,33,'2'),(452,4,67,0,33,''),(453,4,69,0,33,''),(454,4,70,0,33,'/c/o/concealer_1.jpg'),(455,4,71,0,33,'/c/o/concealer_1.jpg'),(456,4,72,0,33,'/c/o/concealer_1.jpg'),(457,4,86,0,33,''),(458,4,91,0,33,'container2'),(459,4,451,0,33,''),(460,4,452,0,33,''),(461,4,453,0,33,''),(462,4,83,0,33,'1.html'),(463,4,56,0,34,'2'),(464,4,82,0,34,'2'),(465,4,445,0,34,'2'),(466,4,67,0,34,''),(467,4,69,0,34,''),(468,4,70,0,34,'/c/o/concealer_2.jpg'),(469,4,71,0,34,'/c/o/concealer_2.jpg'),(470,4,72,0,34,'/c/o/concealer_2.jpg'),(471,4,86,0,34,''),(472,4,91,0,34,'container2'),(473,4,451,0,34,''),(474,4,452,0,34,''),(475,4,453,0,34,''),(476,4,83,0,34,'2.html'),(477,4,56,0,35,'3'),(478,4,82,0,35,'3'),(479,4,445,0,35,'2'),(480,4,67,0,35,''),(481,4,69,0,35,''),(482,4,70,0,35,'/c/o/concealer_3.jpg'),(483,4,71,0,35,'/c/o/concealer_3.jpg'),(484,4,72,0,35,'/c/o/concealer_3.jpg'),(485,4,86,0,35,''),(486,4,91,0,35,'container2'),(487,4,451,0,35,''),(488,4,452,0,35,''),(489,4,453,0,35,''),(490,4,83,0,35,'3.html'),(491,4,56,0,36,'4'),(492,4,82,0,36,'4'),(493,4,445,0,36,'2'),(494,4,67,0,36,''),(495,4,69,0,36,''),(496,4,70,0,36,'/c/o/concealer_4.jpg'),(497,4,71,0,36,'/c/o/concealer_4.jpg'),(498,4,72,0,36,'/c/o/concealer_4.jpg'),(499,4,86,0,36,''),(500,4,91,0,36,'container2'),(501,4,451,0,36,''),(502,4,452,0,36,''),(503,4,453,0,36,''),(504,4,83,0,36,'4.html'),(505,4,56,0,37,'5'),(506,4,82,0,37,'5'),(507,4,445,0,37,'2'),(508,4,67,0,37,''),(509,4,69,0,37,''),(510,4,70,0,37,'/c/o/concealer_5.jpg'),(511,4,71,0,37,'/c/o/concealer_5.jpg'),(512,4,72,0,37,'/c/o/concealer_5.jpg'),(513,4,86,0,37,''),(514,4,91,0,37,'container2'),(515,4,451,0,37,''),(516,4,452,0,37,''),(517,4,453,0,37,''),(518,4,83,0,37,'5.html'),(519,4,56,0,38,'Platinum'),(520,4,82,0,38,'platinum'),(521,4,445,0,38,'2'),(522,4,67,0,38,'Creamy superpearl platinium lipgloss from mojo cosmetics'),(523,4,69,0,38,'Ultra chic creamy lipgloss and plumper from mojo cosmetics.  Gives lips a great shine even after it dries.  Non sticky formulations goes on smooth and saturates lips with an organically formulated hydrating topcoat that looks amazing.'),(524,4,70,0,38,'/p/l/platinum_1.jpg'),(525,4,71,0,38,'/p/l/platinum_1.jpg'),(526,4,72,0,38,'/p/l/platinum_1.jpg'),(527,4,86,0,38,''),(528,4,91,0,38,'container2'),(529,4,451,0,38,'Creamy pearlized lipgloss / lipstick topcoat with plumper'),(530,4,452,0,38,'Creamy pearlized lipgloss / lipstick topcoat with plumper'),(531,4,453,0,38,'Creamy pearlized lipgloss / lipstick topcoat with plumper'),(532,4,83,0,38,'platinum.html'),(533,4,56,0,39,'platinum'),(534,4,82,0,39,'lipgloss'),(535,4,445,0,39,'2'),(536,4,67,0,39,''),(537,4,69,0,39,''),(538,4,70,0,39,'/l/i/lipgloss_platinum.jpg'),(539,4,71,0,39,'/l/i/lipgloss_platinum.jpg'),(540,4,72,0,39,'/l/i/lipgloss_platinum.jpg'),(541,4,86,0,39,''),(542,4,91,0,39,'container2'),(543,4,451,0,39,''),(544,4,452,0,39,''),(545,4,453,0,39,''),(546,4,83,0,39,'lipgloss.html'),(547,4,70,0,7,'/n/a/naillacquers3.jpg'),(548,4,71,0,7,'/n/a/naillacquers3.jpg'),(549,4,72,0,7,'/n/a/naillacquers3.jpg'),(592,4,56,0,43,'LP-1 MOLTON SILVER'),(593,4,82,0,43,'pod-lp-1-molton-silver-loose-mineral-pigment'),(594,4,445,0,43,'2'),(595,4,67,0,43,''),(596,4,69,0,43,''),(597,4,70,0,43,'/_/0/_0000s_0000s_0012_lp1_1.jpg'),(598,4,71,0,43,'/_/0/_0000s_0000s_0012_lp1_1.jpg'),(599,4,72,0,43,'/_/0/_0000s_0000s_0012_lp1_1.jpg'),(600,4,86,0,43,''),(601,4,91,0,43,'container2'),(602,4,451,0,43,''),(603,4,452,0,43,''),(604,4,453,0,43,''),(605,4,83,0,43,'pod-lp-1-molton-silver-loose-mineral-pigment.html'),(606,4,56,0,44,'LP-2 COTTON CANDY PINK '),(607,4,82,0,44,'lp-2-cotton-candy-pink'),(608,4,445,0,44,'2'),(609,4,67,0,44,''),(610,4,69,0,44,''),(611,4,70,0,44,'/_/0/_0000s_0000s_0000_lp2.jpg'),(612,4,71,0,44,'/_/0/_0000s_0000s_0000_lp2.jpg'),(613,4,72,0,44,'/_/0/_0000s_0000s_0000_lp2.jpg'),(614,4,86,0,44,''),(615,4,91,0,44,'container2'),(616,4,451,0,44,''),(617,4,452,0,44,''),(618,4,453,0,44,''),(619,4,83,0,44,'lp-2-cotton-candy-pink.html'),(620,4,56,0,45,'LP-3 SUPER GREEN '),(621,4,82,0,45,'lp-3-super-green'),(622,4,445,0,45,'2'),(623,4,67,0,45,''),(624,4,69,0,45,''),(625,4,70,0,45,'/_/0/_0000s_0000s_0016_lp3.jpg'),(626,4,71,0,45,'/_/0/_0000s_0000s_0016_lp3.jpg'),(627,4,72,0,45,'/_/0/_0000s_0000s_0016_lp3.jpg'),(628,4,86,0,45,''),(629,4,91,0,45,'container2'),(630,4,451,0,45,''),(631,4,452,0,45,''),(632,4,453,0,45,''),(633,4,83,0,45,'lp-3-super-green.html'),(634,4,56,0,46,'LP-4 PEACHY PINK'),(635,4,82,0,46,'lp-4-peachy-pink'),(636,4,445,0,46,'2'),(637,4,67,0,46,''),(638,4,69,0,46,''),(639,4,70,0,46,'/_/0/_0000s_0000s_0001_lp4.jpg'),(640,4,71,0,46,'/_/0/_0000s_0000s_0001_lp4.jpg'),(641,4,72,0,46,'/_/0/_0000s_0000s_0001_lp4.jpg'),(642,4,86,0,46,''),(643,4,91,0,46,'container2'),(644,4,451,0,46,''),(645,4,452,0,46,''),(646,4,453,0,46,''),(647,4,83,0,46,'lp-4-peachy-pink.html'),(648,4,56,0,47,'LP-5 WHITE HIGHLIGHER W GREEN PEARL'),(649,4,82,0,47,'lp-5-white-highligher-w-green-pearl'),(650,4,445,0,47,'2'),(651,4,67,0,47,''),(652,4,69,0,47,''),(653,4,70,0,47,'/_/0/_0000s_0000s_0005_lp5.jpg'),(654,4,71,0,47,'/_/0/_0000s_0000s_0005_lp5.jpg'),(655,4,72,0,47,'/_/0/_0000s_0000s_0005_lp5.jpg'),(656,4,86,0,47,''),(657,4,91,0,47,'container2'),(658,4,451,0,47,''),(659,4,452,0,47,''),(660,4,453,0,47,''),(661,4,83,0,47,'lp-5-white-highligher-w-green-pearl.html'),(662,4,56,0,48,'LP-6 DEEP MIDNIGHT BLUE'),(663,4,82,0,48,'lp-6-deep-midnight-blue'),(664,4,445,0,48,'2'),(665,4,67,0,48,''),(666,4,69,0,48,''),(667,4,70,0,48,'/_/0/_0000s_0000s_0018_lp6.jpg'),(668,4,71,0,48,'/_/0/_0000s_0000s_0018_lp6.jpg'),(669,4,72,0,48,'/_/0/_0000s_0000s_0018_lp6.jpg'),(670,4,86,0,48,''),(671,4,91,0,48,'container2'),(672,4,451,0,48,''),(673,4,452,0,48,''),(674,4,453,0,48,''),(675,4,83,0,48,'lp-6-deep-midnight-blue.html'),(676,4,56,0,49,'LP-7 CHAMPAGNE WITH SUBTLE SHIMMER'),(677,4,82,0,49,'lp-7-champagne-with-subtle-shimmer'),(678,4,445,0,49,'2'),(679,4,67,0,49,''),(680,4,69,0,49,''),(681,4,70,0,49,'/_/0/_0000s_0000s_0007_lp7.jpg'),(682,4,71,0,49,'/_/0/_0000s_0000s_0007_lp7.jpg'),(683,4,72,0,49,'/_/0/_0000s_0000s_0007_lp7.jpg'),(684,4,86,0,49,''),(685,4,91,0,49,'container2'),(686,4,451,0,49,''),(687,4,452,0,49,''),(688,4,453,0,49,''),(689,4,83,0,49,'lp-7-champagne-with-subtle-shimmer.html'),(690,4,56,0,50,'LP-8 MULTI FACETED BLUE/PURPLE'),(691,4,82,0,50,'lp-8-multi-faceted-blue-purple'),(692,4,445,0,50,'2'),(693,4,67,0,50,''),(694,4,69,0,50,''),(695,4,70,0,50,'/_/0/_0000s_0000s_0019_lp8.jpg'),(696,4,71,0,50,'/_/0/_0000s_0000s_0019_lp8.jpg'),(697,4,72,0,50,'/_/0/_0000s_0000s_0019_lp8.jpg'),(698,4,86,0,50,''),(699,4,91,0,50,'container2'),(700,4,451,0,50,''),(701,4,452,0,50,''),(702,4,453,0,50,''),(703,4,83,0,50,'lp-8-multi-faceted-blue-purple.html'),(704,4,56,0,51,'LP-9 LIGHT GREEN APPLE WITH GOLD'),(705,4,82,0,51,'lp-9-light-green-apple-with-gold'),(706,4,445,0,51,'2'),(707,4,67,0,51,''),(708,4,69,0,51,''),(709,4,70,0,51,'/_/0/_0000s_0000s_0013_lp9.jpg'),(710,4,71,0,51,'/_/0/_0000s_0000s_0013_lp9.jpg'),(711,4,72,0,51,'/_/0/_0000s_0000s_0013_lp9.jpg'),(712,4,86,0,51,''),(713,4,91,0,51,'container2'),(714,4,451,0,51,''),(715,4,452,0,51,''),(716,4,453,0,51,''),(717,4,83,0,51,'lp-9-light-green-apple-with-gold.html'),(718,4,56,0,52,'LP-10 GOLDEN BRONZE'),(719,4,82,0,52,'lp-10-golden-bronze'),(720,4,445,0,52,'2'),(721,4,67,0,52,''),(722,4,69,0,52,''),(723,4,70,0,52,'/_/0/_0000s_0000s_0011_lp10.jpg'),(724,4,71,0,52,'/_/0/_0000s_0000s_0011_lp10.jpg'),(725,4,72,0,52,'/_/0/_0000s_0000s_0011_lp10.jpg'),(726,4,86,0,52,''),(727,4,91,0,52,'container2'),(728,4,451,0,52,''),(729,4,452,0,52,''),(730,4,453,0,52,''),(731,4,83,0,52,'lp-10-golden-bronze.html'),(732,4,56,0,53,'LP-11 GOLDEN OLIVE'),(733,4,82,0,53,'lp-11-golden-olive'),(734,4,445,0,53,'2'),(735,4,67,0,53,''),(736,4,69,0,53,''),(737,4,70,0,53,'/_/0/_0000s_0000s_0009_lp11.jpg'),(738,4,71,0,53,'/_/0/_0000s_0000s_0009_lp11.jpg'),(739,4,72,0,53,'/_/0/_0000s_0000s_0009_lp11.jpg'),(740,4,86,0,53,''),(741,4,91,0,53,'container2'),(742,4,451,0,53,''),(743,4,452,0,53,''),(744,4,453,0,53,''),(745,4,83,0,53,'lp-11-golden-olive.html'),(746,4,56,0,54,'LP-12 SMOKEY PURPLE W SLIGHT PINK UNDERTONES'),(747,4,82,0,54,'lp-12-smokey-purple-w-slight-pink'),(748,4,445,0,54,'2'),(749,4,67,0,54,''),(750,4,69,0,54,''),(751,4,70,0,54,'/_/0/_0000s_0000s_0006_lp12_1.jpg'),(752,4,71,0,54,'/_/0/_0000s_0000s_0006_lp12_1.jpg'),(753,4,72,0,54,'/_/0/_0000s_0000s_0006_lp12_1.jpg'),(754,4,86,0,54,''),(755,4,91,0,54,'container2'),(756,4,451,0,54,''),(757,4,452,0,54,''),(758,4,453,0,54,''),(759,4,83,0,54,'lp-12-smokey-purple-w-slight-pink.html'),(760,4,56,0,55,'LP-13 SUBLE METALLIC CRANBERRY-PINK'),(761,4,82,0,55,'lp-13-suble-metallic-cranberry-pink'),(762,4,445,0,55,'2'),(763,4,67,0,55,''),(764,4,69,0,55,''),(765,4,70,0,55,'/_/0/_0000s_0000s_0010_lp13.jpg'),(766,4,71,0,55,'/_/0/_0000s_0000s_0010_lp13.jpg'),(767,4,72,0,55,'/_/0/_0000s_0000s_0010_lp13.jpg'),(768,4,86,0,55,''),(769,4,91,0,55,'container2'),(770,4,451,0,55,''),(771,4,452,0,55,''),(772,4,453,0,55,''),(773,4,83,0,55,'lp-13-suble-metallic-cranberry-pink.html'),(774,4,56,0,56,'LP-14 COPPER PENNY'),(775,4,82,0,56,'lp-14-copper-penny'),(776,4,445,0,56,'2'),(777,4,67,0,56,''),(778,4,69,0,56,''),(779,4,70,0,56,'/_/0/_0000s_0000s_0004_lp14.jpg'),(780,4,71,0,56,'/_/0/_0000s_0000s_0004_lp14.jpg'),(781,4,72,0,56,'/_/0/_0000s_0000s_0004_lp14.jpg'),(782,4,86,0,56,''),(783,4,91,0,56,'container2'),(784,4,451,0,56,''),(785,4,452,0,56,''),(786,4,453,0,56,''),(787,4,83,0,56,'lp-14-copper-penny.html'),(788,4,56,0,57,'LP-15 GOLDEN PEACHY PINK'),(789,4,82,0,57,'lp-15-golden-peachy-pink'),(790,4,445,0,57,'2'),(791,4,67,0,57,''),(792,4,69,0,57,''),(793,4,70,0,57,'/_/0/_0000s_0000s_0015_lp15.jpg'),(794,4,71,0,57,'/_/0/_0000s_0000s_0015_lp15.jpg'),(795,4,72,0,57,'/_/0/_0000s_0000s_0015_lp15.jpg'),(796,4,86,0,57,''),(797,4,91,0,57,'container2'),(798,4,451,0,57,''),(799,4,452,0,57,''),(800,4,453,0,57,''),(801,4,83,0,57,'lp-15-golden-peachy-pink.html'),(802,4,56,0,58,'LP-16 AQUA BLUE-GREEN'),(803,4,82,0,58,'lp-16-aqua-blue-green'),(804,4,445,0,58,'2'),(805,4,67,0,58,''),(806,4,69,0,58,''),(807,4,70,0,58,'/_/0/_0000s_0000s_0017_lp16.jpg'),(808,4,71,0,58,'/_/0/_0000s_0000s_0017_lp16.jpg'),(809,4,72,0,58,'/_/0/_0000s_0000s_0017_lp16.jpg'),(810,4,86,0,58,''),(811,4,91,0,58,'container2'),(812,4,451,0,58,''),(813,4,452,0,58,''),(814,4,453,0,58,''),(815,4,83,0,58,'lp-16-aqua-blue-green.html'),(816,4,56,0,59,'LP-17 DEEP RUST'),(817,4,82,0,59,'lp-17-deep-rust'),(818,4,445,0,59,'2'),(819,4,67,0,59,''),(820,4,69,0,59,''),(821,4,70,0,59,'/_/0/_0000s_0000s_0014_lp17.jpg'),(822,4,71,0,59,'/_/0/_0000s_0000s_0014_lp17.jpg'),(823,4,72,0,59,'/_/0/_0000s_0000s_0014_lp17.jpg'),(824,4,86,0,59,''),(825,4,91,0,59,'container2'),(826,4,451,0,59,''),(827,4,452,0,59,''),(828,4,453,0,59,''),(829,4,83,0,59,'lp-17-deep-rust.html'),(830,4,56,0,60,'LP-18 SUBLE METALLIC GOLDEN CRANBERRY'),(831,4,82,0,60,'lp-18-suble-metallic-golden-cranberry'),(832,4,445,0,60,'2'),(833,4,67,0,60,''),(834,4,69,0,60,''),(835,4,70,0,60,'/_/0/_0000s_0000s_0008_lp18.jpg'),(836,4,71,0,60,'/_/0/_0000s_0000s_0008_lp18.jpg'),(837,4,72,0,60,'/_/0/_0000s_0000s_0008_lp18.jpg'),(838,4,86,0,60,''),(839,4,91,0,60,'container2'),(840,4,451,0,60,''),(841,4,452,0,60,''),(842,4,453,0,60,''),(843,4,83,0,60,'lp-18-suble-metallic-golden-cranberry.html'),(844,4,56,0,61,'LP-19 CHOCOLATE BROWN WITH GOLD'),(845,4,82,0,61,'lp-19-chocolate-brown-with-gold'),(846,4,445,0,61,'2'),(847,4,67,0,61,''),(848,4,69,0,61,''),(849,4,70,0,61,'/_/0/_0000s_0000s_0002_lp19.jpg'),(850,4,71,0,61,'/_/0/_0000s_0000s_0002_lp19.jpg'),(851,4,72,0,61,'/_/0/_0000s_0000s_0002_lp19.jpg'),(852,4,86,0,61,''),(853,4,91,0,61,'container2'),(854,4,451,0,61,''),(855,4,452,0,61,''),(856,4,453,0,61,''),(857,4,83,0,61,'lp-19-chocolate-brown-with-gold.html'),(858,4,56,0,62,'LP-20 BRIGHT YELLOW GOLD'),(859,4,82,0,62,'lp-20-bright-yellow-gold'),(860,4,445,0,62,'2'),(861,4,67,0,62,''),(862,4,69,0,62,''),(863,4,70,0,62,'/_/0/_0000s_0000s_0003_lp20.jpg'),(864,4,71,0,62,'/_/0/_0000s_0000s_0003_lp20.jpg'),(865,4,72,0,62,'/_/0/_0000s_0000s_0003_lp20.jpg'),(866,4,86,0,62,''),(867,4,91,0,62,'container2'),(868,4,451,0,62,''),(869,4,452,0,62,''),(870,4,453,0,62,''),(871,4,83,0,62,'lp-20-bright-yellow-gold.html');

--
-- Table structure for table `catalog_product_link`
--

CREATE TABLE `catalog_product_link` (
  `link_id` int(11) unsigned NOT NULL auto_increment,
  `product_id` int(10) unsigned NOT NULL default '0',
  `linked_product_id` int(10) unsigned NOT NULL default '0',
  `link_type_id` tinyint(3) unsigned NOT NULL default '0',
  PRIMARY KEY  (`link_id`),
  KEY `FK_LINK_PRODUCT` (`product_id`),
  KEY `FK_LINKED_PRODUCT` (`linked_product_id`),
  KEY `FK_PRODUCT_LINK_TYPE` (`link_type_id`),
  CONSTRAINT `FK_PRODUCT_LINK_LINKED_PRODUCT` FOREIGN KEY (`linked_product_id`) REFERENCES `catalog_product_entity` (`entity_id`) ON DELETE CASCADE ON UPDATE CASCADE,
  CONSTRAINT `FK_PRODUCT_LINK_PRODUCT` FOREIGN KEY (`product_id`) REFERENCES `catalog_product_entity` (`entity_id`) ON DELETE CASCADE ON UPDATE CASCADE,
  CONSTRAINT `FK_PRODUCT_LINK_TYPE` FOREIGN KEY (`link_type_id`) REFERENCES `catalog_product_link_type` (`link_type_id`) ON DELETE CASCADE ON UPDATE CASCADE
) ENGINE=InnoDB AUTO_INCREMENT=124 DEFAULT CHARSET=utf8 COMMENT='Related products';

--
-- Dumping data for table `catalog_product_link`
--

INSERT INTO `catalog_product_link` VALUES (4,1,2,3),(5,1,3,3),(6,4,5,3),(7,4,6,3),(18,7,8,3),(19,7,9,3),(20,7,10,3),(21,7,11,3),(22,7,12,3),(23,7,13,3),(24,7,14,3),(25,7,15,3),(26,7,16,3),(30,31,21,3),(31,31,22,3),(32,31,23,3),(33,31,24,3),(34,31,25,3),(35,31,26,3),(36,31,27,3),(37,31,28,3),(38,31,29,3),(39,31,30,3),(40,32,33,3),(41,32,34,3),(42,32,35,3),(43,32,36,3),(44,32,37,3),(45,38,39,3),(101,20,18,3),(102,20,19,3),(103,20,17,3),(104,20,43,3),(105,20,44,3),(106,20,45,3),(107,20,46,3),(108,20,47,3),(109,20,48,3),(110,20,49,3),(111,20,50,3),(112,20,51,3),(113,20,52,3),(114,20,53,3),(115,20,54,3),(116,20,55,3),(117,20,56,3),(118,20,57,3),(119,20,58,3),(120,20,59,3),(121,20,60,3),(122,20,61,3),(123,20,62,3);

--
-- Table structure for table `catalog_product_link_attribute`
--

CREATE TABLE `catalog_product_link_attribute` (
  `product_link_attribute_id` smallint(6) unsigned NOT NULL auto_increment,
  `link_type_id` tinyint(3) unsigned NOT NULL default '0',
  `product_link_attribute_code` varchar(32) NOT NULL default '',
  `data_type` varchar(32) NOT NULL default '',
  PRIMARY KEY  (`product_link_attribute_id`),
  KEY `FK_ATTRIBUTE_PRODUCT_LINK_TYPE` (`link_type_id`),
  CONSTRAINT `FK_ATTRIBUTE_PRODUCT_LINK_TYPE` FOREIGN KEY (`link_type_id`) REFERENCES `catalog_product_link_type` (`link_type_id`) ON DELETE CASCADE ON UPDATE CASCADE
) ENGINE=InnoDB AUTO_INCREMENT=9 DEFAULT CHARSET=utf8 COMMENT='Attributes for product link';

--
-- Dumping data for table `catalog_product_link_attribute`
--

INSERT INTO `catalog_product_link_attribute` VALUES (1,2,'qty','decimal'),(2,1,'position','int'),(3,4,'position','int'),(4,5,'position','int'),(6,1,'qty','decimal'),(7,3,'position','int'),(8,3,'qty','decimal');

--
-- Table structure for table `catalog_product_link_attribute_decimal`
--

CREATE TABLE `catalog_product_link_attribute_decimal` (
  `value_id` int(11) unsigned NOT NULL auto_increment,
  `product_link_attribute_id` smallint(6) unsigned default NULL,
  `link_id` int(11) unsigned default NULL,
  `value` decimal(12,4) NOT NULL default '0.0000',
  PRIMARY KEY  (`value_id`),
  KEY `FK_DECIMAL_PRODUCT_LINK_ATTRIBUTE` (`product_link_attribute_id`),
  KEY `FK_DECIMAL_LINK` (`link_id`),
  CONSTRAINT `FK_DECIMAL_LINK` FOREIGN KEY (`link_id`) REFERENCES `catalog_product_link` (`link_id`) ON DELETE CASCADE ON UPDATE CASCADE,
  CONSTRAINT `FK_DECIMAL_PRODUCT_LINK_ATTRIBUTE` FOREIGN KEY (`product_link_attribute_id`) REFERENCES `catalog_product_link_attribute` (`product_link_attribute_id`) ON DELETE CASCADE ON UPDATE CASCADE
) ENGINE=InnoDB AUTO_INCREMENT=124 DEFAULT CHARSET=utf8 COMMENT='Decimal attributes values';

--
-- Dumping data for table `catalog_product_link_attribute_decimal`
--

INSERT INTO `catalog_product_link_attribute_decimal` VALUES (4,8,4,'0.0000'),(5,8,5,'0.0000'),(6,8,6,'0.0000'),(7,8,7,'0.0000'),(18,8,18,'0.0000'),(19,8,19,'0.0000'),(20,8,20,'0.0000'),(21,8,21,'0.0000'),(22,8,22,'0.0000'),(23,8,23,'0.0000'),(24,8,24,'0.0000'),(25,8,25,'0.0000'),(26,8,26,'0.0000'),(30,8,30,'0.0000'),(31,8,31,'0.0000'),(32,8,32,'0.0000'),(33,8,33,'0.0000'),(34,8,34,'0.0000'),(35,8,35,'0.0000'),(36,8,36,'0.0000'),(37,8,37,'0.0000'),(38,8,38,'0.0000'),(39,8,39,'0.0000'),(40,8,40,'0.0000'),(41,8,41,'0.0000'),(42,8,42,'0.0000'),(43,8,43,'0.0000'),(44,8,44,'0.0000'),(45,8,45,'0.0000'),(101,8,101,'0.0000'),(102,8,102,'0.0000'),(103,8,103,'0.0000'),(104,8,104,'0.0000'),(105,8,105,'0.0000'),(106,8,106,'0.0000'),(107,8,107,'0.0000'),(108,8,108,'0.0000'),(109,8,109,'0.0000'),(110,8,110,'0.0000'),(111,8,111,'0.0000'),(112,8,112,'0.0000'),(113,8,113,'0.0000'),(114,8,114,'0.0000'),(115,8,115,'0.0000'),(116,8,116,'0.0000'),(117,8,117,'0.0000'),(118,8,118,'0.0000'),(119,8,119,'0.0000'),(120,8,120,'0.0000'),(121,8,121,'0.0000'),(122,8,122,'0.0000'),(123,8,123,'0.0000');

--
-- Table structure for table `catalog_product_link_attribute_int`
--

CREATE TABLE `catalog_product_link_attribute_int` (
  `value_id` int(11) unsigned NOT NULL auto_increment,
  `product_link_attribute_id` smallint(6) unsigned default NULL,
  `link_id` int(11) unsigned default NULL,
  `value` int(11) NOT NULL default '0',
  PRIMARY KEY  (`value_id`),
  KEY `FK_INT_PRODUCT_LINK_ATTRIBUTE` (`product_link_attribute_id`),
  KEY `FK_INT_PRODUCT_LINK` (`link_id`),
  CONSTRAINT `FK_INT_PRODUCT_LINK` FOREIGN KEY (`link_id`) REFERENCES `catalog_product_link` (`link_id`) ON DELETE CASCADE,
  CONSTRAINT `FK_INT_PRODUCT_LINK_ATTRIBUTE` FOREIGN KEY (`product_link_attribute_id`) REFERENCES `catalog_product_link_attribute` (`product_link_attribute_id`) ON DELETE CASCADE
) ENGINE=InnoDB AUTO_INCREMENT=124 DEFAULT CHARSET=utf8;

--
-- Dumping data for table `catalog_product_link_attribute_int`
--

INSERT INTO `catalog_product_link_attribute_int` VALUES (4,7,4,0),(5,7,5,1),(6,7,6,10),(7,7,7,20),(18,7,18,0),(19,7,19,0),(20,7,20,0),(21,7,21,0),(22,7,22,0),(23,7,23,0),(24,7,24,0),(25,7,25,0),(26,7,26,0),(30,7,30,0),(31,7,31,0),(32,7,32,0),(33,7,33,0),(34,7,34,0),(35,7,35,0),(36,7,36,0),(37,7,37,0),(38,7,38,0),(39,7,39,0),(40,7,40,0),(41,7,41,0),(42,7,42,0),(43,7,43,0),(44,7,44,0),(45,7,45,0),(101,7,101,0),(102,7,102,0),(103,7,103,0),(104,7,104,0),(105,7,105,0),(106,7,106,0),(107,7,107,0),(108,7,108,0),(109,7,109,0),(110,7,110,0),(111,7,111,0),(112,7,112,0),(113,7,113,0),(114,7,114,0),(115,7,115,0),(116,7,116,0),(117,7,117,0),(118,7,118,0),(119,7,119,0),(120,7,120,0),(121,7,121,0),(122,7,122,0),(123,7,123,0);

--
-- Table structure for table `catalog_product_link_attribute_varchar`
--

CREATE TABLE `catalog_product_link_attribute_varchar` (
  `value_id` int(11) unsigned NOT NULL auto_increment,
  `product_link_attribute_id` smallint(6) unsigned NOT NULL default '0',
  `link_id` int(11) unsigned default NULL,
  `value` varchar(255) NOT NULL default '',
  PRIMARY KEY  (`value_id`),
  KEY `FK_VARCHAR_PRODUCT_LINK_ATTRIBUTE` (`product_link_attribute_id`),
  KEY `FK_VARCHAR_LINK` (`link_id`),
  CONSTRAINT `FK_VARCHAR_LINK` FOREIGN KEY (`link_id`) REFERENCES `catalog_product_link` (`link_id`) ON DELETE CASCADE ON UPDATE CASCADE,
  CONSTRAINT `FK_VARCHAR_PRODUCT_LINK_ATTRIBUTE` FOREIGN KEY (`product_link_attribute_id`) REFERENCES `catalog_product_link_attribute` (`product_link_attribute_id`) ON DELETE CASCADE ON UPDATE CASCADE
) ENGINE=InnoDB DEFAULT CHARSET=utf8 COMMENT='Varchar attributes values';

--
-- Dumping data for table `catalog_product_link_attribute_varchar`
--


--
-- Table structure for table `catalog_product_link_type`
--

CREATE TABLE `catalog_product_link_type` (
  `link_type_id` tinyint(3) unsigned NOT NULL auto_increment,
  `code` varchar(32) NOT NULL default '',
  PRIMARY KEY  (`link_type_id`)
) ENGINE=InnoDB AUTO_INCREMENT=6 DEFAULT CHARSET=utf8 COMMENT='Types of product link(Related, superproduct, bundles)';

--
-- Dumping data for table `catalog_product_link_type`
--

INSERT INTO `catalog_product_link_type` VALUES (1,'relation'),(2,'bundle'),(3,'super'),(4,'up_sell'),(5,'cross_sell');

--
-- Table structure for table `catalog_product_option`
--

CREATE TABLE `catalog_product_option` (
  `option_id` int(10) unsigned NOT NULL auto_increment,
  `product_id` int(10) unsigned NOT NULL default '0',
  `type` varchar(50) NOT NULL default '',
  `is_require` tinyint(1) NOT NULL default '1',
  `sku` varchar(64) NOT NULL default '',
  `max_characters` int(10) unsigned default NULL,
  `file_extension` varchar(50) default NULL,
  `sort_order` int(10) unsigned NOT NULL default '0',
  PRIMARY KEY  (`option_id`),
  KEY `CATALOG_PRODUCT_OPTION_PRODUCT` (`product_id`),
  CONSTRAINT `FK_CATALOG_PRODUCT_OPTION_PRODUCT` FOREIGN KEY (`product_id`) REFERENCES `catalog_product_entity` (`entity_id`) ON DELETE CASCADE ON UPDATE CASCADE
) ENGINE=InnoDB DEFAULT CHARSET=utf8;

--
-- Dumping data for table `catalog_product_option`
--


--
-- Table structure for table `catalog_product_option_price`
--

CREATE TABLE `catalog_product_option_price` (
  `option_price_id` int(10) unsigned NOT NULL auto_increment,
  `option_id` int(10) unsigned NOT NULL default '0',
  `store_id` smallint(5) unsigned NOT NULL default '0',
  `price` decimal(12,4) NOT NULL default '0.0000',
  `price_type` enum('fixed','percent') NOT NULL default 'fixed',
  PRIMARY KEY  (`option_price_id`),
  KEY `CATALOG_PRODUCT_OPTION_PRICE_OPTION` (`option_id`),
  KEY `CATALOG_PRODUCT_OPTION_TITLE_STORE` (`store_id`),
  CONSTRAINT `FK_CATALOG_PRODUCT_OPTION_PRICE_OPTION` FOREIGN KEY (`option_id`) REFERENCES `catalog_product_option` (`option_id`) ON DELETE CASCADE ON UPDATE CASCADE,
  CONSTRAINT `FK_CATALOG_PRODUCT_OPTION_PRICE_STORE` FOREIGN KEY (`store_id`) REFERENCES `core_store` (`store_id`) ON DELETE CASCADE ON UPDATE CASCADE
) ENGINE=InnoDB DEFAULT CHARSET=utf8;

--
-- Dumping data for table `catalog_product_option_price`
--


--
-- Table structure for table `catalog_product_option_title`
--

CREATE TABLE `catalog_product_option_title` (
  `option_title_id` int(10) unsigned NOT NULL auto_increment,
  `option_id` int(10) unsigned NOT NULL default '0',
  `store_id` smallint(5) unsigned NOT NULL default '0',
  `title` varchar(255) NOT NULL default '',
  PRIMARY KEY  (`option_title_id`),
  KEY `CATALOG_PRODUCT_OPTION_TITLE_OPTION` (`option_id`),
  KEY `CATALOG_PRODUCT_OPTION_TITLE_STORE` (`store_id`),
  CONSTRAINT `FK_CATALOG_PRODUCT_OPTION_TITLE_OPTION` FOREIGN KEY (`option_id`) REFERENCES `catalog_product_option` (`option_id`) ON DELETE CASCADE ON UPDATE CASCADE,
  CONSTRAINT `FK_CATALOG_PRODUCT_OPTION_TITLE_STORE` FOREIGN KEY (`store_id`) REFERENCES `core_store` (`store_id`) ON DELETE CASCADE ON UPDATE CASCADE
) ENGINE=InnoDB DEFAULT CHARSET=utf8;

--
-- Dumping data for table `catalog_product_option_title`
--


--
-- Table structure for table `catalog_product_option_type_price`
--

CREATE TABLE `catalog_product_option_type_price` (
  `option_type_price_id` int(10) unsigned NOT NULL auto_increment,
  `option_type_id` int(10) unsigned NOT NULL default '0',
  `store_id` smallint(5) unsigned NOT NULL default '0',
  `price` decimal(12,4) NOT NULL default '0.0000',
  `price_type` enum('fixed','percent') NOT NULL default 'fixed',
  PRIMARY KEY  (`option_type_price_id`),
  KEY `CATALOG_PRODUCT_OPTION_TYPE_PRICE_OPTION_TYPE` (`option_type_id`),
  KEY `CATALOG_PRODUCT_OPTION_TYPE_PRICE_STORE` (`store_id`),
  CONSTRAINT `FK_CATALOG_PRODUCT_OPTION_TYPE_PRICE_OPTION` FOREIGN KEY (`option_type_id`) REFERENCES `catalog_product_option_type_value` (`option_type_id`) ON DELETE CASCADE ON UPDATE CASCADE,
  CONSTRAINT `FK_CATALOG_PRODUCT_OPTION_TYPE_PRICE_STORE` FOREIGN KEY (`store_id`) REFERENCES `core_store` (`store_id`) ON DELETE CASCADE ON UPDATE CASCADE
) ENGINE=InnoDB DEFAULT CHARSET=utf8;

--
-- Dumping data for table `catalog_product_option_type_price`
--


--
-- Table structure for table `catalog_product_option_type_title`
--

CREATE TABLE `catalog_product_option_type_title` (
  `option_type_title_id` int(10) unsigned NOT NULL auto_increment,
  `option_type_id` int(10) unsigned NOT NULL default '0',
  `store_id` smallint(5) unsigned NOT NULL default '0',
  `title` varchar(255) NOT NULL default '',
  PRIMARY KEY  (`option_type_title_id`),
  KEY `CATALOG_PRODUCT_OPTION_TYPE_TITLE_OPTION` (`option_type_id`),
  KEY `CATALOG_PRODUCT_OPTION_TYPE_TITLE_STORE` (`store_id`),
  CONSTRAINT `FK_CATALOG_PRODUCT_OPTION_TYPE_TITLE_OPTION` FOREIGN KEY (`option_type_id`) REFERENCES `catalog_product_option_type_value` (`option_type_id`) ON DELETE CASCADE ON UPDATE CASCADE,
  CONSTRAINT `FK_CATALOG_PRODUCT_OPTION_TYPE_TITLE_STORE` FOREIGN KEY (`store_id`) REFERENCES `core_store` (`store_id`) ON DELETE CASCADE ON UPDATE CASCADE
) ENGINE=InnoDB DEFAULT CHARSET=utf8;

--
-- Dumping data for table `catalog_product_option_type_title`
--


--
-- Table structure for table `catalog_product_option_type_value`
--

CREATE TABLE `catalog_product_option_type_value` (
  `option_type_id` int(10) unsigned NOT NULL auto_increment,
  `option_id` int(10) unsigned NOT NULL default '0',
  `sku` varchar(64) NOT NULL default '',
  `sort_order` int(10) unsigned NOT NULL default '0',
  PRIMARY KEY  (`option_type_id`),
  KEY `CATALOG_PRODUCT_OPTION_TYPE_VALUE_OPTION` (`option_id`),
  CONSTRAINT `FK_CATALOG_PRODUCT_OPTION_TYPE_VALUE_OPTION` FOREIGN KEY (`option_id`) REFERENCES `catalog_product_option` (`option_id`) ON DELETE CASCADE ON UPDATE CASCADE
) ENGINE=InnoDB DEFAULT CHARSET=utf8;

--
-- Dumping data for table `catalog_product_option_type_value`
--


--
-- Table structure for table `catalog_product_super_attribute`
--

CREATE TABLE `catalog_product_super_attribute` (
  `product_super_attribute_id` int(10) unsigned NOT NULL auto_increment,
  `product_id` int(10) unsigned NOT NULL default '0',
  `attribute_id` smallint(5) unsigned NOT NULL default '0',
  `position` smallint(5) unsigned NOT NULL default '0',
  PRIMARY KEY  (`product_super_attribute_id`),
  KEY `FK_SUPER_PRODUCT_ATTRIBUTE_PRODUCT` (`product_id`),
  CONSTRAINT `FK_SUPER_PRODUCT_ATTRIBUTE_PRODUCT` FOREIGN KEY (`product_id`) REFERENCES `catalog_product_entity` (`entity_id`) ON DELETE CASCADE
) ENGINE=InnoDB DEFAULT CHARSET=utf8;

--
-- Dumping data for table `catalog_product_super_attribute`
--


--
-- Table structure for table `catalog_product_super_attribute_label`
--

CREATE TABLE `catalog_product_super_attribute_label` (
  `value_id` int(10) unsigned NOT NULL auto_increment,
  `product_super_attribute_id` int(10) unsigned NOT NULL default '0',
  `store_id` smallint(5) unsigned NOT NULL default '0',
  `value` varchar(255) NOT NULL default '',
  PRIMARY KEY  (`value_id`),
  KEY `FK_SUPER_PRODUCT_ATTRIBUTE_LABEL` (`product_super_attribute_id`),
  CONSTRAINT `FK_SUPER_PRODUCT_ATTRIBUTE_LABEL` FOREIGN KEY (`product_super_attribute_id`) REFERENCES `catalog_product_super_attribute` (`product_super_attribute_id`) ON DELETE CASCADE
) ENGINE=InnoDB DEFAULT CHARSET=utf8 ROW_FORMAT=DYNAMIC;

--
-- Dumping data for table `catalog_product_super_attribute_label`
--


--
-- Table structure for table `catalog_product_super_attribute_pricing`
--

CREATE TABLE `catalog_product_super_attribute_pricing` (
  `value_id` int(10) unsigned NOT NULL auto_increment,
  `product_super_attribute_id` int(10) unsigned NOT NULL default '0',
  `value_index` varchar(255) NOT NULL default '',
  `is_percent` tinyint(1) unsigned default '0',
  `pricing_value` decimal(10,4) default NULL,
  PRIMARY KEY  (`value_id`),
  KEY `FK_SUPER_PRODUCT_ATTRIBUTE_PRICING` (`product_super_attribute_id`),
  CONSTRAINT `FK_SUPER_PRODUCT_ATTRIBUTE_PRICING` FOREIGN KEY (`product_super_attribute_id`) REFERENCES `catalog_product_super_attribute` (`product_super_attribute_id`) ON DELETE CASCADE
) ENGINE=InnoDB DEFAULT CHARSET=utf8;

--
-- Dumping data for table `catalog_product_super_attribute_pricing`
--


--
-- Table structure for table `catalog_product_super_link`
--

CREATE TABLE `catalog_product_super_link` (
  `link_id` int(10) unsigned NOT NULL auto_increment,
  `product_id` int(10) unsigned NOT NULL default '0',
  `parent_id` int(10) unsigned NOT NULL default '0',
  PRIMARY KEY  (`link_id`),
  KEY `FK_SUPER_PRODUCT_LINK_PARENT` (`parent_id`),
  KEY `FK_catalog_product_super_link` (`product_id`),
  CONSTRAINT `FK_SUPER_PRODUCT_LINK_ENTITY` FOREIGN KEY (`product_id`) REFERENCES `catalog_product_entity` (`entity_id`) ON DELETE CASCADE,
  CONSTRAINT `FK_SUPER_PRODUCT_LINK_PARENT` FOREIGN KEY (`parent_id`) REFERENCES `catalog_product_entity` (`entity_id`) ON DELETE CASCADE
) ENGINE=InnoDB DEFAULT CHARSET=utf8;

--
-- Dumping data for table `catalog_product_super_link`
--


--
-- Table structure for table `catalog_product_website`
--

CREATE TABLE `catalog_product_website` (
  `product_id` int(10) unsigned NOT NULL auto_increment,
  `website_id` smallint(5) unsigned NOT NULL,
  PRIMARY KEY  (`product_id`,`website_id`),
  KEY `FK_CATAOLOG_PRODUCT_WEBSITE_WEBSITE` (`website_id`),
  CONSTRAINT `FK_CATALOG_PRODUCT_WEBSITE_PRODUCT` FOREIGN KEY (`product_id`) REFERENCES `catalog_product_entity` (`entity_id`) ON DELETE CASCADE ON UPDATE CASCADE,
  CONSTRAINT `FK_CATAOLOG_PRODUCT_WEBSITE_WEBSITE` FOREIGN KEY (`website_id`) REFERENCES `core_website` (`website_id`) ON DELETE CASCADE ON UPDATE CASCADE
) ENGINE=InnoDB AUTO_INCREMENT=63 DEFAULT CHARSET=utf8 ROW_FORMAT=FIXED;

--
-- Dumping data for table `catalog_product_website`
--

INSERT INTO `catalog_product_website` VALUES (1,1),(2,1),(3,1),(4,1),(5,1),(6,1),(7,1),(8,1),(9,1),(10,1),(11,1),(12,1),(13,1),(14,1),(15,1),(16,1),(17,1),(18,1),(19,1),(20,1),(21,1),(22,1),(23,1),(24,1),(25,1),(26,1),(27,1),(28,1),(29,1),(30,1),(31,1),(32,1),(33,1),(34,1),(35,1),(36,1),(37,1),(38,1),(39,1),(43,1),(44,1),(45,1),(46,1),(47,1),(48,1),(49,1),(50,1),(51,1),(52,1),(53,1),(54,1),(55,1),(56,1),(57,1),(58,1),(59,1),(60,1),(61,1),(62,1);

--
-- Table structure for table `catalogindex_aggregation`
--

CREATE TABLE `catalogindex_aggregation` (
  `aggregation_id` int(10) unsigned NOT NULL auto_increment,
  `store_id` smallint(5) unsigned NOT NULL,
  `created_at` datetime NOT NULL,
  `key` varchar(255) default NULL,
  `data` mediumtext,
  PRIMARY KEY  (`aggregation_id`),
  UNIQUE KEY `IDX_STORE_KEY` (`store_id`,`key`),
  CONSTRAINT `FK_CATALOGINDEX_AGGREGATION_STORE` FOREIGN KEY (`store_id`) REFERENCES `core_store` (`store_id`) ON DELETE CASCADE ON UPDATE CASCADE
) ENGINE=InnoDB DEFAULT CHARSET=utf8;

--
-- Dumping data for table `catalogindex_aggregation`
--


--
-- Table structure for table `catalogindex_aggregation_tag`
--

CREATE TABLE `catalogindex_aggregation_tag` (
  `tag_id` int(10) unsigned NOT NULL auto_increment,
  `tag_code` varchar(255) NOT NULL,
  PRIMARY KEY  (`tag_id`),
  UNIQUE KEY `IDX_CODE` (`tag_code`)
) ENGINE=InnoDB AUTO_INCREMENT=6 DEFAULT CHARSET=utf8;

--
-- Dumping data for table `catalogindex_aggregation_tag`
--

INSERT INTO `catalogindex_aggregation_tag` VALUES (1,'catalog_category1'),(2,'catalog_category2'),(4,'catalog_category3'),(5,'PRODUCT_PRICE'),(3,'SEARCH_QUERY');

--
-- Table structure for table `catalogindex_aggregation_to_tag`
--

CREATE TABLE `catalogindex_aggregation_to_tag` (
  `aggregation_id` int(10) unsigned NOT NULL,
  `tag_id` int(10) unsigned NOT NULL,
  UNIQUE KEY `IDX_AGGREGATION_TAG` (`aggregation_id`,`tag_id`),
  KEY `FK_CATALOGINDEX_AGGREGATION_TO_TAG_TAG` (`tag_id`),
  CONSTRAINT `FK_CATALOGINDEX_AGGREGATION_TO_TAG_AGGREGATION` FOREIGN KEY (`aggregation_id`) REFERENCES `catalogindex_aggregation` (`aggregation_id`) ON DELETE CASCADE ON UPDATE CASCADE,
  CONSTRAINT `FK_CATALOGINDEX_AGGREGATION_TO_TAG_TAG` FOREIGN KEY (`tag_id`) REFERENCES `catalogindex_aggregation_tag` (`tag_id`) ON DELETE CASCADE ON UPDATE CASCADE
) ENGINE=InnoDB DEFAULT CHARSET=utf8;

--
-- Dumping data for table `catalogindex_aggregation_to_tag`
--


--
-- Table structure for table `catalogindex_eav`
--

CREATE TABLE `catalogindex_eav` (
  `store_id` smallint(5) unsigned NOT NULL default '0',
  `entity_id` int(10) unsigned NOT NULL default '0',
  `attribute_id` smallint(5) unsigned NOT NULL default '0',
  `value` int(11) NOT NULL default '0',
  PRIMARY KEY  (`store_id`,`entity_id`,`attribute_id`,`value`),
  KEY `IDX_VALUE` (`value`),
  KEY `FK_CATALOGINDEX_EAV_ENTITY` (`entity_id`),
  KEY `FK_CATALOGINDEX_EAV_ATTRIBUTE` (`attribute_id`),
  KEY `FK_CATALOGINDEX_EAV_STORE` (`store_id`),
  CONSTRAINT `FK_CATALOGINDEX_EAV_ATTRIBUTE` FOREIGN KEY (`attribute_id`) REFERENCES `eav_attribute` (`attribute_id`) ON DELETE CASCADE ON UPDATE CASCADE,
  CONSTRAINT `FK_CATALOGINDEX_EAV_ENTITY` FOREIGN KEY (`entity_id`) REFERENCES `catalog_product_entity` (`entity_id`) ON DELETE CASCADE ON UPDATE CASCADE,
  CONSTRAINT `FK_CATALOGINDEX_EAV_STORE` FOREIGN KEY (`store_id`) REFERENCES `core_store` (`store_id`) ON DELETE CASCADE ON UPDATE CASCADE
) ENGINE=InnoDB DEFAULT CHARSET=utf8;

--
-- Dumping data for table `catalogindex_eav`
--

INSERT INTO `catalogindex_eav` VALUES (1,1,81,2),(1,2,81,2),(1,3,81,2),(1,4,81,2),(1,5,81,2),(1,6,81,2),(1,7,81,2),(1,8,81,2),(1,9,81,2),(1,10,81,2),(1,11,81,2),(1,12,81,2),(1,13,81,2),(1,14,81,2),(1,15,81,2),(1,16,81,2),(1,17,81,2),(1,18,81,2),(1,19,81,2),(1,20,81,2),(1,21,81,2),(1,22,81,2),(1,23,81,2),(1,24,81,2),(1,25,81,2),(1,26,81,2),(1,27,81,2),(1,28,81,2),(1,29,81,2),(1,30,81,2),(1,31,81,2),(1,32,81,2),(1,33,81,2),(1,34,81,2),(1,35,81,2),(1,36,81,2),(1,37,81,2),(1,38,81,2),(1,39,81,2),(1,43,81,2),(1,44,81,2),(1,45,81,2),(1,46,81,2),(1,47,81,2),(1,48,81,2),(1,49,81,2),(1,50,81,2),(1,51,81,2),(1,52,81,2),(1,53,81,2),(1,54,81,2),(1,55,81,2),(1,56,81,2),(1,57,81,2),(1,58,81,2),(1,59,81,2),(1,60,81,2),(1,61,81,2),(1,62,81,2);

--
-- Table structure for table `catalogindex_minimal_price`
--

CREATE TABLE `catalogindex_minimal_price` (
  `index_id` int(10) unsigned NOT NULL auto_increment,
  `entity_id` int(10) unsigned NOT NULL default '0',
  `customer_group_id` smallint(3) unsigned NOT NULL default '0',
  `qty` decimal(12,4) unsigned NOT NULL default '0.0000',
  `value` decimal(12,4) NOT NULL default '0.0000',
  `tax_class_id` smallint(6) NOT NULL default '0',
  `website_id` smallint(5) unsigned default NULL,
  PRIMARY KEY  (`index_id`),
  KEY `IDX_VALUE` (`value`),
  KEY `IDX_QTY` (`qty`),
  KEY `FK_CATALOGINDEX_MINIMAL_PRICE_CUSTOMER_GROUP` (`customer_group_id`),
  KEY `FK_CI_MINIMAL_PRICE_WEBSITE_ID` (`website_id`),
  KEY `IDX_FULL` (`entity_id`,`qty`,`customer_group_id`,`value`,`website_id`),
  CONSTRAINT `FK_CATALOGINDEX_MINIMAL_PRICE_CUSTOMER_GROUP` FOREIGN KEY (`customer_group_id`) REFERENCES `customer_group` (`customer_group_id`) ON DELETE CASCADE ON UPDATE CASCADE,
  CONSTRAINT `FK_CATALOGINDEX_MINIMAL_PRICE_ENTITY` FOREIGN KEY (`entity_id`) REFERENCES `catalog_product_entity` (`entity_id`) ON DELETE CASCADE ON UPDATE CASCADE,
  CONSTRAINT `FK_CI_MINIMAL_PRICE_WEBSITE_ID` FOREIGN KEY (`website_id`) REFERENCES `core_website` (`website_id`) ON DELETE CASCADE ON UPDATE CASCADE
) ENGINE=InnoDB AUTO_INCREMENT=1053 DEFAULT CHARSET=utf8;

--
-- Dumping data for table `catalogindex_minimal_price`
--

INSERT INTO `catalogindex_minimal_price` VALUES (1049,20,0,'0.0000','20.0000',2,1),(1050,20,1,'0.0000','20.0000',2,1),(1051,20,2,'0.0000','20.0000',2,1),(1052,20,3,'0.0000','20.0000',2,1);

--
-- Table structure for table `catalogindex_price`
--

CREATE TABLE `catalogindex_price` (
  `entity_id` int(10) unsigned NOT NULL default '0',
  `attribute_id` smallint(5) unsigned NOT NULL default '0',
  `customer_group_id` smallint(3) unsigned NOT NULL default '0',
  `qty` decimal(12,4) unsigned NOT NULL default '0.0000',
  `value` decimal(12,4) NOT NULL default '0.0000',
  `tax_class_id` smallint(6) NOT NULL default '0',
  `website_id` smallint(5) unsigned default NULL,
  KEY `IDX_VALUE` (`value`),
  KEY `IDX_QTY` (`qty`),
  KEY `FK_CATALOGINDEX_PRICE_ENTITY` (`entity_id`),
  KEY `FK_CATALOGINDEX_PRICE_ATTRIBUTE` (`attribute_id`),
  KEY `FK_CATALOGINDEX_PRICE_CUSTOMER_GROUP` (`customer_group_id`),
  KEY `IDX_RANGE_VALUE` (`entity_id`,`attribute_id`,`customer_group_id`,`value`),
  KEY `FK_CI_PRICE_WEBSITE_ID` (`website_id`),
  KEY `IDX_FULL` (`entity_id`,`attribute_id`,`customer_group_id`,`value`,`website_id`),
  CONSTRAINT `FK_CATALOGINDEX_PRICE_ATTRIBUTE` FOREIGN KEY (`attribute_id`) REFERENCES `eav_attribute` (`attribute_id`) ON DELETE CASCADE ON UPDATE CASCADE,
  CONSTRAINT `FK_CATALOGINDEX_PRICE_ENTITY` FOREIGN KEY (`entity_id`) REFERENCES `catalog_product_entity` (`entity_id`) ON DELETE CASCADE ON UPDATE CASCADE,
  CONSTRAINT `FK_CI_PRICE_WEBSITE_ID` FOREIGN KEY (`website_id`) REFERENCES `core_website` (`website_id`) ON DELETE CASCADE ON UPDATE CASCADE
) ENGINE=InnoDB DEFAULT CHARSET=utf8;

--
-- Dumping data for table `catalogindex_price`
--

INSERT INTO `catalogindex_price` VALUES (17,60,0,'0.0000','20.0000',2,1),(17,60,1,'0.0000','20.0000',2,1),(17,60,2,'0.0000','20.0000',2,1),(17,60,3,'0.0000','20.0000',2,1),(43,60,0,'0.0000','20.0000',2,1),(43,60,1,'0.0000','20.0000',2,1),(43,60,2,'0.0000','20.0000',2,1),(43,60,3,'0.0000','20.0000',2,1),(44,60,0,'0.0000','20.0000',2,1),(44,60,1,'0.0000','20.0000',2,1),(44,60,2,'0.0000','20.0000',2,1),(44,60,3,'0.0000','20.0000',2,1),(45,60,0,'0.0000','20.0000',2,1),(45,60,1,'0.0000','20.0000',2,1),(45,60,2,'0.0000','20.0000',2,1),(45,60,3,'0.0000','20.0000',2,1),(47,60,0,'0.0000','20.0000',2,1),(47,60,1,'0.0000','20.0000',2,1),(47,60,2,'0.0000','20.0000',2,1),(47,60,3,'0.0000','20.0000',2,1),(46,60,0,'0.0000','20.0000',2,1),(46,60,1,'0.0000','20.0000',2,1),(46,60,2,'0.0000','20.0000',2,1),(46,60,3,'0.0000','20.0000',2,1),(48,60,0,'0.0000','20.0000',2,1),(48,60,1,'0.0000','20.0000',2,1),(48,60,2,'0.0000','20.0000',2,1),(48,60,3,'0.0000','20.0000',2,1),(49,60,0,'0.0000','20.0000',2,1),(49,60,1,'0.0000','20.0000',2,1),(49,60,2,'0.0000','20.0000',2,1),(49,60,3,'0.0000','20.0000',2,1),(50,60,0,'0.0000','20.0000',2,1),(50,60,1,'0.0000','20.0000',2,1),(50,60,2,'0.0000','20.0000',2,1),(50,60,3,'0.0000','20.0000',2,1),(51,60,0,'0.0000','20.0000',2,1),(51,60,1,'0.0000','20.0000',2,1),(51,60,2,'0.0000','20.0000',2,1),(51,60,3,'0.0000','20.0000',2,1),(52,60,0,'0.0000','20.0000',2,1),(52,60,1,'0.0000','20.0000',2,1),(52,60,2,'0.0000','20.0000',2,1),(52,60,3,'0.0000','20.0000',2,1),(53,60,0,'0.0000','20.0000',2,1),(53,60,1,'0.0000','20.0000',2,1),(53,60,2,'0.0000','20.0000',2,1),(53,60,3,'0.0000','20.0000',2,1),(55,60,0,'0.0000','20.0000',2,1),(55,60,1,'0.0000','20.0000',2,1),(55,60,2,'0.0000','20.0000',2,1),(55,60,3,'0.0000','20.0000',2,1),(56,60,0,'0.0000','20.0000',2,1),(56,60,1,'0.0000','20.0000',2,1),(56,60,2,'0.0000','20.0000',2,1),(56,60,3,'0.0000','20.0000',2,1),(57,60,0,'0.0000','20.0000',2,1),(57,60,1,'0.0000','20.0000',2,1),(57,60,2,'0.0000','20.0000',2,1),(57,60,3,'0.0000','20.0000',2,1),(54,60,0,'0.0000','20.0000',2,1),(54,60,1,'0.0000','20.0000',2,1),(54,60,2,'0.0000','20.0000',2,1),(54,60,3,'0.0000','20.0000',2,1),(58,60,0,'0.0000','20.0000',2,1),(58,60,1,'0.0000','20.0000',2,1),(58,60,2,'0.0000','20.0000',2,1),(58,60,3,'0.0000','20.0000',2,1),(59,60,0,'0.0000','20.0000',2,1),(59,60,1,'0.0000','20.0000',2,1),(59,60,2,'0.0000','20.0000',2,1),(59,60,3,'0.0000','20.0000',2,1),(60,60,0,'0.0000','20.0000',2,1),(60,60,1,'0.0000','20.0000',2,1),(60,60,2,'0.0000','20.0000',2,1),(60,60,3,'0.0000','20.0000',2,1),(61,60,0,'0.0000','20.0000',2,1),(61,60,1,'0.0000','20.0000',2,1),(61,60,2,'0.0000','20.0000',2,1),(61,60,3,'0.0000','20.0000',2,1),(62,60,0,'0.0000','20.0000',2,1),(62,60,1,'0.0000','20.0000',2,1),(62,60,2,'0.0000','20.0000',2,1),(62,60,3,'0.0000','20.0000',2,1),(20,60,0,'0.0000','20.0000',2,1),(20,60,1,'0.0000','20.0000',2,1),(20,60,2,'0.0000','20.0000',2,1),(20,60,3,'0.0000','20.0000',2,1),(20,60,0,'0.0000','20.0000',2,1),(20,60,1,'0.0000','20.0000',2,1),(20,60,2,'0.0000','20.0000',2,1),(20,60,3,'0.0000','20.0000',2,1),(20,60,0,'0.0000','20.0000',2,1),(20,60,1,'0.0000','20.0000',2,1),(20,60,2,'0.0000','20.0000',2,1),(20,60,3,'0.0000','20.0000',2,1),(20,60,0,'0.0000','20.0000',2,1),(20,60,1,'0.0000','20.0000',2,1),(20,60,2,'0.0000','20.0000',2,1),(20,60,3,'0.0000','20.0000',2,1),(20,60,0,'0.0000','20.0000',2,1),(20,60,1,'0.0000','20.0000',2,1),(20,60,2,'0.0000','20.0000',2,1),(20,60,3,'0.0000','20.0000',2,1),(20,60,0,'0.0000','20.0000',2,1),(20,60,1,'0.0000','20.0000',2,1),(20,60,2,'0.0000','20.0000',2,1),(20,60,3,'0.0000','20.0000',2,1),(20,60,0,'0.0000','20.0000',2,1),(20,60,1,'0.0000','20.0000',2,1),(20,60,2,'0.0000','20.0000',2,1),(20,60,3,'0.0000','20.0000',2,1),(20,60,0,'0.0000','20.0000',2,1),(20,60,1,'0.0000','20.0000',2,1),(20,60,2,'0.0000','20.0000',2,1),(20,60,3,'0.0000','20.0000',2,1),(20,60,0,'0.0000','20.0000',2,1),(20,60,1,'0.0000','20.0000',2,1),(20,60,2,'0.0000','20.0000',2,1),(20,60,3,'0.0000','20.0000',2,1),(20,60,0,'0.0000','20.0000',2,1),(20,60,1,'0.0000','20.0000',2,1),(20,60,2,'0.0000','20.0000',2,1),(20,60,3,'0.0000','20.0000',2,1),(20,60,0,'0.0000','20.0000',2,1),(20,60,1,'0.0000','20.0000',2,1),(20,60,2,'0.0000','20.0000',2,1),(20,60,3,'0.0000','20.0000',2,1),(20,60,0,'0.0000','20.0000',2,1),(20,60,1,'0.0000','20.0000',2,1),(20,60,2,'0.0000','20.0000',2,1),(20,60,3,'0.0000','20.0000',2,1),(20,60,0,'0.0000','20.0000',2,1),(20,60,1,'0.0000','20.0000',2,1),(20,60,2,'0.0000','20.0000',2,1),(20,60,3,'0.0000','20.0000',2,1),(20,60,0,'0.0000','20.0000',2,1),(20,60,1,'0.0000','20.0000',2,1),(20,60,2,'0.0000','20.0000',2,1),(20,60,3,'0.0000','20.0000',2,1),(20,60,0,'0.0000','20.0000',2,1),(20,60,1,'0.0000','20.0000',2,1),(20,60,2,'0.0000','20.0000',2,1),(20,60,3,'0.0000','20.0000',2,1),(20,60,0,'0.0000','20.0000',2,1),(20,60,1,'0.0000','20.0000',2,1),(20,60,2,'0.0000','20.0000',2,1),(20,60,3,'0.0000','20.0000',2,1),(20,60,0,'0.0000','20.0000',2,1),(20,60,1,'0.0000','20.0000',2,1),(20,60,2,'0.0000','20.0000',2,1),(20,60,3,'0.0000','20.0000',2,1),(20,60,0,'0.0000','20.0000',2,1),(20,60,1,'0.0000','20.0000',2,1),(20,60,2,'0.0000','20.0000',2,1),(20,60,3,'0.0000','20.0000',2,1),(20,60,0,'0.0000','20.0000',2,1),(20,60,1,'0.0000','20.0000',2,1),(20,60,2,'0.0000','20.0000',2,1),(20,60,3,'0.0000','20.0000',2,1),(20,60,0,'0.0000','20.0000',2,1),(20,60,1,'0.0000','20.0000',2,1),(20,60,2,'0.0000','20.0000',2,1),(20,60,3,'0.0000','20.0000',2,1),(20,60,0,'0.0000','20.0000',2,1),(20,60,1,'0.0000','20.0000',2,1),(20,60,2,'0.0000','20.0000',2,1),(20,60,3,'0.0000','20.0000',2,1),(20,60,0,'0.0000','20.0000',2,1),(20,60,1,'0.0000','20.0000',2,1),(20,60,2,'0.0000','20.0000',2,1),(20,60,3,'0.0000','20.0000',2,1),(20,60,0,'0.0000','20.0000',2,1),(20,60,1,'0.0000','20.0000',2,1),(20,60,2,'0.0000','20.0000',2,1),(20,60,3,'0.0000','20.0000',2,1);

--
-- Table structure for table `cataloginventory_stock`
--

CREATE TABLE `cataloginventory_stock` (
  `stock_id` smallint(4) unsigned NOT NULL auto_increment,
  `stock_name` varchar(255) NOT NULL default '',
  PRIMARY KEY  (`stock_id`)
) ENGINE=InnoDB AUTO_INCREMENT=2 DEFAULT CHARSET=utf8 COMMENT='Catalog inventory Stocks list';

--
-- Dumping data for table `cataloginventory_stock`
--

INSERT INTO `cataloginventory_stock` VALUES (1,'Default');

--
-- Table structure for table `cataloginventory_stock_item`
--

CREATE TABLE `cataloginventory_stock_item` (
  `item_id` int(10) unsigned NOT NULL auto_increment,
  `product_id` int(10) unsigned NOT NULL default '0',
  `stock_id` smallint(4) unsigned NOT NULL default '0',
  `qty` decimal(12,4) NOT NULL default '0.0000',
  `min_qty` decimal(12,4) NOT NULL default '0.0000',
  `use_config_min_qty` tinyint(1) unsigned NOT NULL default '1',
  `is_qty_decimal` tinyint(1) unsigned NOT NULL default '0',
  `backorders` tinyint(3) unsigned NOT NULL default '0',
  `use_config_backorders` tinyint(1) unsigned NOT NULL default '1',
  `min_sale_qty` decimal(12,4) NOT NULL default '1.0000',
  `use_config_min_sale_qty` tinyint(1) unsigned NOT NULL default '1',
  `max_sale_qty` decimal(12,4) NOT NULL default '0.0000',
  `use_config_max_sale_qty` tinyint(1) unsigned NOT NULL default '1',
  `is_in_stock` tinyint(1) unsigned NOT NULL default '0',
  `low_stock_date` datetime default NULL,
  `notify_stock_qty` decimal(12,4) default NULL,
  `use_config_notify_stock_qty` tinyint(1) unsigned NOT NULL default '1',
  `manage_stock` tinyint(1) unsigned NOT NULL default '0',
  `use_config_manage_stock` tinyint(1) unsigned NOT NULL default '1',
  `stock_status_changed_automatically` tinyint(1) unsigned NOT NULL default '0',
  PRIMARY KEY  (`item_id`),
  UNIQUE KEY `IDX_STOCK_PRODUCT` (`product_id`,`stock_id`),
  KEY `FK_CATALOGINVENTORY_STOCK_ITEM_PRODUCT` (`product_id`),
  KEY `FK_CATALOGINVENTORY_STOCK_ITEM_STOCK` (`stock_id`),
  CONSTRAINT `FK_CATALOGINVENTORY_STOCK_ITEM_PRODUCT` FOREIGN KEY (`product_id`) REFERENCES `catalog_product_entity` (`entity_id`) ON DELETE CASCADE ON UPDATE CASCADE,
  CONSTRAINT `FK_CATALOGINVENTORY_STOCK_ITEM_STOCK` FOREIGN KEY (`stock_id`) REFERENCES `cataloginventory_stock` (`stock_id`) ON DELETE CASCADE ON UPDATE CASCADE
) ENGINE=InnoDB AUTO_INCREMENT=63 DEFAULT CHARSET=utf8 COMMENT='Inventory Stock Item Data';

--
-- Dumping data for table `cataloginventory_stock_item`
--

INSERT INTO `cataloginventory_stock_item` VALUES (1,1,1,'0.0000','0.0000',1,0,0,1,'1.0000',1,'0.0000',1,1,NULL,NULL,1,0,1,0),(2,2,1,'40.0000','0.0000',1,0,0,1,'1.0000',1,'0.0000',1,1,NULL,NULL,1,0,0,0),(3,3,1,'40.0000','0.0000',1,0,0,1,'1.0000',1,'0.0000',1,1,NULL,NULL,1,0,0,0),(4,4,1,'0.0000','0.0000',1,0,0,1,'1.0000',1,'0.0000',1,1,NULL,NULL,1,0,1,0),(5,5,1,'40.0000','0.0000',1,0,0,1,'1.0000',1,'0.0000',1,1,NULL,NULL,1,0,0,0),(6,6,1,'40.0000','0.0000',1,0,0,1,'1.0000',1,'0.0000',1,1,NULL,NULL,1,0,0,0),(7,7,1,'0.0000','0.0000',1,0,0,1,'1.0000',1,'0.0000',1,1,NULL,NULL,1,0,1,0),(8,8,1,'40.0000','0.0000',1,0,0,1,'1.0000',1,'0.0000',1,1,NULL,NULL,1,0,0,0),(9,9,1,'40.0000','0.0000',1,0,0,1,'1.0000',1,'0.0000',1,1,NULL,NULL,1,0,0,0),(10,10,1,'40.0000','0.0000',1,0,0,1,'1.0000',1,'0.0000',1,1,NULL,NULL,1,0,0,0),(11,11,1,'40.0000','0.0000',1,0,0,1,'1.0000',1,'0.0000',1,1,NULL,NULL,1,0,0,0),(12,12,1,'40.0000','0.0000',1,0,0,1,'1.0000',1,'0.0000',1,1,NULL,NULL,1,0,0,0),(13,13,1,'40.0000','0.0000',1,0,0,1,'1.0000',1,'0.0000',1,1,NULL,NULL,1,0,0,0),(14,14,1,'40.0000','0.0000',1,0,0,1,'1.0000',1,'0.0000',1,1,NULL,NULL,1,0,0,0),(15,15,1,'40.0000','0.0000',1,0,0,1,'1.0000',1,'0.0000',1,1,NULL,NULL,1,0,0,0),(16,16,1,'40.0000','0.0000',1,0,0,1,'1.0000',1,'0.0000',1,1,NULL,NULL,1,0,0,0),(17,17,1,'40.0000','0.0000',1,0,0,1,'1.0000',1,'0.0000',1,1,NULL,NULL,1,0,0,0),(18,18,1,'40.0000','0.0000',1,0,0,1,'1.0000',1,'0.0000',1,1,NULL,NULL,1,0,0,0),(19,19,1,'40.0000','0.0000',1,0,0,1,'1.0000',1,'0.0000',1,1,NULL,NULL,1,0,0,0),(20,20,1,'0.0000','0.0000',1,0,0,1,'1.0000',1,'0.0000',1,1,NULL,NULL,1,0,1,0),(21,21,1,'40.0000','0.0000',1,0,0,1,'1.0000',1,'0.0000',1,1,NULL,NULL,1,0,0,0),(22,22,1,'40.0000','0.0000',1,0,0,1,'1.0000',1,'0.0000',1,1,NULL,NULL,1,0,0,0),(23,23,1,'40.0000','0.0000',1,0,0,1,'1.0000',1,'0.0000',1,1,NULL,NULL,1,0,0,0),(24,24,1,'40.0000','0.0000',1,0,0,1,'1.0000',1,'0.0000',1,1,NULL,NULL,1,0,0,0),(25,25,1,'40.0000','0.0000',1,0,0,1,'1.0000',1,'0.0000',1,1,NULL,NULL,1,0,0,0),(26,26,1,'40.0000','0.0000',1,0,0,1,'1.0000',1,'0.0000',1,1,NULL,NULL,1,0,0,0),(27,27,1,'40.0000','0.0000',1,0,0,1,'1.0000',1,'0.0000',1,1,NULL,NULL,1,0,0,0),(28,28,1,'40.0000','0.0000',1,0,0,1,'1.0000',1,'0.0000',1,1,NULL,NULL,1,0,0,0),(29,29,1,'40.0000','0.0000',1,0,0,1,'1.0000',1,'0.0000',1,1,NULL,NULL,1,0,0,0),(30,30,1,'40.0000','0.0000',1,0,0,1,'1.0000',1,'0.0000',1,1,NULL,NULL,1,0,0,0),(31,31,1,'0.0000','0.0000',1,0,0,1,'1.0000',1,'0.0000',1,1,NULL,NULL,1,0,1,0),(32,32,1,'0.0000','0.0000',1,0,0,1,'1.0000',1,'0.0000',1,1,NULL,NULL,1,0,1,0),(33,33,1,'40.0000','0.0000',1,0,0,1,'1.0000',1,'0.0000',1,1,NULL,NULL,1,0,0,0),(34,34,1,'40.0000','0.0000',1,0,0,1,'1.0000',1,'0.0000',1,1,NULL,NULL,1,0,0,0),(35,35,1,'40.0000','0.0000',1,0,0,1,'1.0000',1,'0.0000',1,1,NULL,NULL,1,0,0,0),(36,36,1,'40.0000','0.0000',1,0,0,1,'1.0000',1,'0.0000',1,1,NULL,NULL,1,0,0,0),(37,37,1,'40.0000','0.0000',1,0,0,1,'1.0000',1,'0.0000',1,1,NULL,NULL,1,0,0,0),(38,38,1,'0.0000','0.0000',1,0,0,1,'1.0000',1,'0.0000',1,1,NULL,NULL,1,0,1,0),(39,39,1,'40.0000','0.0000',1,0,0,1,'1.0000',1,'0.0000',1,1,NULL,NULL,1,0,0,0),(43,43,1,'0.0000','0.0000',1,0,0,1,'1.0000',1,'0.0000',1,0,'2009-08-05 13:00:18',NULL,1,0,0,1),(44,44,1,'0.0000','0.0000',1,0,0,1,'1.0000',1,'0.0000',1,0,'2009-08-05 13:05:28',NULL,1,0,0,1),(45,45,1,'0.0000','0.0000',1,0,0,1,'1.0000',1,'0.0000',1,0,'2009-08-05 13:11:17',NULL,1,0,0,1),(46,46,1,'0.0000','0.0000',1,0,0,1,'1.0000',1,'0.0000',1,0,'2009-08-05 13:17:36',NULL,1,0,0,1),(47,47,1,'0.0000','0.0000',1,0,0,1,'1.0000',1,'0.0000',1,0,'2009-08-05 13:15:41',NULL,1,0,0,1),(48,48,1,'0.0000','0.0000',1,0,0,1,'1.0000',1,'0.0000',1,0,'2009-08-05 13:22:09',NULL,1,0,0,1),(49,49,1,'0.0000','0.0000',1,0,0,1,'1.0000',1,'0.0000',1,0,'2009-08-05 13:24:47',NULL,1,0,0,1),(50,50,1,'0.0000','0.0000',1,0,0,1,'1.0000',1,'0.0000',1,0,'2009-08-05 13:26:28',NULL,1,0,0,1),(51,51,1,'0.0000','0.0000',1,0,0,1,'1.0000',1,'0.0000',1,0,'2009-08-05 13:28:31',NULL,1,0,0,1),(52,52,1,'0.0000','0.0000',1,0,0,1,'1.0000',1,'0.0000',1,0,'2009-08-05 13:37:10',NULL,1,0,0,1),(53,53,1,'0.0000','0.0000',1,0,0,1,'1.0000',1,'0.0000',1,0,'2009-08-05 13:41:13',NULL,1,0,0,1),(54,54,1,'0.0000','0.0000',1,0,0,1,'1.0000',1,'0.0000',1,0,'2009-08-05 13:48:22',NULL,1,0,0,1),(55,55,1,'0.0000','0.0000',1,0,0,1,'1.0000',1,'0.0000',1,0,'2009-08-05 13:43:07',NULL,1,0,0,1),(56,56,1,'0.0000','0.0000',1,0,0,1,'1.0000',1,'0.0000',1,0,'2009-08-05 13:44:20',NULL,1,0,0,1),(57,57,1,'0.0000','0.0000',1,0,0,1,'1.0000',1,'0.0000',1,0,'2009-08-05 13:46:11',NULL,1,0,0,1),(58,58,1,'0.0000','0.0000',1,0,0,1,'1.0000',1,'0.0000',1,0,'2009-08-05 13:51:53',NULL,1,0,0,1),(59,59,1,'0.0000','0.0000',1,0,0,1,'1.0000',1,'0.0000',1,0,'2009-08-05 13:53:16',NULL,1,0,0,1),(60,60,1,'0.0000','0.0000',1,0,0,1,'1.0000',1,'0.0000',1,0,'2009-08-05 13:54:59',NULL,1,0,0,1),(61,61,1,'0.0000','0.0000',1,0,0,1,'1.0000',1,'0.0000',1,0,'2009-08-05 13:56:15',NULL,1,0,0,1),(62,62,1,'0.0000','0.0000',1,0,0,1,'1.0000',1,'0.0000',1,0,'2009-08-05 13:57:36',NULL,1,0,0,1);

--
-- Table structure for table `cataloginventory_stock_status`
--

CREATE TABLE `cataloginventory_stock_status` (
  `product_id` int(10) unsigned NOT NULL,
  `website_id` smallint(5) unsigned NOT NULL,
  `stock_id` smallint(4) unsigned NOT NULL,
  `qty` decimal(12,4) NOT NULL default '0.0000',
  `stock_status` tinyint(3) unsigned NOT NULL,
  PRIMARY KEY  (`product_id`,`website_id`,`stock_id`),
  KEY `FK_CATALOGINVENTORY_STOCK_STATUS_STOCK` (`stock_id`),
  KEY `FK_CATALOGINVENTORY_STOCK_STATUS_WEBSITE` (`website_id`),
  CONSTRAINT `FK_CATALOGINVENTORY_STOCK_STATUS_PRODUCT` FOREIGN KEY (`product_id`) REFERENCES `catalog_product_entity` (`entity_id`) ON DELETE CASCADE ON UPDATE CASCADE,
  CONSTRAINT `FK_CATALOGINVENTORY_STOCK_STATUS_STOCK` FOREIGN KEY (`stock_id`) REFERENCES `cataloginventory_stock` (`stock_id`) ON DELETE CASCADE ON UPDATE CASCADE,
  CONSTRAINT `FK_CATALOGINVENTORY_STOCK_STATUS_WEBSITE` FOREIGN KEY (`website_id`) REFERENCES `core_website` (`website_id`) ON DELETE CASCADE ON UPDATE CASCADE
) ENGINE=InnoDB DEFAULT CHARSET=utf8;

--
-- Dumping data for table `cataloginventory_stock_status`
--

INSERT INTO `cataloginventory_stock_status` VALUES (1,1,1,'0.0000',1),(2,1,1,'40.0000',1),(3,1,1,'40.0000',1),(4,1,1,'0.0000',1),(5,1,1,'40.0000',1),(6,1,1,'40.0000',1),(7,1,1,'0.0000',1),(8,1,1,'40.0000',1),(9,1,1,'40.0000',1),(10,1,1,'40.0000',1),(11,1,1,'40.0000',1),(12,1,1,'40.0000',1),(13,1,1,'40.0000',1),(14,1,1,'40.0000',1),(15,1,1,'40.0000',1),(16,1,1,'40.0000',1),(17,1,1,'40.0000',1),(18,1,1,'40.0000',1),(19,1,1,'40.0000',1),(20,1,1,'0.0000',1),(21,1,1,'40.0000',1),(22,1,1,'40.0000',1),(23,1,1,'40.0000',1),(24,1,1,'40.0000',1),(25,1,1,'40.0000',1),(26,1,1,'40.0000',1),(27,1,1,'40.0000',1),(28,1,1,'40.0000',1),(29,1,1,'40.0000',1),(30,1,1,'40.0000',1),(31,1,1,'0.0000',1),(32,1,1,'0.0000',1),(33,1,1,'40.0000',1),(34,1,1,'40.0000',1),(35,1,1,'40.0000',1),(36,1,1,'40.0000',1),(37,1,1,'40.0000',1),(38,1,1,'0.0000',1),(39,1,1,'40.0000',1),(43,1,1,'0.0000',0),(44,1,1,'0.0000',1),(45,1,1,'0.0000',1),(46,1,1,'0.0000',0),(47,1,1,'0.0000',1),(48,1,1,'0.0000',1),(49,1,1,'0.0000',1),(50,1,1,'0.0000',1),(51,1,1,'0.0000',1),(52,1,1,'0.0000',1),(53,1,1,'0.0000',1),(54,1,1,'0.0000',1),(55,1,1,'0.0000',1),(56,1,1,'0.0000',1),(57,1,1,'0.0000',1),(58,1,1,'0.0000',1),(59,1,1,'0.0000',1),(60,1,1,'0.0000',1),(61,1,1,'0.0000',1),(62,1,1,'0.0000',1);

--
-- Table structure for table `catalogrule`
--

CREATE TABLE `catalogrule` (
  `rule_id` int(10) unsigned NOT NULL auto_increment,
  `name` varchar(255) NOT NULL default '',
  `description` text NOT NULL,
  `from_date` date default NULL,
  `to_date` date default NULL,
  `customer_group_ids` varchar(255) NOT NULL default '',
  `is_active` tinyint(1) NOT NULL default '0',
  `conditions_serialized` mediumtext NOT NULL,
  `actions_serialized` mediumtext NOT NULL,
  `stop_rules_processing` tinyint(1) NOT NULL default '1',
  `sort_order` int(10) unsigned NOT NULL default '0',
  `simple_action` varchar(32) NOT NULL,
  `discount_amount` decimal(12,4) NOT NULL,
  `website_ids` text,
  PRIMARY KEY  (`rule_id`),
  KEY `sort_order` (`is_active`,`sort_order`,`to_date`,`from_date`)
) ENGINE=InnoDB DEFAULT CHARSET=utf8;

--
-- Dumping data for table `catalogrule`
--


--
-- Table structure for table `catalogrule_affected_product`
--

CREATE TABLE `catalogrule_affected_product` (
  `product_id` int(10) unsigned NOT NULL,
  KEY `IDX_PRODUCT` (`product_id`)
) ENGINE=InnoDB DEFAULT CHARSET=utf8;

--
-- Dumping data for table `catalogrule_affected_product`
--


--
-- Table structure for table `catalogrule_product`
--

CREATE TABLE `catalogrule_product` (
  `rule_product_id` int(10) unsigned NOT NULL auto_increment,
  `rule_id` int(10) unsigned NOT NULL default '0',
  `from_time` int(10) unsigned NOT NULL default '0',
  `to_time` int(10) unsigned NOT NULL default '0',
  `customer_group_id` smallint(5) unsigned NOT NULL default '0',
  `product_id` int(10) unsigned NOT NULL default '0',
  `action_operator` enum('to_fixed','to_percent','by_fixed','by_percent') NOT NULL default 'to_fixed',
  `action_amount` decimal(12,4) NOT NULL default '0.0000',
  `action_stop` tinyint(1) NOT NULL default '0',
  `sort_order` int(10) unsigned NOT NULL default '0',
  `website_id` smallint(5) unsigned NOT NULL,
  PRIMARY KEY  (`rule_product_id`),
  UNIQUE KEY `sort_order` (`from_time`,`to_time`,`website_id`,`customer_group_id`,`product_id`,`sort_order`),
  KEY `FK_catalogrule_product_rule` (`rule_id`),
  KEY `FK_catalogrule_product_customergroup` (`customer_group_id`),
  KEY `FK_catalogrule_product_website` (`website_id`),
  KEY `FK_CATALOGRULE_PRODUCT_PRODUCT` (`product_id`),
  CONSTRAINT `FK_catalogrule_product_customergroup` FOREIGN KEY (`customer_group_id`) REFERENCES `customer_group` (`customer_group_id`) ON DELETE CASCADE ON UPDATE CASCADE,
  CONSTRAINT `FK_CATALOGRULE_PRODUCT_PRODUCT` FOREIGN KEY (`product_id`) REFERENCES `catalog_product_entity` (`entity_id`) ON DELETE CASCADE ON UPDATE CASCADE,
  CONSTRAINT `FK_catalogrule_product_rule` FOREIGN KEY (`rule_id`) REFERENCES `catalogrule` (`rule_id`) ON DELETE CASCADE ON UPDATE CASCADE,
  CONSTRAINT `FK_catalogrule_product_website` FOREIGN KEY (`website_id`) REFERENCES `core_website` (`website_id`) ON DELETE CASCADE ON UPDATE CASCADE
) ENGINE=InnoDB DEFAULT CHARSET=utf8;

--
-- Dumping data for table `catalogrule_product`
--


--
-- Table structure for table `catalogrule_product_price`
--

CREATE TABLE `catalogrule_product_price` (
  `rule_product_price_id` int(10) unsigned NOT NULL auto_increment,
  `rule_date` date NOT NULL default '0000-00-00',
  `customer_group_id` smallint(5) unsigned NOT NULL default '0',
  `product_id` int(10) unsigned NOT NULL default '0',
  `rule_price` decimal(12,4) NOT NULL default '0.0000',
  `website_id` smallint(5) unsigned NOT NULL,
  `latest_start_date` date default NULL,
  `earliest_end_date` date default NULL,
  PRIMARY KEY  (`rule_product_price_id`),
  UNIQUE KEY `rule_date` (`rule_date`,`website_id`,`customer_group_id`,`product_id`),
  KEY `FK_catalogrule_product_price_customergroup` (`customer_group_id`),
  KEY `FK_catalogrule_product_price_website` (`website_id`),
  KEY `FK_CATALOGRULE_PRODUCT_PRICE_PRODUCT` (`product_id`),
  CONSTRAINT `FK_catalogrule_product_price_customergroup` FOREIGN KEY (`customer_group_id`) REFERENCES `customer_group` (`customer_group_id`) ON DELETE CASCADE ON UPDATE CASCADE,
  CONSTRAINT `FK_CATALOGRULE_PRODUCT_PRICE_PRODUCT` FOREIGN KEY (`product_id`) REFERENCES `catalog_product_entity` (`entity_id`) ON DELETE CASCADE ON UPDATE CASCADE,
  CONSTRAINT `FK_catalogrule_product_price_website` FOREIGN KEY (`website_id`) REFERENCES `core_website` (`website_id`) ON DELETE CASCADE ON UPDATE CASCADE
) ENGINE=InnoDB AUTO_INCREMENT=1622 DEFAULT CHARSET=utf8;

--
-- Dumping data for table `catalogrule_product_price`
--

INSERT INTO `catalogrule_product_price` VALUES (1,'2009-02-07',2,2,'7.5000',1,'2009-02-07','2010-02-07'),(2,'2009-02-08',2,2,'7.5000',1,'2009-02-07','2010-02-07'),(3,'2009-02-07',2,3,'7.5000',1,'2009-02-07','2010-02-07'),(4,'2009-02-08',2,3,'7.5000',1,'2009-02-07','2010-02-07'),(5,'2009-02-07',2,5,'10.0000',1,'2009-02-07','2010-02-07'),(6,'2009-02-08',2,5,'10.0000',1,'2009-02-07','2010-02-07'),(7,'2009-02-07',2,6,'10.0000',1,'2009-02-07','2010-02-07'),(8,'2009-02-08',2,6,'10.0000',1,'2009-02-07','2010-02-07'),(9,'2009-02-07',2,8,'6.5000',1,'2009-02-07','2010-02-07'),(10,'2009-02-08',2,8,'6.5000',1,'2009-02-07','2010-02-07'),(11,'2009-02-07',2,9,'6.5000',1,'2009-02-07','2010-02-07'),(12,'2009-02-08',2,9,'6.5000',1,'2009-02-07','2010-02-07'),(13,'2009-02-07',2,10,'6.5000',1,'2009-02-07','2010-02-07'),(14,'2009-02-08',2,10,'6.5000',1,'2009-02-07','2010-02-07'),(15,'2009-02-07',2,11,'6.5000',1,'2009-02-07','2010-02-07'),(16,'2009-02-08',2,11,'6.5000',1,'2009-02-07','2010-02-07'),(17,'2009-02-07',2,12,'6.5000',1,'2009-02-07','2010-02-07'),(18,'2009-02-08',2,12,'6.5000',1,'2009-02-07','2010-02-07'),(19,'2009-02-07',2,13,'6.5000',1,'2009-02-07','2010-02-07'),(20,'2009-02-08',2,13,'6.5000',1,'2009-02-07','2010-02-07'),(21,'2009-02-07',2,14,'6.5000',1,'2009-02-07','2010-02-07'),(22,'2009-02-08',2,14,'6.5000',1,'2009-02-07','2010-02-07'),(23,'2009-02-07',2,15,'6.5000',1,'2009-02-07','2010-02-07'),(24,'2009-02-08',2,15,'6.5000',1,'2009-02-07','2010-02-07'),(25,'2009-02-07',2,16,'6.5000',1,'2009-02-07','2010-02-07'),(26,'2009-02-08',2,16,'6.5000',1,'2009-02-07','2010-02-07'),(27,'2009-02-07',2,17,'10.0000',1,'2009-02-07','2010-02-07'),(28,'2009-02-08',2,17,'10.0000',1,'2009-02-07','2010-02-07'),(29,'2009-02-07',2,18,'10.0000',1,'2009-02-07','2010-02-07'),(30,'2009-02-08',2,18,'10.0000',1,'2009-02-07','2010-02-07'),(31,'2009-02-07',2,19,'10.0000',1,'2009-02-07','2010-02-07'),(32,'2009-02-08',2,19,'10.0000',1,'2009-02-07','2010-02-07'),(33,'2009-02-07',2,21,'7.5000',1,'2009-02-07','2010-02-07'),(34,'2009-02-08',2,21,'7.5000',1,'2009-02-07','2010-02-07'),(35,'2009-02-07',2,22,'7.5000',1,'2009-02-07','2010-02-07'),(36,'2009-02-08',2,22,'7.5000',1,'2009-02-07','2010-02-07'),(37,'2009-02-07',2,23,'7.5000',1,'2009-02-07','2010-02-07'),(38,'2009-02-08',2,23,'7.5000',1,'2009-02-07','2010-02-07'),(39,'2009-02-07',2,24,'7.5000',1,'2009-02-07','2010-02-07'),(40,'2009-02-08',2,24,'7.5000',1,'2009-02-07','2010-02-07'),(41,'2009-02-07',2,25,'7.5000',1,'2009-02-07','2010-02-07'),(42,'2009-02-08',2,25,'7.5000',1,'2009-02-07','2010-02-07'),(43,'2009-02-07',2,26,'7.5000',1,'2009-02-07','2010-02-07'),(44,'2009-02-08',2,26,'7.5000',1,'2009-02-07','2010-02-07'),(45,'2009-02-07',2,27,'7.5000',1,'2009-02-07','2010-02-07'),(46,'2009-02-08',2,27,'7.5000',1,'2009-02-07','2010-02-07'),(47,'2009-02-07',2,28,'7.5000',1,'2009-02-07','2010-02-07'),(48,'2009-02-08',2,28,'7.5000',1,'2009-02-07','2010-02-07'),(49,'2009-02-07',2,29,'7.5000',1,'2009-02-07','2010-02-07'),(50,'2009-02-08',2,29,'7.5000',1,'2009-02-07','2010-02-07'),(51,'2009-02-07',2,30,'7.5000',1,'2009-02-07','2010-02-07'),(52,'2009-02-08',2,30,'7.5000',1,'2009-02-07','2010-02-07'),(53,'2009-02-07',2,33,'10.0000',1,'2009-02-07','2010-02-07'),(54,'2009-02-08',2,33,'10.0000',1,'2009-02-07','2010-02-07'),(55,'2009-02-07',2,34,'10.0000',1,'2009-02-07','2010-02-07'),(56,'2009-02-08',2,34,'10.0000',1,'2009-02-07','2010-02-07'),(57,'2009-02-07',2,35,'10.0000',1,'2009-02-07','2010-02-07'),(58,'2009-02-08',2,35,'10.0000',1,'2009-02-07','2010-02-07'),(59,'2009-02-07',2,36,'10.0000',1,'2009-02-07','2010-02-07'),(60,'2009-02-08',2,36,'10.0000',1,'2009-02-07','2010-02-07'),(61,'2009-02-07',2,37,'10.0000',1,'2009-02-07','2010-02-07'),(62,'2009-02-08',2,37,'10.0000',1,'2009-02-07','2010-02-07'),(65,'2009-02-07',2,39,'7.5000',1,'2009-02-07','2010-02-07'),(68,'2009-02-08',2,39,'7.5000',1,'2009-02-07','2010-02-07'),(69,'2009-02-09',2,39,'7.5000',1,'2009-02-07','2010-02-07'),(70,'2009-02-10',2,39,'7.5000',1,'2009-02-07','2010-02-07'),(71,'2009-04-08',2,39,'6.0000',1,'2009-02-07','2010-02-07'),(72,'2009-04-09',2,39,'6.0000',1,'2009-02-07','2010-02-07'),(73,'2009-04-10',2,39,'6.0000',1,'2009-02-07','2010-02-07'),(1334,'2009-07-24',0,2,'12.0000',1,'2009-07-24','2010-07-24'),(1335,'2009-07-25',0,2,'12.0000',1,'2009-07-24','2010-07-24'),(1336,'2009-07-24',0,3,'12.0000',1,'2009-07-24','2010-07-24'),(1337,'2009-07-25',0,3,'12.0000',1,'2009-07-24','2010-07-24'),(1338,'2009-07-24',0,5,'16.0000',1,'2009-07-24','2010-07-24'),(1339,'2009-07-25',0,5,'16.0000',1,'2009-07-24','2010-07-24'),(1340,'2009-07-24',0,6,'16.0000',1,'2009-07-24','2010-07-24'),(1341,'2009-07-25',0,6,'16.0000',1,'2009-07-24','2010-07-24'),(1342,'2009-07-24',0,8,'10.4000',1,'2009-07-24','2010-07-24'),(1343,'2009-07-25',0,8,'10.4000',1,'2009-07-24','2010-07-24'),(1344,'2009-07-24',0,9,'10.4000',1,'2009-07-24','2010-07-24'),(1345,'2009-07-25',0,9,'10.4000',1,'2009-07-24','2010-07-24'),(1346,'2009-07-24',0,10,'10.4000',1,'2009-07-24','2010-07-24'),(1347,'2009-07-25',0,10,'10.4000',1,'2009-07-24','2010-07-24'),(1348,'2009-07-24',0,11,'10.4000',1,'2009-07-24','2010-07-24'),(1349,'2009-07-25',0,11,'10.4000',1,'2009-07-24','2010-07-24'),(1350,'2009-07-24',0,12,'10.4000',1,'2009-07-24','2010-07-24'),(1351,'2009-07-25',0,12,'10.4000',1,'2009-07-24','2010-07-24'),(1352,'2009-07-24',0,13,'10.4000',1,'2009-07-24','2010-07-24'),(1353,'2009-07-25',0,13,'10.4000',1,'2009-07-24','2010-07-24'),(1354,'2009-07-24',0,14,'10.4000',1,'2009-07-24','2010-07-24'),(1355,'2009-07-25',0,14,'10.4000',1,'2009-07-24','2010-07-24'),(1356,'2009-07-24',0,15,'10.4000',1,'2009-07-24','2010-07-24'),(1357,'2009-07-25',0,15,'10.4000',1,'2009-07-24','2010-07-24'),(1358,'2009-07-24',0,16,'10.4000',1,'2009-07-24','2010-07-24'),(1359,'2009-07-25',0,16,'10.4000',1,'2009-07-24','2010-07-24'),(1360,'2009-07-24',0,17,'16.0000',1,'2009-07-24','2010-07-24'),(1361,'2009-07-25',0,17,'16.0000',1,'2009-07-24','2010-07-24'),(1362,'2009-07-24',0,18,'16.0000',1,'2009-07-24','2010-07-24'),(1363,'2009-07-25',0,18,'16.0000',1,'2009-07-24','2010-07-24'),(1364,'2009-07-24',0,19,'16.0000',1,'2009-07-24','2010-07-24'),(1365,'2009-07-25',0,19,'16.0000',1,'2009-07-24','2010-07-24'),(1366,'2009-07-24',0,21,'12.0000',1,'2009-07-24','2010-07-24'),(1367,'2009-07-25',0,21,'12.0000',1,'2009-07-24','2010-07-24'),(1368,'2009-07-24',0,22,'12.0000',1,'2009-07-24','2010-07-24'),(1369,'2009-07-25',0,22,'12.0000',1,'2009-07-24','2010-07-24'),(1370,'2009-07-24',0,23,'12.0000',1,'2009-07-24','2010-07-24'),(1371,'2009-07-25',0,23,'12.0000',1,'2009-07-24','2010-07-24'),(1372,'2009-07-24',0,24,'12.0000',1,'2009-07-24','2010-07-24'),(1373,'2009-07-25',0,24,'12.0000',1,'2009-07-24','2010-07-24'),(1374,'2009-07-24',0,25,'12.0000',1,'2009-07-24','2010-07-24'),(1375,'2009-07-25',0,25,'12.0000',1,'2009-07-24','2010-07-24'),(1376,'2009-07-24',0,26,'12.0000',1,'2009-07-24','2010-07-24'),(1377,'2009-07-25',0,26,'12.0000',1,'2009-07-24','2010-07-24'),(1378,'2009-07-24',0,27,'12.0000',1,'2009-07-24','2010-07-24'),(1379,'2009-07-25',0,27,'12.0000',1,'2009-07-24','2010-07-24'),(1380,'2009-07-24',0,28,'12.0000',1,'2009-07-24','2010-07-24'),(1381,'2009-07-25',0,28,'12.0000',1,'2009-07-24','2010-07-24'),(1382,'2009-07-24',0,29,'12.0000',1,'2009-07-24','2010-07-24'),(1383,'2009-07-25',0,29,'12.0000',1,'2009-07-24','2010-07-24'),(1384,'2009-07-24',0,30,'12.0000',1,'2009-07-24','2010-07-24'),(1385,'2009-07-25',0,30,'12.0000',1,'2009-07-24','2010-07-24'),(1386,'2009-07-24',0,33,'16.0000',1,'2009-07-24','2010-07-24'),(1387,'2009-07-25',0,33,'16.0000',1,'2009-07-24','2010-07-24'),(1388,'2009-07-24',0,34,'16.0000',1,'2009-07-24','2010-07-24'),(1389,'2009-07-25',0,34,'16.0000',1,'2009-07-24','2010-07-24'),(1390,'2009-07-24',0,35,'16.0000',1,'2009-07-24','2010-07-24'),(1391,'2009-07-25',0,35,'16.0000',1,'2009-07-24','2010-07-24'),(1392,'2009-07-24',0,36,'16.0000',1,'2009-07-24','2010-07-24'),(1393,'2009-07-25',0,36,'16.0000',1,'2009-07-24','2010-07-24'),(1394,'2009-07-24',0,37,'16.0000',1,'2009-07-24','2010-07-24'),(1395,'2009-07-25',0,37,'16.0000',1,'2009-07-24','2010-07-24'),(1396,'2009-07-24',0,39,'9.6000',1,'2009-07-24','2010-07-24'),(1397,'2009-07-25',0,39,'9.6000',1,'2009-07-24','2010-07-24'),(1398,'2009-07-24',1,2,'12.0000',1,'2009-07-24','2010-07-24'),(1399,'2009-07-25',1,2,'12.0000',1,'2009-07-24','2010-07-24'),(1400,'2009-07-24',1,3,'12.0000',1,'2009-07-24','2010-07-24'),(1401,'2009-07-25',1,3,'12.0000',1,'2009-07-24','2010-07-24'),(1402,'2009-07-24',1,5,'16.0000',1,'2009-07-24','2010-07-24'),(1403,'2009-07-25',1,5,'16.0000',1,'2009-07-24','2010-07-24'),(1404,'2009-07-24',1,6,'16.0000',1,'2009-07-24','2010-07-24'),(1405,'2009-07-25',1,6,'16.0000',1,'2009-07-24','2010-07-24'),(1406,'2009-07-24',1,8,'10.4000',1,'2009-07-24','2010-07-24'),(1407,'2009-07-25',1,8,'10.4000',1,'2009-07-24','2010-07-24'),(1408,'2009-07-24',1,9,'10.4000',1,'2009-07-24','2010-07-24'),(1409,'2009-07-25',1,9,'10.4000',1,'2009-07-24','2010-07-24'),(1410,'2009-07-24',1,10,'10.4000',1,'2009-07-24','2010-07-24'),(1411,'2009-07-25',1,10,'10.4000',1,'2009-07-24','2010-07-24'),(1412,'2009-07-24',1,11,'10.4000',1,'2009-07-24','2010-07-24'),(1413,'2009-07-25',1,11,'10.4000',1,'2009-07-24','2010-07-24'),(1414,'2009-07-24',1,12,'10.4000',1,'2009-07-24','2010-07-24'),(1415,'2009-07-25',1,12,'10.4000',1,'2009-07-24','2010-07-24'),(1416,'2009-07-24',1,13,'10.4000',1,'2009-07-24','2010-07-24'),(1417,'2009-07-25',1,13,'10.4000',1,'2009-07-24','2010-07-24'),(1418,'2009-07-24',1,14,'10.4000',1,'2009-07-24','2010-07-24'),(1419,'2009-07-25',1,14,'10.4000',1,'2009-07-24','2010-07-24'),(1420,'2009-07-24',1,15,'10.4000',1,'2009-07-24','2010-07-24'),(1421,'2009-07-25',1,15,'10.4000',1,'2009-07-24','2010-07-24'),(1422,'2009-07-24',1,16,'10.4000',1,'2009-07-24','2010-07-24'),(1423,'2009-07-25',1,16,'10.4000',1,'2009-07-24','2010-07-24'),(1424,'2009-07-24',1,17,'16.0000',1,'2009-07-24','2010-07-24'),(1425,'2009-07-25',1,17,'16.0000',1,'2009-07-24','2010-07-24'),(1426,'2009-07-24',1,18,'16.0000',1,'2009-07-24','2010-07-24'),(1427,'2009-07-25',1,18,'16.0000',1,'2009-07-24','2010-07-24'),(1428,'2009-07-24',1,19,'16.0000',1,'2009-07-24','2010-07-24'),(1429,'2009-07-25',1,19,'16.0000',1,'2009-07-24','2010-07-24'),(1430,'2009-07-24',1,21,'12.0000',1,'2009-07-24','2010-07-24'),(1431,'2009-07-25',1,21,'12.0000',1,'2009-07-24','2010-07-24'),(1432,'2009-07-24',1,22,'12.0000',1,'2009-07-24','2010-07-24'),(1433,'2009-07-25',1,22,'12.0000',1,'2009-07-24','2010-07-24'),(1434,'2009-07-24',1,23,'12.0000',1,'2009-07-24','2010-07-24'),(1435,'2009-07-25',1,23,'12.0000',1,'2009-07-24','2010-07-24'),(1436,'2009-07-24',1,24,'12.0000',1,'2009-07-24','2010-07-24'),(1437,'2009-07-25',1,24,'12.0000',1,'2009-07-24','2010-07-24'),(1438,'2009-07-24',1,25,'12.0000',1,'2009-07-24','2010-07-24'),(1439,'2009-07-25',1,25,'12.0000',1,'2009-07-24','2010-07-24'),(1440,'2009-07-24',1,26,'12.0000',1,'2009-07-24','2010-07-24'),(1441,'2009-07-25',1,26,'12.0000',1,'2009-07-24','2010-07-24'),(1442,'2009-07-24',1,27,'12.0000',1,'2009-07-24','2010-07-24'),(1443,'2009-07-25',1,27,'12.0000',1,'2009-07-24','2010-07-24'),(1444,'2009-07-24',1,28,'12.0000',1,'2009-07-24','2010-07-24'),(1445,'2009-07-25',1,28,'12.0000',1,'2009-07-24','2010-07-24'),(1446,'2009-07-24',1,29,'12.0000',1,'2009-07-24','2010-07-24'),(1447,'2009-07-25',1,29,'12.0000',1,'2009-07-24','2010-07-24'),(1448,'2009-07-24',1,30,'12.0000',1,'2009-07-24','2010-07-24'),(1449,'2009-07-25',1,30,'12.0000',1,'2009-07-24','2010-07-24'),(1450,'2009-07-24',1,33,'16.0000',1,'2009-07-24','2010-07-24'),(1451,'2009-07-25',1,33,'16.0000',1,'2009-07-24','2010-07-24'),(1452,'2009-07-24',1,34,'16.0000',1,'2009-07-24','2010-07-24'),(1453,'2009-07-25',1,34,'16.0000',1,'2009-07-24','2010-07-24'),(1454,'2009-07-24',1,35,'16.0000',1,'2009-07-24','2010-07-24'),(1455,'2009-07-25',1,35,'16.0000',1,'2009-07-24','2010-07-24'),(1456,'2009-07-24',1,36,'16.0000',1,'2009-07-24','2010-07-24'),(1457,'2009-07-25',1,36,'16.0000',1,'2009-07-24','2010-07-24'),(1458,'2009-07-24',1,37,'16.0000',1,'2009-07-24','2010-07-24'),(1459,'2009-07-25',1,37,'16.0000',1,'2009-07-24','2010-07-24'),(1460,'2009-07-24',1,39,'9.6000',1,'2009-07-24','2010-07-24'),(1461,'2009-07-25',1,39,'9.6000',1,'2009-07-24','2010-07-24'),(1462,'2009-07-24',2,2,'6.0000',1,'2009-07-24','2010-02-07'),(1463,'2009-07-25',2,2,'6.0000',1,'2009-07-24','2010-02-07'),(1464,'2009-07-23',2,2,'7.5000',1,'2009-02-07','2010-02-07'),(1465,'2009-07-24',2,3,'6.0000',1,'2009-07-24','2010-02-07'),(1466,'2009-07-25',2,3,'6.0000',1,'2009-07-24','2010-02-07'),(1467,'2009-07-23',2,3,'7.5000',1,'2009-02-07','2010-02-07'),(1468,'2009-07-24',2,5,'8.0000',1,'2009-07-24','2010-02-07'),(1469,'2009-07-25',2,5,'8.0000',1,'2009-07-24','2010-02-07'),(1470,'2009-07-23',2,5,'10.0000',1,'2009-02-07','2010-02-07'),(1471,'2009-07-24',2,6,'8.0000',1,'2009-07-24','2010-02-07'),(1472,'2009-07-25',2,6,'8.0000',1,'2009-07-24','2010-02-07'),(1473,'2009-07-23',2,6,'10.0000',1,'2009-02-07','2010-02-07'),(1474,'2009-07-24',2,8,'5.2000',1,'2009-07-24','2010-02-07'),(1475,'2009-07-25',2,8,'5.2000',1,'2009-07-24','2010-02-07'),(1476,'2009-07-23',2,8,'6.5000',1,'2009-02-07','2010-02-07'),(1477,'2009-07-24',2,9,'5.2000',1,'2009-07-24','2010-02-07'),(1478,'2009-07-25',2,9,'5.2000',1,'2009-07-24','2010-02-07'),(1479,'2009-07-23',2,9,'6.5000',1,'2009-02-07','2010-02-07'),(1480,'2009-07-24',2,10,'5.2000',1,'2009-07-24','2010-02-07'),(1481,'2009-07-25',2,10,'5.2000',1,'2009-07-24','2010-02-07'),(1482,'2009-07-23',2,10,'6.5000',1,'2009-02-07','2010-02-07'),(1483,'2009-07-24',2,11,'5.2000',1,'2009-07-24','2010-02-07'),(1484,'2009-07-25',2,11,'5.2000',1,'2009-07-24','2010-02-07'),(1485,'2009-07-23',2,11,'6.5000',1,'2009-02-07','2010-02-07'),(1486,'2009-07-24',2,12,'5.2000',1,'2009-07-24','2010-02-07'),(1487,'2009-07-25',2,12,'5.2000',1,'2009-07-24','2010-02-07'),(1488,'2009-07-23',2,12,'6.5000',1,'2009-02-07','2010-02-07'),(1489,'2009-07-24',2,13,'5.2000',1,'2009-07-24','2010-02-07'),(1490,'2009-07-25',2,13,'5.2000',1,'2009-07-24','2010-02-07'),(1491,'2009-07-23',2,13,'6.5000',1,'2009-02-07','2010-02-07'),(1492,'2009-07-24',2,14,'5.2000',1,'2009-07-24','2010-02-07'),(1493,'2009-07-25',2,14,'5.2000',1,'2009-07-24','2010-02-07'),(1494,'2009-07-23',2,14,'6.5000',1,'2009-02-07','2010-02-07'),(1495,'2009-07-24',2,15,'5.2000',1,'2009-07-24','2010-02-07'),(1496,'2009-07-25',2,15,'5.2000',1,'2009-07-24','2010-02-07'),(1497,'2009-07-23',2,15,'6.5000',1,'2009-02-07','2010-02-07'),(1498,'2009-07-24',2,16,'5.2000',1,'2009-07-24','2010-02-07'),(1499,'2009-07-25',2,16,'5.2000',1,'2009-07-24','2010-02-07'),(1500,'2009-07-23',2,16,'6.5000',1,'2009-02-07','2010-02-07'),(1501,'2009-07-24',2,17,'8.0000',1,'2009-07-24','2010-02-07'),(1502,'2009-07-25',2,17,'8.0000',1,'2009-07-24','2010-02-07'),(1503,'2009-07-23',2,17,'10.0000',1,'2009-02-07','2010-02-07'),(1504,'2009-07-24',2,18,'8.0000',1,'2009-07-24','2010-02-07'),(1505,'2009-07-25',2,18,'8.0000',1,'2009-07-24','2010-02-07'),(1506,'2009-07-23',2,18,'10.0000',1,'2009-02-07','2010-02-07'),(1507,'2009-07-24',2,19,'8.0000',1,'2009-07-24','2010-02-07'),(1508,'2009-07-25',2,19,'8.0000',1,'2009-07-24','2010-02-07'),(1509,'2009-07-23',2,19,'10.0000',1,'2009-02-07','2010-02-07'),(1510,'2009-07-24',2,21,'6.0000',1,'2009-07-24','2010-02-07'),(1511,'2009-07-25',2,21,'6.0000',1,'2009-07-24','2010-02-07'),(1512,'2009-07-23',2,21,'7.5000',1,'2009-02-07','2010-02-07'),(1513,'2009-07-24',2,22,'6.0000',1,'2009-07-24','2010-02-07'),(1514,'2009-07-25',2,22,'6.0000',1,'2009-07-24','2010-02-07'),(1515,'2009-07-23',2,22,'7.5000',1,'2009-02-07','2010-02-07'),(1516,'2009-07-24',2,23,'6.0000',1,'2009-07-24','2010-02-07'),(1517,'2009-07-25',2,23,'6.0000',1,'2009-07-24','2010-02-07'),(1518,'2009-07-23',2,23,'7.5000',1,'2009-02-07','2010-02-07'),(1519,'2009-07-24',2,24,'6.0000',1,'2009-07-24','2010-02-07'),(1520,'2009-07-25',2,24,'6.0000',1,'2009-07-24','2010-02-07'),(1521,'2009-07-23',2,24,'7.5000',1,'2009-02-07','2010-02-07'),(1522,'2009-07-24',2,25,'6.0000',1,'2009-07-24','2010-02-07'),(1523,'2009-07-25',2,25,'6.0000',1,'2009-07-24','2010-02-07'),(1524,'2009-07-23',2,25,'7.5000',1,'2009-02-07','2010-02-07'),(1525,'2009-07-24',2,26,'6.0000',1,'2009-07-24','2010-02-07'),(1526,'2009-07-25',2,26,'6.0000',1,'2009-07-24','2010-02-07'),(1527,'2009-07-23',2,26,'7.5000',1,'2009-02-07','2010-02-07'),(1528,'2009-07-24',2,27,'6.0000',1,'2009-07-24','2010-02-07'),(1529,'2009-07-25',2,27,'6.0000',1,'2009-07-24','2010-02-07'),(1530,'2009-07-23',2,27,'7.5000',1,'2009-02-07','2010-02-07'),(1531,'2009-07-24',2,28,'6.0000',1,'2009-07-24','2010-02-07'),(1532,'2009-07-25',2,28,'6.0000',1,'2009-07-24','2010-02-07'),(1533,'2009-07-23',2,28,'7.5000',1,'2009-02-07','2010-02-07'),(1534,'2009-07-24',2,29,'6.0000',1,'2009-07-24','2010-02-07'),(1535,'2009-07-25',2,29,'6.0000',1,'2009-07-24','2010-02-07'),(1536,'2009-07-23',2,29,'7.5000',1,'2009-02-07','2010-02-07'),(1537,'2009-07-24',2,30,'6.0000',1,'2009-07-24','2010-02-07'),(1538,'2009-07-25',2,30,'6.0000',1,'2009-07-24','2010-02-07'),(1539,'2009-07-23',2,30,'7.5000',1,'2009-02-07','2010-02-07'),(1540,'2009-07-24',2,33,'8.0000',1,'2009-07-24','2010-02-07'),(1541,'2009-07-25',2,33,'8.0000',1,'2009-07-24','2010-02-07'),(1542,'2009-07-23',2,33,'10.0000',1,'2009-02-07','2010-02-07'),(1543,'2009-07-24',2,34,'8.0000',1,'2009-07-24','2010-02-07'),(1544,'2009-07-25',2,34,'8.0000',1,'2009-07-24','2010-02-07'),(1545,'2009-07-23',2,34,'10.0000',1,'2009-02-07','2010-02-07'),(1546,'2009-07-24',2,35,'8.0000',1,'2009-07-24','2010-02-07'),(1547,'2009-07-25',2,35,'8.0000',1,'2009-07-24','2010-02-07'),(1548,'2009-07-23',2,35,'10.0000',1,'2009-02-07','2010-02-07'),(1549,'2009-07-24',2,36,'8.0000',1,'2009-07-24','2010-02-07'),(1550,'2009-07-25',2,36,'8.0000',1,'2009-07-24','2010-02-07'),(1551,'2009-07-23',2,36,'10.0000',1,'2009-02-07','2010-02-07'),(1552,'2009-07-24',2,37,'8.0000',1,'2009-07-24','2010-02-07'),(1553,'2009-07-25',2,37,'8.0000',1,'2009-07-24','2010-02-07'),(1554,'2009-07-23',2,37,'10.0000',1,'2009-02-07','2010-02-07'),(1555,'2009-07-24',2,39,'4.8000',1,'2009-07-24','2010-02-07'),(1556,'2009-07-25',2,39,'4.8000',1,'2009-07-24','2010-02-07'),(1557,'2009-07-23',2,39,'6.0000',1,'2009-02-07','2010-02-07'),(1558,'2009-07-24',3,2,'12.0000',1,'2009-07-24','2010-07-24'),(1559,'2009-07-25',3,2,'12.0000',1,'2009-07-24','2010-07-24'),(1560,'2009-07-24',3,3,'12.0000',1,'2009-07-24','2010-07-24'),(1561,'2009-07-25',3,3,'12.0000',1,'2009-07-24','2010-07-24'),(1562,'2009-07-24',3,5,'16.0000',1,'2009-07-24','2010-07-24'),(1563,'2009-07-25',3,5,'16.0000',1,'2009-07-24','2010-07-24'),(1564,'2009-07-24',3,6,'16.0000',1,'2009-07-24','2010-07-24'),(1565,'2009-07-25',3,6,'16.0000',1,'2009-07-24','2010-07-24'),(1566,'2009-07-24',3,8,'10.4000',1,'2009-07-24','2010-07-24'),(1567,'2009-07-25',3,8,'10.4000',1,'2009-07-24','2010-07-24'),(1568,'2009-07-24',3,9,'10.4000',1,'2009-07-24','2010-07-24'),(1569,'2009-07-25',3,9,'10.4000',1,'2009-07-24','2010-07-24'),(1570,'2009-07-24',3,10,'10.4000',1,'2009-07-24','2010-07-24'),(1571,'2009-07-25',3,10,'10.4000',1,'2009-07-24','2010-07-24'),(1572,'2009-07-24',3,11,'10.4000',1,'2009-07-24','2010-07-24'),(1573,'2009-07-25',3,11,'10.4000',1,'2009-07-24','2010-07-24'),(1574,'2009-07-24',3,12,'10.4000',1,'2009-07-24','2010-07-24'),(1575,'2009-07-25',3,12,'10.4000',1,'2009-07-24','2010-07-24'),(1576,'2009-07-24',3,13,'10.4000',1,'2009-07-24','2010-07-24'),(1577,'2009-07-25',3,13,'10.4000',1,'2009-07-24','2010-07-24'),(1578,'2009-07-24',3,14,'10.4000',1,'2009-07-24','2010-07-24'),(1579,'2009-07-25',3,14,'10.4000',1,'2009-07-24','2010-07-24'),(1580,'2009-07-24',3,15,'10.4000',1,'2009-07-24','2010-07-24'),(1581,'2009-07-25',3,15,'10.4000',1,'2009-07-24','2010-07-24'),(1582,'2009-07-24',3,16,'10.4000',1,'2009-07-24','2010-07-24'),(1583,'2009-07-25',3,16,'10.4000',1,'2009-07-24','2010-07-24'),(1584,'2009-07-24',3,17,'16.0000',1,'2009-07-24','2010-07-24'),(1585,'2009-07-25',3,17,'16.0000',1,'2009-07-24','2010-07-24'),(1586,'2009-07-24',3,18,'16.0000',1,'2009-07-24','2010-07-24'),(1587,'2009-07-25',3,18,'16.0000',1,'2009-07-24','2010-07-24'),(1588,'2009-07-24',3,19,'16.0000',1,'2009-07-24','2010-07-24'),(1589,'2009-07-25',3,19,'16.0000',1,'2009-07-24','2010-07-24'),(1590,'2009-07-24',3,21,'12.0000',1,'2009-07-24','2010-07-24'),(1591,'2009-07-25',3,21,'12.0000',1,'2009-07-24','2010-07-24'),(1592,'2009-07-24',3,22,'12.0000',1,'2009-07-24','2010-07-24'),(1593,'2009-07-25',3,22,'12.0000',1,'2009-07-24','2010-07-24'),(1594,'2009-07-24',3,23,'12.0000',1,'2009-07-24','2010-07-24'),(1595,'2009-07-25',3,23,'12.0000',1,'2009-07-24','2010-07-24'),(1596,'2009-07-24',3,24,'12.0000',1,'2009-07-24','2010-07-24'),(1597,'2009-07-25',3,24,'12.0000',1,'2009-07-24','2010-07-24'),(1598,'2009-07-24',3,25,'12.0000',1,'2009-07-24','2010-07-24'),(1599,'2009-07-25',3,25,'12.0000',1,'2009-07-24','2010-07-24'),(1600,'2009-07-24',3,26,'12.0000',1,'2009-07-24','2010-07-24'),(1601,'2009-07-25',3,26,'12.0000',1,'2009-07-24','2010-07-24'),(1602,'2009-07-24',3,27,'12.0000',1,'2009-07-24','2010-07-24'),(1603,'2009-07-25',3,27,'12.0000',1,'2009-07-24','2010-07-24'),(1604,'2009-07-24',3,28,'12.0000',1,'2009-07-24','2010-07-24'),(1605,'2009-07-25',3,28,'12.0000',1,'2009-07-24','2010-07-24'),(1606,'2009-07-24',3,29,'12.0000',1,'2009-07-24','2010-07-24'),(1607,'2009-07-25',3,29,'12.0000',1,'2009-07-24','2010-07-24'),(1608,'2009-07-24',3,30,'12.0000',1,'2009-07-24','2010-07-24'),(1609,'2009-07-25',3,30,'12.0000',1,'2009-07-24','2010-07-24'),(1610,'2009-07-24',3,33,'16.0000',1,'2009-07-24','2010-07-24'),(1611,'2009-07-25',3,33,'16.0000',1,'2009-07-24','2010-07-24'),(1612,'2009-07-24',3,34,'16.0000',1,'2009-07-24','2010-07-24'),(1613,'2009-07-25',3,34,'16.0000',1,'2009-07-24','2010-07-24'),(1614,'2009-07-24',3,35,'16.0000',1,'2009-07-24','2010-07-24'),(1615,'2009-07-25',3,35,'16.0000',1,'2009-07-24','2010-07-24'),(1616,'2009-07-24',3,36,'16.0000',1,'2009-07-24','2010-07-24'),(1617,'2009-07-25',3,36,'16.0000',1,'2009-07-24','2010-07-24'),(1618,'2009-07-24',3,37,'16.0000',1,'2009-07-24','2010-07-24'),(1619,'2009-07-25',3,37,'16.0000',1,'2009-07-24','2010-07-24'),(1620,'2009-07-24',3,39,'9.6000',1,'2009-07-24','2010-07-24'),(1621,'2009-07-25',3,39,'9.6000',1,'2009-07-24','2010-07-24');

--
-- Table structure for table `catalogsearch_fulltext`
--

CREATE TABLE `catalogsearch_fulltext` (
  `product_id` int(10) unsigned NOT NULL,
  `store_id` smallint(5) unsigned NOT NULL,
  `data_index` longtext NOT NULL,
  PRIMARY KEY  (`product_id`,`store_id`),
  FULLTEXT KEY `data_index` (`data_index`)
) ENGINE=MyISAM DEFAULT CHARSET=utf8;

--
-- Dumping data for table `catalogsearch_fulltext`
--

INSERT INTO `catalogsearch_fulltext` VALUES (33,1,'Bullet Concealer - 1 Enabled Taxable Goods 1 Bullet Concealer - 1 Bullet Concealer - 1'),(37,1,'Bullet Concealer - 5 Enabled Taxable Goods 5 Bullet Concealer - 5 Bullet Concealer - 5'),(39,1,'Lipgloss-platinum Enabled Taxable Goods platinum Platinum Lipgloss Platinum Lipgloss'),(38,1,'platinumdes01 Enabled Platinum Our botanically-formulated, high-shine gloss and lip plumper restores collagen and other amino acids in your lips to re-energize the protein strands. The result is a smoother and more defined lip that is also fuller and firmer in texture. Clinical tests prove an increased lip volume by up to 40% with continued use. High pearl saturation gives your lips a micro-thin layer of light reflecting sparkle long after you put it on. The super smooth non tacky formula is great by itself or over one of our lip colors. Our botanically-formulated, high-shine gloss and lip plumper restores collagen and other amino acids in your lips to re-energize the protein strands. The result is a smoother and more defined lip that is also fuller and firmer in texture. Clinical tests prove an increased lip volume by up to 40% with continued use. High pearl saturation gives your lips a micro-thin layer of light reflecting sparkle long after you put it on. The super smooth non tacky formula is great by itself or over one of our lip colors. Enabled Taxable Goods platinum Platinum Lipgloss Platinum Lipgloss'),(2,1,'Silver pearls-Dot Dash Enabled Taxable Goods dot dash Silver pearls-Dot Dash Silver pearls-Dot Dash'),(3,1,'Silver Pearls-Sphere Enabled Taxable Goods sphere Silver Pearls-Sphere Silver Pearls-Sphere'),(4,1,'0002 Enabled TITAN The TITAN is mojo cosmetics\' flagship product and very first to market. It’s been in over 120 magazines and websites. This revolutionary heat and crush resistant refillable lipstick and concealer looks great and allows the user to attach it to their keys, necklace, silver pearls, belt loop, just about anything they desire. It’s heat resistant to ensure your lipstick won’t melt as long as it’s kept out of direct sunlight. Made from laser etched aerospace grade alloy with 180 degree counter directional threads so it won\'t come open in your purse. Unscrew the bottom and pop in a new concealer or lipstick bullet and you’re ready to go. Available in titanium grey and pink alloy. The TITAN is mojo cosmetics\' flagship product and very first to market. It’s been in over 120 magazines and websites. This revolutionary heat and crush resistant refillable lipstick and concealer looks great and allows the user to attach it to their keys, necklace, silver pearls, belt loop, just about anything they desire. It’s heat resistant to ensure your lipstick won’t melt as long as it’s kept out of direct sunlight. Made from laser etched aerospace grade alloy with 180 degree counter directional threads so it won\'t come open in your purse. Unscrew the bottom and pop in a new concealer or lipstick bullet and you’re ready to go. Available in titanium grey and pink alloy. Enabled Taxable Goods pink alloy TITAN-Pink Alloy TITAN-Pink Alloy Enabled Taxable Goods titanium grey TITAN-Titanium Grey TITAN-Titanium Grey'),(7,1,'0003 Enabled Lacquers Mojo lacquers provide luxurious long wear color and a knockout shine. They’re color matched to our refillable lipsticks and even have a platinum non pigmented super pearl topcoat so you can get that same brilliant shine found in our lipgloss/plumper. Our fast drying, anti-chip nail lacquers contain no toluene, formaldehyde or dpb. Every nail color we carry contains botanical nail hardeners so your nails will become noticeably stronger within weeks. The cap is made from machine spun aerospace grade alloy and has a beautiful balance and weight. Mojo lacquers provide luxurious long wear color and a knockout shine. They’re color matched to our refillable lipsticks and even have a platinum non pigmented super pearl topcoat so you can get that same brilliant shine found in our lipgloss/plumper. Our fast drying, anti-chip nail lacquers contain no toluene, formaldehyde or dpb. Every nail color we carry contains botanical nail hardeners so your nails will become noticeably stronger within weeks. The cap is made from machine spun aerospace grade alloy and has a beautiful balance and weight. Enabled Taxable Goods Conviction Lacquers - Conviction Lacquers - Conviction Enabled Taxable Goods Delusion Lacquers - Delusion Lacquers - Delusion Enabled Taxable Goods Diabolic Lacquers - Diabolic Lacquers - Diabolic Enabled Taxable Goods Dubai Lacquers - Dubai Lacquers - Dubai Enabled Taxable Goods Dune Lacquers - Dune Lacquers - Dune Enabled Taxable Goods Forbidden Lacquers - Forbidden Lacquers - Forbidden Enabled Taxable Goods Pinup Lacquers - Pinup Lacquers - Pinup Enabled Taxable Goods Platinum Lacquers - Platinum Lacquers - Platinum Enabled Taxable Goods Suede Lacquers - Suede Lacquers - Suede'),(31,1,'0006 Enabled Bullet Lipsticks Mojo bullet inserts are botanically formulated refills for our award winning TITAN refillable lipstick and concealers. Bullet lipstick refills come in a beautiful range of high pigmented wearable colors and apply with an ultra smooth glide. There is a slight vanilla mint scent along with a cooling tingle. Case is made from machined laser etched aircraft alloy. Mojo bullet inserts are botanically formulated refills for our award winning TITAN refillable lipstick and concealers. Bullet lipstick refills come in a beautiful range of high pigmented wearable colors and apply with an ultra smooth glide. There is a slight vanilla mint scent along with a cooling tingle. Case is made from machined laser etched aircraft alloy. Enabled Taxable Goods Caliber Bullet - Caliber Bullet - Caliber Enabled Taxable Goods Conviction Bullet - Conviction Bullet - Conviction Enabled Taxable Goods Delusion Bullet - Delusion Bullet - Delusion Enabled Taxable Goods Diabolic Bullet - Diabolic Bullet - Diabolic Enabled Taxable Goods Dubai Bullet - Dubai Bullet - Dubai Enabled Taxable Goods Dune Bullet - Dune Bullet - Dune Enabled Taxable Goods Pinup Bullet - Pinup Bullet - Pinup Enabled Taxable Goods Suede Bullet - Suede Bullet - Suede Enabled Taxable Goods Tirade Bullet - Tirade Bullet - Tirade Enabled Taxable Goods Mojo lip therapy Bullet - Mojo lip therapy Bullet - Mojo lip therapy'),(48,1,'LP-6 DEEP MIDNIGHT BLUE Enabled Taxable Goods LP-6 DEEP MIDNIGHT BLUE LP-6 DEEP MIDNIGHT BLUE loose mineral pigment LP-6 DEEP MIDNIGHT BLUE loose mineral pigment'),(49,1,'LP-7 CHAMPAGNE WITH SUBTLE SHIMMER Enabled Taxable Goods LP-7 CHAMPAGNE WITH SUBTLE SHIMMER LP-7 CHAMPAGNE WITH SUBTLE SHIMMER loose mineral pigment LP-7 CHAMPAGNE WITH SUBTLE SHIMMER loose mineral pigment'),(1,3,'0001 Enabled silver pearls Silver pearls are a great addition to any TITAN. These beautiful chains can be worn as a traditional necklace, or resized down to 1 inch long as an extra loop to attach the TITAN to a purse, belt loop, just about anything. Silver Pearls come in two sizes and styles, dot dash, and sphere (pictured) Dot dash style: 38 inches long and has a 3.2mm diameter. Sphere style: 30inches long and has a diameter of 4mm. TITAN and bullet not included. Silver pearls are a great addition to any TITAN. These beautiful chains can be worn as a traditional necklace, or resized down to 1 inch long as an extra loop to attach the TITAN to a purse, belt loop, just about anything. Silver Pearls come in two sizes and styles, dot dash, and sphere (pictured) Dot dash style: 38 inches long and has a 3.2mm diameter. Sphere style: 30inches long and has a diameter of 4mm. TITAN and bullet not included. Enabled Taxable Goods dot dash Silver pearls-Dot Dash Silver pearls-Dot Dash Enabled Taxable Goods sphere Silver Pearls-Sphere Silver Pearls-Sphere'),(4,3,'0002 Enabled TITAN The TITAN is mojo cosmetics\' flagship product and very first to market. It’s been in over 120 magazines and websites. This revolutionary heat and crush resistant refillable lipstick and concealer looks great and allows the user to attach it to their keys, necklace, silver pearls, belt loop, just about anything they desire. It’s heat resistant to ensure your lipstick won’t melt as long as it’s kept out of direct sunlight. Made from laser etched aerospace grade alloy with 180 degree counter directional threads so it won\'t come open in your purse. Unscrew the bottom and pop in a new concealer or lipstick bullet and you’re ready to go. Available in titanium grey and pink alloy. The TITAN is mojo cosmetics\' flagship product and very first to market. It’s been in over 120 magazines and websites. This revolutionary heat and crush resistant refillable lipstick and concealer looks great and allows the user to attach it to their keys, necklace, silver pearls, belt loop, just about anything they desire. It’s heat resistant to ensure your lipstick won’t melt as long as it’s kept out of direct sunlight. Made from laser etched aerospace grade alloy with 180 degree counter directional threads so it won\'t come open in your purse. Unscrew the bottom and pop in a new concealer or lipstick bullet and you’re ready to go. Available in titanium grey and pink alloy. Enabled Taxable Goods pink alloy TITAN-Pink Alloy TITAN-Pink Alloy Enabled Taxable Goods titanium grey TITAN-Titanium Grey TITAN-Titanium Grey'),(7,3,'0003 Enabled Lacquers Mojo lacquers provide luxurious long wear color and a knockout shine. They’re color matched to our refillable lipsticks and even have a platinum non pigmented super pearl topcoat so you can get that same brilliant shine found in our lipgloss/plumper. Our fast drying, anti-chip nail lacquers contain no toluene, formaldehyde or dpb. Every nail color we carry contains botanical nail hardeners so your nails will become noticeably stronger within weeks. The cap is made from machine spun aerospace grade alloy and has a beautiful balance and weight. Mojo lacquers provide luxurious long wear color and a knockout shine. They’re color matched to our refillable lipsticks and even have a platinum non pigmented super pearl topcoat so you can get that same brilliant shine found in our lipgloss/plumper. Our fast drying, anti-chip nail lacquers contain no toluene, formaldehyde or dpb. Every nail color we carry contains botanical nail hardeners so your nails will become noticeably stronger within weeks. The cap is made from machine spun aerospace grade alloy and has a beautiful balance and weight. Enabled Taxable Goods Conviction Lacquers - Conviction Lacquers - Conviction Enabled Taxable Goods Delusion Lacquers - Delusion Lacquers - Delusion Enabled Taxable Goods Diabolic Lacquers - Diabolic Lacquers - Diabolic Enabled Taxable Goods Dubai Lacquers - Dubai Lacquers - Dubai Enabled Taxable Goods Dune Lacquers - Dune Lacquers - Dune Enabled Taxable Goods Forbidden Lacquers - Forbidden Lacquers - Forbidden Enabled Taxable Goods Pinup Lacquers - Pinup Lacquers - Pinup Enabled Taxable Goods Platinum Lacquers - Platinum Lacquers - Platinum Enabled Taxable Goods Suede Lacquers - Suede Lacquers - Suede'),(20,3,'0005 Enabled Pods Pods by mojo cosmetics contain creamy luxe eye powders that go on slightly moist and dry to a powder finish. Our high pigmented eye colors are extremely blend able and water resistant so you’ll never have to worry about reapplying throughout the day. As with all of our products our eye shadows are botanically formulated with a & e, chamomile, aloe and a host of other great ingredients to keep your skin hydrated and your eyes looking sultry. Best of all, the pods are stackable, laser etched, and made out of the same high quality aircraft alloy as our other products. Pods by mojo cosmetics contain creamy luxe eye powders that go on slightly moist and dry to a powder finish. Our high pigmented eye colors are extremely blend able and water resistant so you’ll never have to worry about reapplying throughout the day. As with all of our products our eye shadows are botanically formulated with a & e, chamomile, aloe and a host of other great ingredients to keep your skin hydrated and your eyes looking sultry. Best of all, the pods are stackable, laser etched, and made out of the same high quality aircraft alloy as our other products. Enabled Taxable Goods Blossom Pod - Blossom Pod - Blossom Enabled Taxable Goods Obsidian Pod - Obsidian Pod - Obsidian Enabled Taxable Goods Vintage Pod - Vintage Pod - Vintage'),(31,3,'0006 Enabled Bullet Lipsticks Mojo bullet inserts are botanically formulated refills for our award winning TITAN refillable lipstick and concealers. Bullet lipstick refills come in a beautiful range of high pigmented wearable colors and apply with an ultra smooth glide. There is a slight vanilla mint scent along with a cooling tingle. Case is made from machined laser etched aircraft alloy. Mojo bullet inserts are botanically formulated refills for our award winning TITAN refillable lipstick and concealers. Bullet lipstick refills come in a beautiful range of high pigmented wearable colors and apply with an ultra smooth glide. There is a slight vanilla mint scent along with a cooling tingle. Case is made from machined laser etched aircraft alloy. Enabled Taxable Goods Caliber Bullet - Caliber Bullet - Caliber Enabled Taxable Goods Conviction Bullet - Conviction Bullet - Conviction Enabled Taxable Goods Delusion Bullet - Delusion Bullet - Delusion Enabled Taxable Goods Diabolic Bullet - Diabolic Bullet - Diabolic Enabled Taxable Goods Dubai Bullet - Dubai Bullet - Dubai Enabled Taxable Goods Dune Bullet - Dune Bullet - Dune Enabled Taxable Goods Pinup Bullet - Pinup Bullet - Pinup Enabled Taxable Goods Suede Bullet - Suede Bullet - Suede Enabled Taxable Goods Tirade Bullet - Tirade Bullet - Tirade Enabled Taxable Goods Mojo lip therapy Bullet - Mojo lip therapy Bullet - Mojo lip therapy'),(32,3,'0007 Enabled Bullet Concealers Bullet concealer refills provide an ultra blendable botanical formulation that gives great water resistant coverage without heavy buildup. These matte refills can be used to high under eye circles, blemishes, or as additional shades of lipstick with or without platinum gloss over the top if you want a more subdued lip, a great look with smokey, sultry eyes. Case is made from machined laser etched aircraft alloy. Bullet concealer refills provide an ultra blendable botanical formulation that gives great water resistant coverage without heavy buildup. These matte refills can be used to high under eye circles, blemishes, or as additional shades of lipstick with or without platinum gloss over the top if you want a more subdued lip, a great look with smokey, sultry eyes. Case is made from machined laser etched aircraft alloy. Enabled Taxable Goods 1 Bullet Concealer - 1 Bullet Concealer - 1 Enabled Taxable Goods 2 Bullet Concealer - 2 Bullet Concealer - 2 Enabled Taxable Goods 3 Bullet Concealer - 3 Bullet Concealer - 3 Enabled Taxable Goods 4 Bullet Concealer - 4 Bullet Concealer - 4 Enabled Taxable Goods 5 Bullet Concealer - 5 Bullet Concealer - 5'),(38,3,'platinumdes01 Enabled Platinum Our botanically-formulated, high-shine gloss and lip plumper restores collagen and other amino acids in your lips to re-energize the protein strands. The result is a smoother and more defined lip that is also fuller and firmer in texture. Clinical tests prove an increased lip volume by up to 40% with continued use. High pearl saturation gives your lips a micro-thin layer of light reflecting sparkle long after you put it on. The super smooth non tacky formula is great by itself or over one of our lip colors. Our botanically-formulated, high-shine gloss and lip plumper restores collagen and other amino acids in your lips to re-energize the protein strands. The result is a smoother and more defined lip that is also fuller and firmer in texture. Clinical tests prove an increased lip volume by up to 40% with continued use. High pearl saturation gives your lips a micro-thin layer of light reflecting sparkle long after you put it on. The super smooth non tacky formula is great by itself or over one of our lip colors. Enabled Taxable Goods platinum Platinum Lipgloss Platinum Lipgloss'),(36,1,'Bullet Concealer - 4 Enabled Taxable Goods 4 Bullet Concealer - 4 Bullet Concealer - 4'),(39,3,'Lipgloss-platinum Enabled Taxable Goods platinum Platinum Lipgloss Platinum Lipgloss'),(6,1,'TITAN-Titanium Grey Enabled Taxable Goods titanium grey TITAN-Titanium Grey TITAN-Titanium Grey'),(5,1,'TITAN-Pink Alloy Enabled Taxable Goods pink alloy TITAN-Pink Alloy TITAN-Pink Alloy'),(8,1,'Lacquers - Conviction Enabled Taxable Goods Conviction Lacquers - Conviction Lacquers - Conviction'),(1,1,'0001 Enabled silver pearls Silver pearls are a great addition to any TITAN. These beautiful chains can be worn as a traditional necklace, or resized down to 1 inch long as an extra loop to attach the TITAN to a purse, belt loop, just about anything. Silver Pearls come in two sizes and styles, dot dash, and sphere (pictured) Dot dash style: 38 inches long and has a 3.2mm diameter. Sphere style: 30inches long and has a diameter of 4mm. TITAN and bullet not included. Silver pearls are a great addition to any TITAN. These beautiful chains can be worn as a traditional necklace, or resized down to 1 inch long as an extra loop to attach the TITAN to a purse, belt loop, just about anything. Silver Pearls come in two sizes and styles, dot dash, and sphere (pictured) Dot dash style: 38 inches long and has a 3.2mm diameter. Sphere style: 30inches long and has a diameter of 4mm. TITAN and bullet not included. Enabled Taxable Goods dot dash Silver pearls-Dot Dash Silver pearls-Dot Dash Enabled Taxable Goods sphere Silver Pearls-Sphere Silver Pearls-Sphere'),(19,1,'Pod - Vintage Enabled Taxable Goods Vintage Pod - Vintage Pod - Vintage'),(9,1,'Lacquers - Delusion Enabled Taxable Goods Delusion Lacquers - Delusion Lacquers - Delusion'),(10,1,'Lacquers - Diabolic Enabled Taxable Goods Diabolic Lacquers - Diabolic Lacquers - Diabolic'),(11,1,'Lacquers - Dubai Enabled Taxable Goods Dubai Lacquers - Dubai Lacquers - Dubai'),(12,1,'Lacquers - Dune Enabled Taxable Goods Dune Lacquers - Dune Lacquers - Dune'),(13,1,'Lacquers - Forbidden Enabled Taxable Goods Forbidden Lacquers - Forbidden Lacquers - Forbidden'),(14,1,'Lacquers - Pinup Enabled Taxable Goods Pinup Lacquers - Pinup Lacquers - Pinup'),(15,1,'Lacquers - Platinum Enabled Taxable Goods Platinum Lacquers - Platinum Lacquers - Platinum'),(16,1,'Lacquers - Suede Enabled Taxable Goods Suede Lacquers - Suede Lacquers - Suede'),(17,1,'Pod - Blossom Enabled Taxable Goods Blossom Pod - Blossom Pod - Blossom'),(18,1,'Pod - Obsidian Enabled Taxable Goods Obsidian Pod - Obsidian Pod - Obsidian'),(34,1,'Bullet Concealer - 2 Enabled Taxable Goods 2 Bullet Concealer - 2 Bullet Concealer - 2'),(35,1,'Bullet Concealer - 3 Enabled Taxable Goods 3 Bullet Concealer - 3 Bullet Concealer - 3'),(30,1,'Bullet - Mojo lip therapy Enabled Taxable Goods Mojo lip therapy Bullet - Mojo lip therapy Bullet - Mojo lip therapy'),(29,1,'Bullet - Tirade Enabled Taxable Goods Tirade Bullet - Tirade Bullet - Tirade'),(28,1,'Bullet - Suede Enabled Taxable Goods Suede Bullet - Suede Bullet - Suede'),(27,1,'Bullet - Pinup Enabled Taxable Goods Pinup Bullet - Pinup Bullet - Pinup'),(26,1,'Bullet - Dune Enabled Taxable Goods Dune Bullet - Dune Bullet - Dune'),(25,1,'Bullet - Dubai Enabled Taxable Goods Dubai Bullet - Dubai Bullet - Dubai'),(24,1,'Bullet - Diabolic Enabled Taxable Goods Diabolic Bullet - Diabolic Bullet - Diabolic'),(23,1,'Bullet - Delusion Enabled Taxable Goods Delusion Bullet - Delusion Bullet - Delusion'),(22,1,'Bullet - Conviction Enabled Taxable Goods Conviction Bullet - Conviction Bullet - Conviction'),(21,1,'Bullet - Caliber Enabled Taxable Goods Caliber Bullet - Caliber Bullet - Caliber'),(32,1,'0007 Enabled Bullet Concealers Bullet concealer refills provide an ultra blendable botanical formulation that gives great water resistant coverage without heavy buildup. These matte refills can be used to high under eye circles, blemishes, or as additional shades of lipstick with or without platinum gloss over the top if you want a more subdued lip, a great look with smoky, sultry eyes. Case is made from machined laser etched aircraft alloy. Bullet concealer refills provide an ultra blendable botanical formulation that gives great water resistant coverage without heavy buildup. These matte refills can be used to high under eye circles, blemishes, or as additional shades of lipstick with or without platinum gloss over the top if you want a more subdued lip, a great look with smoky, sultry eyes. Case is made from machined laser etched aircraft alloy. Enabled Taxable Goods 1 Bullet Concealer - 1 Bullet Concealer - 1 Enabled Taxable Goods 2 Bullet Concealer - 2 Bullet Concealer - 2 Enabled Taxable Goods 3 Bullet Concealer - 3 Bullet Concealer - 3 Enabled Taxable Goods 4 Bullet Concealer - 4 Bullet Concealer - 4 Enabled Taxable Goods 5 Bullet Concealer - 5 Bullet Concealer - 5'),(43,1,'Pod LP-1 MOLTON SILVER loose mineral pigment Enabled Taxable Goods LP-1 MOLTON SILVER Pod LP-1 MOLTON SILVER loose mineral pigment Pod LP-1 MOLTON SILVER loose mineral pigment'),(44,1,'Pod LP-2 COTTON CANDY PINK loose mineral pigment Enabled Taxable Goods LP-2 COTTON CANDY PINK Pod LP-2 COTTON CANDY PINK loose mineral pigment Pod LP-1 MOLTON SILVER loose mineral pigment'),(50,1,'LP-8 MULTI FACETED BLUE/PURPLE Enabled Taxable Goods LP-8 MULTI FACETED BLUE/PURPLE LP-8 MULTI FACETED BLUE/PURPLEloose mineral pigment LP-8 MULTI FACETED BLUE/PURPLEloose mineral pigment'),(45,1,'LP-3 SUPER GREEN loose mineral pigment Enabled Taxable Goods LP-3 SUPER GREEN LP-3 SUPER GREEN loose mineral pigment LP-3 SUPER GREEN loose mineral pigment'),(46,1,'LP-4 PEACHY PINK loose mineral pigment Enabled Taxable Goods LP-4 PEACHY PINK LP-4 PEACHY PINK loose mineral pigment LP-4 PEACHY PINK loose mineral pigment'),(47,1,'LP-5 WHITE HIGHLIGHER W GREEN PEARL Enabled Taxable Goods LP-5 WHITE HIGHLIGHER W GREEN PEARL LP-5 WHITE HIGHLIGHER W GREEN PEARL loose mineral pigment LP-5 WHITE HIGHLIGHER W GREEN PEARL loose mineral pigment'),(51,1,'LP-9 LIGHT GREEN APPLE WITH GOLD Enabled Taxable Goods LP-9 LIGHT GREEN APPLE WITH GOLD LP-9 LIGHT GREEN APPLE WITH GOLD loose mineral pigment LP-9 LIGHT GREEN APPLE WITH GOLD loose mineral pigment'),(52,1,'LP-10 GOLDEN BRONZE Enabled Taxable Goods LP-10 GOLDEN BRONZE LP-10 GOLDEN BRONZE loose mineral pigment LP-10 GOLDEN BRONZE loose mineral pigment'),(53,1,'LP-11 GOLDEN OLIVE Enabled Taxable Goods LP-11 GOLDEN OLIVE LP-11 GOLDEN OLIVE loose mineral pigment LP-11 GOLDEN OLIVE loose mineral pigment'),(55,1,'LP-13 SUBLE METALLIC CRANBERRY-PINK Enabled Taxable Goods LP-13 SUBLE METALLIC CRANBERRY-PINK LP-13 SUBLE METALLIC CRANBERRY-PINK loose mineral pigment LP-13 SUBLE METALLIC CRANBERRY-PINK loose mineral pigment'),(54,1,'LP-12 SMOKEY PURPLE W SLIGHT PINK Enabled Taxable Goods LP-12 SMOKEY PURPLE W SLIGHT PINK UNDERTONES LP-12 SMOKEY PURPLE W SLIGHT PINK UNDERTONES loose mineral pigment LP-12 SMOKEY PURPLE W SLIGHT PINK UNDERTONES loose mineral pigment'),(56,1,'LP-14 COPPER PENNY Enabled Taxable Goods LP-14 COPPER PENNY LP-14 COPPER PENNY loose mineral pigment LP-14 COPPER PENNY loose mineral pigment'),(57,1,'LP-15 GOLDEN PEACHY PINK Enabled Taxable Goods LP-15 GOLDEN PEACHY PINK LP-15 GOLDEN PEACHY PINK loose mineral pigment LP-15 GOLDEN PEACHY PINK loose mineral pigment'),(20,1,'0005 Enabled Pods Pods are amazing new products from mojo that come in two formulations. The first 3 cream based colors are a versatile combination of lip/cheek tint and eyeliner/shadow luxe formulations that go on slightly moist and dry to a beautiful finish. Our high pigmented colors are extremely blend able and water resistant so you’ll never have to worry about reapplying throughout the day. As with all of our products our eye shadows are botanically formulated with a & e, chamomile, aloe and a host of other great ingredients to keep your skin hydrated and your eyes looking sultry. Mojo has just also launched 20 new mineral based pure pigment shadows. The results are simply outstanding. Pods are amazing new products from mojo that come in two formulations. The first 3 cream based colors are a versatile combination of lip/cheek tint and eyeliner/shadow luxe formulations that go on slightly moist and dry to a beautiful finish. Our high pigmented colors are extremely blend able and water resistant so you’ll never have to worry about reapplying throughout the day. As with all of our products our eye shadows are botanically formulated with a & e, chamomile, aloe and a host of other great ingredients to keep your skin hydrated and your eyes looking sultry. Mojo has just also launched 20 new mineral based pure pigment shadows. The results are simply outstanding. Enabled Taxable Goods Obsidian Pod - Obsidian Pod - Obsidian Enabled Taxable Goods Vintage Pod - Vintage Pod - Vintage Enabled Taxable Goods Blossom Pod - Blossom Pod - Blossom Enabled Taxable Goods LP-1 MOLTON SILVER Pod LP-1 MOLTON SILVER loose mineral pigment Pod LP-1 MOLTON SILVER loose mineral pigment Enabled Taxable Goods LP-2 COTTON CANDY PINK Pod LP-2 COTTON CANDY PINK loose mineral pigment Pod LP-1 MOLTON SILVER loose mineral pigment Enabled Taxable Goods LP-3 SUPER GREEN LP-3 SUPER GREEN loose mineral pigment LP-3 SUPER GREEN loose mineral pigment Enabled Taxable Goods LP-4 PEACHY PINK LP-4 PEACHY PINK loose mineral pigment LP-4 PEACHY PINK loose mineral pigment Enabled Taxable Goods LP-5 WHITE HIGHLIGHER W GREEN PEARL LP-5 WHITE HIGHLIGHER W GREEN PEARL loose mineral pigment LP-5 WHITE HIGHLIGHER W GREEN PEARL loose mineral pigment Enabled Taxable Goods LP-6 DEEP MIDNIGHT BLUE LP-6 DEEP MIDNIGHT BLUE loose mineral pigment LP-6 DEEP MIDNIGHT BLUE loose mineral pigment Enabled Taxable Goods LP-7 CHAMPAGNE WITH SUBTLE SHIMMER LP-7 CHAMPAGNE WITH SUBTLE SHIMMER loose mineral pigment LP-7 CHAMPAGNE WITH SUBTLE SHIMMER loose mineral pigment Enabled Taxable Goods LP-8 MULTI FACETED BLUE/PURPLE LP-8 MULTI FACETED BLUE/PURPLEloose mineral pigment LP-8 MULTI FACETED BLUE/PURPLEloose mineral pigment Enabled Taxable Goods LP-9 LIGHT GREEN APPLE WITH GOLD LP-9 LIGHT GREEN APPLE WITH GOLD loose mineral pigment LP-9 LIGHT GREEN APPLE WITH GOLD loose mineral pigment Enabled Taxable Goods LP-10 GOLDEN BRONZE LP-10 GOLDEN BRONZE loose mineral pigment LP-10 GOLDEN BRONZE loose mineral pigment Enabled Taxable Goods LP-11 GOLDEN OLIVE LP-11 GOLDEN OLIVE loose mineral pigment LP-11 GOLDEN OLIVE loose mineral pigment Enabled Taxable Goods LP-12 SMOKEY PURPLE W SLIGHT PINK UNDERTONES LP-12 SMOKEY PURPLE W SLIGHT PINK UNDERTONES loose mineral pigment LP-12 SMOKEY PURPLE W SLIGHT PINK UNDERTONES loose mineral pigment Enabled Taxable Goods LP-13 SUBLE METALLIC CRANBERRY-PINK LP-13 SUBLE METALLIC CRANBERRY-PINK loose mineral pigment LP-13 SUBLE METALLIC CRANBERRY-PINK loose mineral pigment Enabled Taxable Goods LP-14 COPPER PENNY LP-14 COPPER PENNY loose mineral pigment LP-14 COPPER PENNY loose mineral pigment Enabled Taxable Goods LP-15 GOLDEN PEACHY PINK LP-15 GOLDEN PEACHY PINK loose mineral pigment LP-15 GOLDEN PEACHY PINK loose mineral pigment Enabled Taxable Goods LP-16 AQUA BLUE-GREEN LP-16 AQUA BLUE-GREEN loose mineral pigment LP-16 AQUA BLUE-GREEN loose mineral pigment Enabled Taxable Goods LP-17 DEEP RUST LP-17 DEEP RUST loose mineral pigment LP-17 DEEP RUST loose mineral pigment Enabled Taxable Goods LP-18 SUBLE METALLIC GOLDEN CRANBERRY LP-18 SUBLE METALLIC GOLDEN CRANBERRY loose mineral pigment LP-18 SUBLE METALLIC GOLDEN CRANBERRY loose mineral pigment Enabled Taxable Goods LP-19 CHOCOLATE BROWN WITH GOLD LP-19 CHOCOLATE BROWN WITH GOLD loose mineral pigment LP-19 CHOCOLATE BROWN WITH GOLD loose mineral pigment Enabled Taxable Goods LP-20 BRIGHT YELLOW GOLD LP-20 BRIGHT YELLOW GOLD loose mineral pigment LP-20 BRIGHT YELLOW GOLD loose mineral pigment'),(58,1,'LP-16 AQUA BLUE-GREEN Enabled Taxable Goods LP-16 AQUA BLUE-GREEN LP-16 AQUA BLUE-GREEN loose mineral pigment LP-16 AQUA BLUE-GREEN loose mineral pigment'),(59,1,'LP-17 DEEP RUST Enabled Taxable Goods LP-17 DEEP RUST LP-17 DEEP RUST loose mineral pigment LP-17 DEEP RUST loose mineral pigment'),(60,1,'LP-18 SUBLE METALLIC GOLDEN CRANBERRY Enabled Taxable Goods LP-18 SUBLE METALLIC GOLDEN CRANBERRY LP-18 SUBLE METALLIC GOLDEN CRANBERRY loose mineral pigment LP-18 SUBLE METALLIC GOLDEN CRANBERRY loose mineral pigment'),(61,1,'LP-19 CHOCOLATE BROWN WITH GOLD Enabled Taxable Goods LP-19 CHOCOLATE BROWN WITH GOLD LP-19 CHOCOLATE BROWN WITH GOLD loose mineral pigment LP-19 CHOCOLATE BROWN WITH GOLD loose mineral pigment'),(62,1,'LP-20 BRIGHT YELLOW GOLD Enabled Taxable Goods LP-20 BRIGHT YELLOW GOLD LP-20 BRIGHT YELLOW GOLD loose mineral pigment LP-20 BRIGHT YELLOW GOLD loose mineral pigment');

--
