-- Table structure for table `customer_entity_text`
--

CREATE TABLE `customer_entity_text` (
  `value_id` int(11) NOT NULL auto_increment,
  `entity_type_id` smallint(8) unsigned NOT NULL default '0',
  `attribute_id` smallint(5) unsigned NOT NULL default '0',
  `entity_id` int(10) unsigned NOT NULL default '0',
  `value` text NOT NULL,
  PRIMARY KEY  (`value_id`),
  KEY `FK_CUSTOMER_TEXT_ENTITY_TYPE` (`entity_type_id`),
  KEY `FK_CUSTOMER_TEXT_ATTRIBUTE` (`attribute_id`),
  KEY `FK_CUSTOMER_TEXT_ENTITY` (`entity_id`),
  KEY `IDX_VALUE` (`entity_id`,`attribute_id`),
  CONSTRAINT `FK_CUSTOMER_TEXT_ATTRIBUTE` FOREIGN KEY (`attribute_id`) REFERENCES `eav_attribute` (`attribute_id`) ON DELETE CASCADE ON UPDATE CASCADE,
  CONSTRAINT `FK_CUSTOMER_TEXT_ENTITY` FOREIGN KEY (`entity_id`) REFERENCES `customer_entity` (`entity_id`) ON DELETE CASCADE ON UPDATE CASCADE,
  CONSTRAINT `FK_CUSTOMER_TEXT_ENTITY_TYPE` FOREIGN KEY (`entity_type_id`) REFERENCES `eav_entity_type` (`entity_type_id`) ON DELETE CASCADE ON UPDATE CASCADE
) ENGINE=InnoDB DEFAULT CHARSET=utf8;

--
-- Dumping data for table `customer_entity_text`
--


--
-- Table structure for table `customer_entity_varchar`
--

CREATE TABLE `customer_entity_varchar` (
  `value_id` int(11) NOT NULL auto_increment,
  `entity_type_id` smallint(8) unsigned NOT NULL default '0',
  `attribute_id` smallint(5) unsigned NOT NULL default '0',
  `entity_id` int(10) unsigned NOT NULL default '0',
  `value` varchar(255) NOT NULL default '',
  PRIMARY KEY  (`value_id`),
  KEY `FK_CUSTOMER_VARCHAR_ENTITY_TYPE` (`entity_type_id`),
  KEY `FK_CUSTOMER_VARCHAR_ATTRIBUTE` (`attribute_id`),
  KEY `FK_CUSTOMER_VARCHAR_ENTITY` (`entity_id`),
  KEY `IDX_VALUE` (`entity_id`,`attribute_id`,`value`),
  CONSTRAINT `FK_CUSTOMER_VARCHAR_ATTRIBUTE` FOREIGN KEY (`attribute_id`) REFERENCES `eav_attribute` (`attribute_id`) ON DELETE CASCADE ON UPDATE CASCADE,
  CONSTRAINT `FK_CUSTOMER_VARCHAR_ENTITY` FOREIGN KEY (`entity_id`) REFERENCES `customer_entity` (`entity_id`) ON DELETE CASCADE ON UPDATE CASCADE,
  CONSTRAINT `FK_CUSTOMER_VARCHAR_ENTITY_TYPE` FOREIGN KEY (`entity_type_id`) REFERENCES `eav_entity_type` (`entity_type_id`) ON DELETE CASCADE ON UPDATE CASCADE
) ENGINE=InnoDB AUTO_INCREMENT=2400 DEFAULT CHARSET=utf8;

--
-- Dumping data for table `customer_entity_varchar`
--

INSERT INTO `customer_entity_varchar` VALUES (1,1,5,1,'Jay'),(2,1,7,1,'Black'),(4,1,3,1,'English'),(5,1,12,1,'1048ab44352ad3236ef2c73846bf6b40:xV'),(10,1,5,3,'Admin'),(11,1,7,3,'Master'),(12,1,12,3,'f75c814408f269abe9578d1d463587ae:48'),(13,1,4,3,'Mr.'),(14,1,6,3,''),(15,1,8,3,''),(16,1,3,3,'default'),(17,1,5,4,'Casey'),(18,1,7,4,'Fluster'),(19,1,12,4,'9375f36a01458e10c7487de1d5876fe0:d4'),(20,1,4,4,'Mr.'),(21,1,6,4,''),(22,1,8,4,''),(23,1,3,4,'default'),(24,1,5,5,'jamion'),(25,1,7,5,'blackwell'),(26,1,12,5,'3153c008f8076bc9abcadb2524cd5180:a0'),(27,1,4,5,'Mr.'),(28,1,6,5,''),(29,1,8,5,''),(30,1,3,5,'default'),(31,1,5,6,'Richard'),(32,1,7,6,'Tsai'),(33,1,12,6,'0cf6010402c3dabc6a8fbda6440f44ad:1f'),(34,1,4,6,'Mr.'),(35,1,6,6,''),(36,1,8,6,''),(37,1,3,6,'default'),(38,1,5,7,'Ilona'),(39,1,7,7,'Frankel'),(40,1,12,7,'d5d3c23f9b21ad352124710c1703f812:b1'),(41,1,4,7,'Ms.'),(42,1,6,7,''),(43,1,8,7,''),(44,1,3,7,'default'),(45,1,5,8,'Beth'),(46,1,7,8,'Hicks'),(47,1,12,8,'4052ce8e0620aefe53b4df3e2a272a68:36'),(48,1,4,8,'Ms.'),(49,1,6,8,''),(50,1,8,8,''),(51,1,3,8,'default'),(52,1,5,9,'Anna'),(53,1,7,9,'Leh'),(54,1,12,9,'d66dc2eec06f2ee52f32ca4fcdd3d93c:ad'),(55,1,4,9,'Ms.'),(56,1,6,9,''),(57,1,8,9,''),(58,1,3,9,'default'),(59,1,5,10,'Joanne'),(60,1,7,10,'Webster'),(61,1,12,10,'8d0af96b80c1ac246d6daff545e600f2:1o'),(62,1,4,10,'Ms.'),(63,1,6,10,''),(64,1,8,10,''),(65,1,3,10,'default'),(66,1,5,11,'Gayla'),(67,1,7,11,'Wilson'),(68,1,12,11,'1649d6b6b3968a0793813024671cf31d:88'),(69,1,4,11,'Ms.'),(70,1,6,11,''),(71,1,8,11,''),(72,1,3,11,'default'),(73,1,5,12,'Linda'),(74,1,7,12,'Kline'),(75,1,12,12,'b3a880d65c098a2ff87a19b7fd2fdb7c:74'),(76,1,4,12,'Ms.'),(77,1,6,12,''),(78,1,8,12,''),(79,1,3,12,'default'),(80,1,15,12,''),(81,1,15,11,''),(82,1,15,10,''),(83,1,15,9,''),(84,1,15,8,''),(85,1,15,7,''),(86,1,15,6,''),(87,1,15,5,''),(88,1,15,4,''),(89,1,15,3,''),(90,1,5,13,'Diane'),(91,1,7,13,'Naylor'),(93,1,3,13,'English'),(94,1,12,13,'ccba93784b4295d86b5bb48343b9ff50:2C'),(95,1,5,14,'Kathy'),(96,1,7,14,'Hatchett'),(98,1,3,14,'English'),(99,1,12,14,'bea32e769f446324134a0118b25d4658:tD'),(100,1,5,15,'Nitin'),(101,1,7,15,'Grover'),(102,1,12,15,'7d67af46edf94b75c4f9bb2956b6fbc3:MY'),(103,1,3,15,'English'),(104,1,5,16,'Mary'),(105,1,7,16,'Sanchez'),(106,1,12,16,'7b829b77cd4ddfac161dcabc237eb681:4d'),(107,1,4,16,'Ms.'),(108,1,6,16,''),(109,1,8,16,''),(110,1,3,16,'default'),(111,1,5,17,'Robin'),(112,1,7,17,'Harwell'),(113,1,12,17,'58393cc8bb96aea6f90cc97c97fd4610:36'),(114,1,4,17,'Ms.'),(115,1,6,17,''),(116,1,8,17,''),(117,1,3,17,'default'),(118,1,5,18,'ahyuyu'),(119,1,7,18,'ah'),(120,1,12,18,'9f5e50d369f302c14743ea09f8cc83b6:d4'),(121,1,4,18,'Mr.'),(122,1,6,18,''),(123,1,8,18,''),(124,1,3,18,'default'),(125,1,5,19,'Bonnie'),(126,1,7,19,'Maxam'),(127,1,12,19,'748f3ad0c1c4669ded6cd1b4dc2235c3:cf'),(128,1,4,19,'Ms.'),(129,1,6,19,''),(130,1,8,19,''),(131,1,3,19,'default'),(132,1,5,20,'Mary Ann'),(133,1,7,20,'Candio'),(134,1,12,20,'6c6eaca4aa258c02aa581c76b7a9f18d:f0'),(135,1,4,20,'Ms.'),(136,1,6,20,''),(137,1,8,20,''),(138,1,3,20,'default'),(139,1,5,21,'April'),(140,1,7,21,'Lief'),(141,1,12,21,'43dd8fa6cda13130d7062c44e6cd42de:fa'),(142,1,4,21,'Ms.'),(143,1,6,21,''),(144,1,8,21,''),(145,1,3,21,'default'),(146,1,5,22,'Kerry'),(147,1,7,22,'Neysmith'),(148,1,12,22,'db58f88e40267240ff09c23eb105bfd0:ea'),(149,1,4,22,'Ms.'),(150,1,6,22,''),(151,1,8,22,''),(152,1,3,22,'default'),(153,1,5,23,'Alana'),(154,1,7,23,'Barfield'),(155,1,12,23,'7a542f8f78e7b0f355063522f1782216:31'),(156,1,4,23,'Ms.'),(157,1,6,23,''),(158,1,8,23,''),(159,1,3,23,'default'),(160,1,5,24,'Kimberly'),(161,1,7,24,'Chang'),(162,1,12,24,'5ab73a30b2095113373cadc9b8547d4b:39'),(163,1,4,24,'Ms.'),(164,1,6,24,''),(165,1,8,24,''),(166,1,3,24,'default'),(167,1,5,25,'Irma'),(168,1,7,25,'Grajalez'),(169,1,12,25,'dd9a90d82a203a2c554921536966bfe4:c6'),(170,1,4,25,'Ms.'),(171,1,6,25,''),(172,1,8,25,''),(173,1,3,25,'default'),(174,1,5,26,'Marina'),(175,1,7,26,'Sheu'),(176,1,12,26,'1af045a4129795f223a0fb9d2fdaa5ea:bb'),(177,1,4,26,'Ms.'),(178,1,6,26,''),(179,1,8,26,''),(180,1,3,26,'default'),(181,1,5,27,'Goodman'),(182,1,7,27,'Mvulane'),(183,1,12,27,'4f22d5426857e56feee336216274a99b:57'),(184,1,4,27,'Mr.'),(185,1,6,27,''),(186,1,8,27,''),(187,1,3,27,'default'),(188,1,5,28,'Anna'),(189,1,7,28,'Kim'),(190,1,12,28,'4f0c881f2287a33554cb629affd2b427:a0'),(191,1,4,28,'Ms.'),(192,1,6,28,''),(193,1,8,28,''),(194,1,3,28,'default'),(195,1,5,29,'marion'),(196,1,7,29,'reilly'),(197,1,12,29,'7e0d00568a162f3514d380e432be6574:60'),(198,1,4,29,'Ms.'),(199,1,6,29,''),(200,1,8,29,''),(201,1,3,29,'default'),(202,1,5,30,'elizabeth annw'),(203,1,7,30,'krage'),(204,1,12,30,'b385fd768695494bd7464d5ed9803f2c:ad'),(205,1,4,30,'Ms.'),(206,1,6,30,''),(207,1,8,30,''),(208,1,3,30,'default'),(209,1,5,31,'Ahmad'),(210,1,7,31,'Barghouthy'),(211,1,12,31,'7e3c93c6b110a51c1225a46d88b850ff:4f'),(212,1,4,31,'Mr.'),(213,1,6,31,''),(214,1,8,31,''),(215,1,3,31,'default'),(216,1,5,32,'sherry'),(217,1,7,32,'tan'),(218,1,12,32,'ff9b94a02364a3f128ee381efc5f0c22:b3'),(219,1,4,32,'Ms.'),(220,1,6,32,''),(221,1,8,32,''),(222,1,3,32,'default'),(223,1,5,33,'Chan'),(224,1,7,33,'Joel'),(225,1,12,33,'15a1e376059fbf3beab1bddb6bbf9cd1:6a'),(226,1,4,33,'Mr.'),(227,1,6,33,''),(228,1,8,33,''),(229,1,3,33,'default'),(230,1,5,34,'roberto'),(231,1,7,34,'torres'),(232,1,12,34,'60e7301316cf07149b069993b82de646:4c'),(233,1,4,34,'Mr.'),(234,1,6,34,''),(235,1,8,34,''),(236,1,3,34,'default'),(237,1,5,35,'Ulf'),(238,1,7,35,'Audehm'),(239,1,12,35,'56a5dff4cf38056d3e831760bd17da80:d0'),(240,1,4,35,'Mr.'),(241,1,6,35,''),(242,1,8,35,''),(243,1,3,35,'default'),(244,1,5,36,'Chrystal'),(245,1,7,36,'Naulta'),(246,1,12,36,'c2764cb1b0fe6dfc4b4a5060814f1ff1:90'),(247,1,4,36,'Ms.'),(248,1,6,36,''),(249,1,8,36,''),(250,1,3,36,'default'),(251,1,5,37,'Brandi'),(252,1,7,37,'Cress'),(253,1,12,37,'a451b97072ac41570fe8584f1f15ec4f:83'),(254,1,4,37,'Ms.'),(255,1,6,37,''),(256,1,8,37,''),(257,1,3,37,'default'),(258,1,5,38,'Erin'),(259,1,7,38,'Michaels'),(260,1,12,38,'1ea7d868fe620807ddf9916cda325bab:68'),(261,1,4,38,'Ms.'),(262,1,6,38,''),(263,1,8,38,''),(264,1,3,38,'default'),(265,1,5,39,'Anna'),(266,1,7,39,'Honko'),(267,1,12,39,'fb08e3e01520d3cb5490919437ab0fad:91'),(268,1,4,39,'Ms.'),(269,1,6,39,''),(270,1,8,39,''),(271,1,3,39,'default'),(272,1,5,40,'Pamela'),(273,1,7,40,'Herndon'),(274,1,12,40,'e63d60a3bc5b356eaabbef3f3ef46100:0e'),(275,1,4,40,'Ms.'),(276,1,6,40,''),(277,1,8,40,''),(278,1,3,40,'default'),(279,1,5,41,'Earl'),(280,1,7,41,'Birch'),(281,1,12,41,'c305399b3063198b5b6dfe038b275af5:20'),(282,1,4,41,'Mr.'),(283,1,6,41,''),(284,1,8,41,''),(285,1,3,41,'default'),(286,1,5,42,'Amanda'),(287,1,7,42,'Campbell'),(288,1,12,42,'95e63ae3805b7b8e4c844a6817578182:6e'),(289,1,4,42,'Ms.'),(290,1,6,42,''),(291,1,8,42,''),(292,1,3,42,'default'),(293,1,5,43,'Lisa'),(294,1,7,43,'Ritter'),(295,1,12,43,'fd08fd17be12faf192826efb6c7e8f8e:2e'),(296,1,4,43,'Ms.'),(297,1,6,43,''),(298,1,8,43,''),(299,1,3,43,'default'),(300,1,5,44,'Victoria'),(301,1,7,44,'Lyman'),(302,1,12,44,'6d4534fd0a83bcdaf0f85372bc3e0983:f1'),(303,1,4,44,'Ms.'),(304,1,6,44,''),(305,1,8,44,''),(306,1,3,44,'default'),(307,1,5,45,'Kim'),(308,1,7,45,'Forster'),(309,1,12,45,'ab1d536bca4a78ba4e4b02a86f0eec33:7b'),(310,1,4,45,'Ms.'),(311,1,6,45,''),(312,1,8,45,''),(313,1,3,45,'default'),(314,1,5,46,'Jo'),(315,1,7,46,'kjghdk'),(316,1,12,46,'a863b91b5df76049b4e2e5a9fb666ead:06'),(317,1,4,46,'Mr.'),(318,1,6,46,''),(319,1,8,46,''),(320,1,3,46,'default'),(321,1,5,47,'melanie'),(322,1,7,47,'weingrad'),(323,1,12,47,'fdffa9f0fe6c01a761313f4f45330a5d:ec'),(324,1,4,47,'Ms.'),(325,1,6,47,''),(326,1,8,47,''),(327,1,3,47,'default'),(328,1,5,48,'Anikó'),(329,1,7,48,'Németh'),(330,1,12,48,'b18306bef0de4732e802653b1ea5cd9b:77'),(331,1,4,48,'Ms.'),(332,1,6,48,''),(333,1,8,48,''),(334,1,3,48,'default'),(335,1,5,49,'cassandra'),(336,1,7,49,'seidl'),(337,1,12,49,'03b59ec69c421e21cd7159d24805bfff:b8'),(338,1,4,49,'Ms.'),(339,1,6,49,''),(340,1,8,49,''),(341,1,3,49,'default'),(342,1,5,50,'Marlene'),(343,1,7,50,'Wainright'),(344,1,12,50,'e390d735a674358d7a47633b41a7ac6d:91'),(345,1,4,50,'Ms.'),(346,1,6,50,''),(347,1,8,50,''),(348,1,3,50,'default'),(349,1,5,51,'YOUNA'),(350,1,7,51,'KO'),(351,1,12,51,'1a04509cd6a1d753e0cb115a6f79c06a:03'),(352,1,4,51,'Ms.'),(353,1,6,51,''),(354,1,8,51,''),(355,1,3,51,'default'),(356,1,5,52,'Ann'),(357,1,7,52,'Negrette'),(358,1,12,52,'e7d62dadbc5b6deefaf363c00a2053e0:6e'),(359,1,4,52,'Ms.'),(360,1,6,52,''),(361,1,8,52,''),(362,1,3,52,'default'),(363,1,5,53,'Sheldon'),(364,1,7,53,'Ford'),(365,1,12,53,'394a44e1103f032fe5bf41d84d590aec:91'),(366,1,4,53,'Ms.'),(367,1,6,53,''),(368,1,8,53,''),(369,1,3,53,'default'),(370,1,5,54,'sabine'),(371,1,7,54,'grinstein'),(372,1,12,54,'a4672470dfbf0504adc5d8b6a8483ca6:0e'),(373,1,4,54,'Ms.'),(374,1,6,54,''),(375,1,8,54,''),(376,1,3,54,'default'),(377,1,5,55,'femi'),(378,1,7,55,'phillips'),(379,1,12,55,'b3244058674ff600aeaddaa3d6311e04:ac'),(380,1,4,55,'Mr.'),(381,1,6,55,''),(382,1,8,55,''),(383,1,3,55,'default'),(384,1,5,56,'ramone'),(385,1,7,56,'stabone'),(386,1,12,56,'7274713bff16714f88afb6afba45358f:d6'),(387,1,4,56,'Mr.'),(388,1,6,56,''),(389,1,8,56,''),(390,1,3,56,'default'),(391,1,5,57,'Danielle'),(392,1,7,57,'Rieta'),(393,1,12,57,'26430a3b418c6f419fa44a2da16fc71f:db'),(394,1,4,57,'Ms.'),(395,1,6,57,''),(396,1,8,57,''),(397,1,3,57,'default'),(398,1,5,58,'Christie'),(399,1,7,58,'smith'),(400,1,12,58,'1174ffcc51d8a2eb52247d2dd7e336ef:25'),(401,1,4,58,'Ms.'),(402,1,6,58,''),(403,1,8,58,''),(404,1,3,58,'default'),(405,1,5,59,'Victor'),(406,1,7,59,'Onyeanu'),(407,1,12,59,'42e315c43d2dd93665145859c34f7543:c4'),(408,1,4,59,'Mr.'),(409,1,6,59,''),(410,1,8,59,''),(411,1,3,59,'default'),(412,1,5,60,'Janet'),(413,1,7,60,'Loh'),(414,1,12,60,'4489ae995c9fd8c62e8402c4bc978239:35'),(415,1,4,60,'Ms.'),(416,1,6,60,''),(417,1,8,60,''),(418,1,3,60,'default'),(419,1,5,61,'Kristine'),(420,1,7,61,'Ardizzone'),(421,1,12,61,'68a67c563c0526713f0083db82d6fa10:55'),(422,1,4,61,'Ms.'),(423,1,6,61,''),(424,1,8,61,''),(425,1,3,61,'default'),(426,1,5,62,'JEN'),(427,1,7,62,'WESTON'),(428,1,12,62,'d95979dcef74134ce15f8dfc582edf3d:76'),(429,1,4,62,'Ms.'),(430,1,6,62,''),(431,1,8,62,''),(432,1,3,62,'default'),(433,1,5,63,'TINA'),(434,1,7,63,'WILFREED'),(435,1,12,63,'d5e5b1072386b4bc58d21fd696dbbc59:4b'),(436,1,4,63,'Ms.'),(437,1,6,63,''),(438,1,8,63,''),(439,1,3,63,'default'),(440,1,15,46,''),(441,1,15,48,''),(442,1,5,64,'Kristen'),(443,1,7,64,'Sollee'),(444,1,12,64,'24871efb8ab4bfa9a8c7dd677fddaf0d:f1'),(445,1,4,64,'Ms.'),(446,1,6,64,''),(447,1,8,64,''),(448,1,3,64,'default'),(449,1,5,65,'Katherine'),(450,1,7,65,'Gesswein'),(451,1,12,65,'a42c0df1b6d97a6d8508bb36895e043a:16'),(452,1,4,65,'Ms.'),(453,1,6,65,''),(454,1,8,65,''),(455,1,3,65,'default'),(456,1,5,66,'Shoko'),(457,1,7,66,'Bogen'),(458,1,12,66,'93776be1da7de2cb6abfdd6f4bcc8d37:72'),(459,1,4,66,'Ms.'),(460,1,6,66,''),(461,1,8,66,''),(462,1,3,66,'default'),(463,1,5,67,'Benkemoun'),(464,1,7,67,'Priscilla'),(465,1,12,67,'c2fb1780fc34ce23dc2e34a5ca32952c:8b'),(466,1,4,67,'Ms.'),(467,1,6,67,''),(468,1,8,67,''),(469,1,3,67,'default'),(470,1,5,68,'Latisha'),(471,1,7,68,'Kennedy'),(472,1,12,68,'f30b2c81175e628785d7fc55c8f151ef:b1'),(473,1,4,68,'Ms.'),(474,1,6,68,''),(475,1,8,68,''),(476,1,3,68,'default'),(477,1,5,69,'lisa'),(478,1,7,69,'adams'),(479,1,12,69,'49a2cbe628ec0e20924c00f13f815682:54'),(480,1,4,69,'Ms.'),(481,1,6,69,''),(482,1,8,69,''),(483,1,3,69,'default'),(484,1,5,70,'brianna'),(485,1,7,70,'rivera'),(486,1,12,70,'7b243c85de9639deaa4ebaaca3094320:4b'),(487,1,4,70,'Ms.'),(488,1,6,70,''),(489,1,8,70,''),(490,1,3,70,'default'),(491,1,5,71,'ana'),(492,1,7,71,'holguin'),(493,1,12,71,'8234ecf1c3c38766f973a800becb4dcd:98'),(494,1,4,71,'Ms.'),(495,1,6,71,''),(496,1,8,71,''),(497,1,3,71,'default'),(498,1,5,72,'Judith'),(499,1,7,72,'Sklar'),(500,1,12,72,'fa41fcdafe11dd49f6e5a181c7c1545d:4c'),(501,1,4,72,'Ms.'),(502,1,6,72,''),(503,1,8,72,''),(504,1,3,72,'default'),(505,1,5,73,'Amro'),(506,1,7,73,'Nasr'),(507,1,12,73,'c2955179c7674772b7c7752da22531a7:04'),(508,1,4,73,'Mr.'),(509,1,6,73,''),(510,1,8,73,''),(511,1,3,73,'default'),(512,1,5,74,'Mireya'),(513,1,7,74,'Melendez'),(514,1,12,74,'c64d90406d8f43e6675a9f435e2be4e5:45'),(515,1,4,74,'Ms.'),(516,1,6,74,''),(517,1,8,74,''),(518,1,3,74,'default'),(519,1,5,75,'Nora'),(520,1,7,75,'Lares'),(521,1,12,75,'e70696bdaaa34c6c7a710180aa83a0c6:5f'),(522,1,4,75,'Ms.'),(523,1,6,75,''),(524,1,8,75,''),(525,1,3,75,'default'),(526,1,5,76,'Radka'),(527,1,7,76,'PANOVA'),(528,1,12,76,'2cb2f08dd6d34dac511e43fed07859b5:b3'),(529,1,4,76,'Ms.'),(530,1,6,76,''),(531,1,8,76,''),(532,1,3,76,'default'),(533,1,5,77,'Nancy'),(534,1,7,77,'Greene'),(535,1,12,77,'80e9fdcf7d7f8a45e4de43a50be12a31:db'),(536,1,4,77,'Ms.'),(537,1,6,77,''),(538,1,8,77,''),(539,1,3,77,'default'),(540,1,5,78,'Katherine'),(541,1,7,78,'Bruce'),(542,1,12,78,'3319fa6ab26517c62cb48a5b73aea0c0:3a'),(543,1,4,78,'Ms.'),(544,1,6,78,''),(545,1,8,78,''),(546,1,3,78,'default'),(547,1,5,79,'vinnie'),(548,1,7,79,'fetty'),(549,1,12,79,'e9443eedf97f1338e2d43947a3b3f1fd:01'),(550,1,4,79,'Mr.'),(551,1,6,79,''),(552,1,8,79,''),(553,1,3,79,'default'),(554,1,5,80,'Jon'),(555,1,7,80,'Saville'),(556,1,12,80,'26a2b11e3a6bbaf80da03ae1443d4afc:4a'),(557,1,4,80,'Mr.'),(558,1,6,80,''),(559,1,8,80,''),(560,1,3,80,'default'),(561,1,5,81,'Janet'),(562,1,7,81,'Dewey'),(563,1,12,81,'ad5d64a76d28322f5ae527e74f1a34d9:b0'),(564,1,4,81,'Ms.'),(565,1,6,81,''),(566,1,8,81,''),(567,1,3,81,'default'),(568,1,5,82,'Kristina'),(569,1,7,82,'Wilcox'),(570,1,12,82,'0d3189747088f5c2ff88e03eb271fb9d:9d'),(571,1,4,82,'Ms.'),(572,1,6,82,''),(573,1,8,82,''),(574,1,3,82,'default'),(575,1,5,83,'Diana'),(576,1,7,83,'Quito'),(577,1,12,83,'1c8ccd18307c372239a15bb342db576b:3f'),(578,1,4,83,'Ms.'),(579,1,6,83,''),(580,1,8,83,''),(581,1,3,83,'default'),(582,1,5,84,'Philip'),(583,1,7,84,'Chapman'),(584,1,12,84,'a0b7e71e17d35bb7e2d8d306b1599d8f:29'),(585,1,4,84,'Mr.'),(586,1,6,84,''),(587,1,8,84,''),(588,1,3,84,'default'),(589,1,5,85,'tina'),(590,1,7,85,'fisher'),(591,1,12,85,'421db400ddcf6254679a9afd5b9d008c:55'),(592,1,4,85,'Ms.'),(593,1,6,85,''),(594,1,8,85,''),(595,1,3,85,'default'),(596,1,5,86,'Karina'),(597,1,7,86,'sonowski'),(598,1,12,86,'317dc7feb760275774c0e3c7542db166:9c'),(599,1,4,86,'Ms.'),(600,1,6,86,''),(601,1,8,86,''),(602,1,3,86,'default'),(603,1,5,87,'Alexander'),(604,1,7,87,'Menzel'),(605,1,12,87,'68625b10a78f86b392b5685435867f8c:1d'),(606,1,4,87,'Mr.'),(607,1,6,87,''),(608,1,8,87,''),(609,1,3,87,'default'),(610,1,5,88,'natalie'),(611,1,7,88,'ray'),(612,1,12,88,'68b466dc6b374708476d4536b6ebd5ed:18'),(613,1,4,88,'Ms.'),(614,1,6,88,''),(615,1,8,88,''),(616,1,3,88,'default'),(617,1,5,89,'Melinda'),(618,1,7,89,'Moosa'),(619,1,12,89,'1d5a7671ffa9109644cb6af39090ad2e:a3'),(620,1,4,89,'Ms.'),(621,1,6,89,''),(622,1,8,89,''),(623,1,3,89,'default'),(624,1,5,90,'BITIAN'),(625,1,7,90,'TOYO'),(626,1,12,90,'1385158b9adadfb19d7268df19e36302:5b'),(627,1,4,90,'Ms.'),(628,1,6,90,''),(629,1,8,90,''),(630,1,3,90,'default'),(631,1,5,91,'Joseph'),(632,1,7,91,'Hayles'),(633,1,12,91,'535b7538fc9ecea22c71b78fbba36662:f4'),(634,1,4,91,'Mr.'),(635,1,6,91,''),(636,1,8,91,''),(637,1,3,91,'default'),(638,1,5,92,'Melanie'),(639,1,7,92,'Collins'),(640,1,12,92,'3abb2af0eb2f3171cc3aafbe2ba8800b:f0'),(641,1,4,92,'Ms.'),(642,1,6,92,''),(643,1,8,92,''),(644,1,3,92,'default'),(645,1,5,93,'Sonia'),(646,1,7,93,'LaPolice'),(647,1,12,93,'170b2bb3c27554cc70e9f938d7a86b0c:e4'),(648,1,4,93,'Mr.'),(649,1,6,93,''),(650,1,8,93,''),(651,1,3,93,'default'),(652,1,5,94,'Richard'),(653,1,7,94,'Swalby'),(654,1,12,94,'220aa1e727a918f261fe91eeba926113:57'),(655,1,4,94,'Mr.'),(656,1,6,94,''),(657,1,8,94,''),(658,1,3,94,'default'),(659,1,5,95,'Linda'),(660,1,7,95,'Swalby'),(661,1,12,95,'12378491a33b18f1a982a91aca106cee:57'),(662,1,4,95,'Ms.'),(663,1,6,95,''),(664,1,8,95,''),(665,1,3,95,'default'),(666,1,5,96,'Monica'),(667,1,7,96,'Der'),(668,1,12,96,'b403fe6d813424d282565e35f36e65f8:94'),(669,1,4,96,'Ms.'),(670,1,6,96,''),(671,1,8,96,''),(672,1,3,96,'default'),(673,1,5,97,'Loretta'),(674,1,7,97,'Estrada'),(675,1,12,97,'035ffc86bf07197fa4f593d4f9f8d70c:d1'),(676,1,4,97,'Ms.'),(677,1,6,97,''),(678,1,8,97,''),(679,1,3,97,'default'),(680,1,5,98,'heidi'),(681,1,7,98,'jenkins'),(682,1,12,98,'edc210ef17cc1a35424a9a2b10101a9d:51'),(683,1,4,98,'Ms.'),(684,1,6,98,''),(685,1,8,98,''),(686,1,3,98,'default'),(687,1,5,99,'Bojka'),(688,1,7,99,'Kump'),(689,1,12,99,'03ba30c978fdbde803825fa626d709fd:93'),(690,1,4,99,'Ms.'),(691,1,6,99,''),(692,1,8,99,''),(693,1,3,99,'default'),(694,1,5,100,'Maxine'),(695,1,7,100,'Lim'),(696,1,12,100,'8308c7aeeb0a481112f1a6ddcd36d227:37'),(697,1,4,100,'Ms.'),(698,1,6,100,''),(699,1,8,100,''),(700,1,3,100,'default'),(701,1,5,101,'Lindsay'),(702,1,7,101,'Kolesar'),(703,1,12,101,'1ac335eb9339aeaa81730fcef0841e84:9c'),(704,1,4,101,'Ms.'),(705,1,6,101,''),(706,1,8,101,''),(707,1,3,101,'default'),(708,1,5,102,'Paul Sudhakar'),(709,1,7,102,'Rao'),(710,1,12,102,'e8046872a8ad0344d3cce1a9e8a999f4:14'),(711,1,4,102,'Mr.'),(712,1,6,102,''),(713,1,8,102,''),(714,1,3,102,'default'),(715,1,5,103,'qwe'),(716,1,7,103,'qwe'),(717,1,12,103,'0b1e6258cf0f8767fcc76b9b4a44ed76:da'),(718,1,4,103,'Mr.'),(719,1,6,103,''),(720,1,8,103,''),(721,1,3,103,'default'),(722,1,5,104,'ganga'),(723,1,7,104,'prasanth'),(724,1,12,104,'82c8425033e3e745952daa6422b67371:f2'),(725,1,4,104,'Ms.'),(726,1,6,104,''),(727,1,8,104,''),(728,1,3,104,'default'),(729,1,5,105,'hhh'),(730,1,7,105,'hnn'),(731,1,12,105,'fbd82ffa68d3cf6a0b35d41ca5d24bae:6a'),(732,1,4,105,'Mr.'),(733,1,6,105,''),(734,1,8,105,''),(735,1,3,105,'default'),(736,1,5,106,'Melissa'),(737,1,7,106,'Tremblay'),(738,1,12,106,'46a0dc310e0b1c60db8d91785e63be63:7f'),(739,1,4,106,'Ms.'),(740,1,6,106,''),(741,1,8,106,''),(742,1,3,106,'default'),(743,1,5,107,'Indigo'),(744,1,7,107,'Wheeler'),(745,1,12,107,'eb40fff6e01c220ac9105e4e9bb95012:72'),(746,1,4,107,'Ms.'),(747,1,6,107,''),(748,1,8,107,''),(749,1,3,107,'default'),(750,1,5,108,'Laurie'),(751,1,7,108,'McClain'),(752,1,12,108,'a61aa6ebbeb0765c2f737c23afafe071:be'),(753,1,4,108,'Ms.'),(754,1,6,108,''),(755,1,8,108,''),(756,1,3,108,'default'),(757,1,5,109,'Veselina'),(758,1,7,109,'Valkova'),(759,1,12,109,'456a00d8033736d7c0be01bb8ee12206:a1'),(760,1,4,109,'Ms.'),(761,1,6,109,''),(762,1,8,109,''),(763,1,3,109,'default'),(764,1,5,110,'Sara'),(765,1,7,110,'Willmott'),(766,1,12,110,'96ba96d5ea8ef83b89be537b5ff84731:16'),(767,1,4,110,'Ms.'),(768,1,6,110,''),(769,1,8,110,''),(770,1,3,110,'default'),(771,1,5,111,'Jim'),(772,1,7,111,'Dobson'),(773,1,12,111,'80b28d2727013f39da5bd710a60bdd82:99'),(774,1,4,111,'Mr.'),(775,1,6,111,''),(776,1,8,111,''),(777,1,3,111,'default'),(778,1,5,112,'Kelli'),(779,1,7,112,'Boyer'),(780,1,12,112,'bd1bd4bfe87a927bebc978d3766ae470:c8'),(781,1,4,112,'Ms.'),(782,1,6,112,''),(783,1,8,112,''),(784,1,3,112,'default'),(785,1,5,113,'Erika'),(786,1,7,113,'Rice'),(787,1,12,113,'971a2c040470f386bab6f40f81bee881:a3'),(788,1,4,113,'Ms.'),(789,1,6,113,''),(790,1,8,113,''),(791,1,3,113,'default'),(792,1,5,114,'Stephanie'),(793,1,7,114,'Rodriguez'),(794,1,12,114,'edfc73b289950f24a00dc6faf4ae962e:45'),(795,1,4,114,'Ms.'),(796,1,6,114,''),(797,1,8,114,''),(798,1,3,114,'default'),(799,1,5,115,'Elvia'),(800,1,7,115,'Francis'),(801,1,12,115,'3c04c5a8bdd104d9475eb3e2f8ff697c:a5'),(802,1,4,115,'Ms.'),(803,1,6,115,''),(804,1,8,115,''),(805,1,3,115,'default'),(806,1,5,116,'Wendy'),(807,1,7,116,'Campolattaro'),(808,1,12,116,'44be664d6c6f6ab1853d5df090fb7062:fd'),(809,1,4,116,'Ms.'),(810,1,6,116,''),(811,1,8,116,''),(812,1,3,116,'default'),(813,1,5,117,'JERI LOU'),(814,1,7,117,'BERARDI'),(815,1,12,117,'36f1d4fa1a1b2134e8bcffe029fa6b57:b2'),(816,1,4,117,'Ms.'),(817,1,6,117,''),(818,1,8,117,''),(819,1,3,117,'default'),(820,1,5,118,'Anna'),(821,1,7,118,'Leh'),(822,1,12,118,'811b5322cae0f0cbdda3a2cecb4008cb:d5'),(823,1,4,118,'Ms.'),(824,1,6,118,''),(825,1,8,118,''),(826,1,3,118,'default'),(827,1,5,119,'Anna'),(828,1,7,119,'Leh'),(829,1,12,119,'9dd4de5351eb6c49c64fc9ca12c54463:92'),(830,1,4,119,'Ms.'),(831,1,6,119,''),(832,1,8,119,''),(833,1,3,119,'default'),(834,1,5,120,'stephanie'),(835,1,7,120,'byard'),(836,1,12,120,'b038974ffb19d296f7fa260be0c60288:d5'),(837,1,4,120,'Ms.'),(838,1,6,120,''),(839,1,8,120,''),(840,1,3,120,'default'),(841,1,5,121,'Marisela'),(842,1,7,121,'Elias'),(843,1,12,121,'91d82aa733db9e2e9deb63caa52503bc:05'),(844,1,4,121,'Ms.'),(845,1,6,121,''),(846,1,8,121,''),(847,1,3,121,'default'),(848,1,5,122,'fffff'),(849,1,7,122,'fff'),(850,1,12,122,'24200adb4855f93c53bfd408d70ce4d1:20'),(851,1,4,122,'Ms.'),(852,1,6,122,''),(853,1,8,122,''),(854,1,3,122,'default'),(855,1,5,123,'Marty'),(856,1,7,123,'Timpano'),(857,1,12,123,'fff1cdd7b1f3963e512b54c781b774fa:fd'),(858,1,4,123,'Ms.'),(859,1,6,123,''),(860,1,8,123,''),(861,1,3,123,'default'),(862,1,5,124,'Christine'),(863,1,7,124,'Thompson'),(864,1,12,124,'0846c0d5c85349d75c41b36f0890e0c5:fe'),(865,1,4,124,'Ms.'),(866,1,6,124,''),(867,1,8,124,''),(868,1,3,124,'default'),(869,1,5,125,'michel'),(870,1,7,125,'letko'),(871,1,12,125,'9816cb4c41ac2a756822f4494ec7419f:08'),(872,1,4,125,'Ms.'),(873,1,6,125,''),(874,1,8,125,''),(875,1,3,125,'default'),(876,1,5,126,'Rajani'),(877,1,7,126,'Phanindra'),(878,1,12,126,'2e89847e50c611ddf1b8789c3207b3e3:c2'),(879,1,4,126,'Ms.'),(880,1,6,126,''),(881,1,8,126,''),(882,1,3,126,'default'),(883,1,5,127,'David'),(884,1,7,127,'Layte'),(885,1,12,127,'99773b9652deef7467fa0aa20d9817a6:6e'),(886,1,4,127,'Mr.'),(887,1,6,127,''),(888,1,8,127,''),(889,1,3,127,'default'),(890,1,5,128,'Maja'),(891,1,7,128,'Moser'),(892,1,12,128,'b092083ac41eb87e2601656ef1640a1c:99'),(893,1,4,128,'Ms.'),(894,1,6,128,''),(895,1,8,128,''),(896,1,3,128,'default'),(897,1,5,129,'Maggie'),(898,1,7,129,'Montaigne'),(899,1,12,129,'20235b7e6f5696ad4df1db2319dac59e:6f'),(900,1,4,129,'Ms.'),(901,1,6,129,''),(902,1,8,129,''),(903,1,3,129,'default'),(904,1,5,130,'cr3ativ3d'),(905,1,7,130,'cr3ativ3'),(906,1,12,130,'745b5c9046f191eb928d27d749e622c8:0f'),(907,1,4,130,'Mr.'),(908,1,6,130,''),(909,1,8,130,''),(910,1,3,130,'default'),(911,1,5,131,'Ilona'),(912,1,7,131,'Vahsen'),(913,1,12,131,'f06a21c2e378dc8e8bfb477b4fd36569:05'),(914,1,4,131,'Ms.'),(915,1,6,131,''),(916,1,8,131,''),(917,1,3,131,'default'),(918,1,5,132,'Hans-Josef'),(919,1,7,132,'Ohrem'),(920,1,12,132,'80a42c226f95b2347443e31a63b639ca:b4'),(921,1,4,132,'Mr.'),(922,1,6,132,''),(923,1,8,132,''),(924,1,3,132,'default'),(925,1,5,133,'Simone'),(926,1,7,133,'Burdach'),(927,1,12,133,'24b8956b6d515ef6b41e564fe6c65255:57'),(928,1,4,133,'Ms.'),(929,1,6,133,''),(930,1,8,133,''),(931,1,3,133,'default'),(932,1,5,134,'Claudius'),(933,1,7,134,'Dragun'),(934,1,12,134,'6fb34d6e333eef61839a230e041d67cf:0e'),(935,1,4,134,'Mr.'),(936,1,6,134,''),(937,1,8,134,''),(938,1,3,134,'default'),(939,1,5,135,'miriam'),(940,1,7,135,'bahrs'),(941,1,12,135,'f8c2b9407111db6640d9737e1eceaa27:1d'),(942,1,4,135,'Ms.'),(943,1,6,135,''),(944,1,8,135,''),(945,1,3,135,'default'),(946,1,5,136,'Jana'),(947,1,7,136,'Whitfield'),(948,1,12,136,'773d8b56dbd11857c2c078dc5b099aa9:83'),(949,1,4,136,'Ms.'),(950,1,6,136,''),(951,1,8,136,''),(952,1,3,136,'default'),(953,1,5,137,'Nele'),(954,1,7,137,'Koestler'),(955,1,12,137,'8efb8f913977b7c3456abc414e120107:27'),(956,1,4,137,'Ms.'),(957,1,6,137,''),(958,1,8,137,''),(959,1,3,137,'default'),(960,1,5,138,'Hannah'),(961,1,7,138,'Schopmeyer'),(962,1,12,138,'0bc5d8a33e699c1eb2342612c3e2a1ee:e6'),(963,1,4,138,'Ms.'),(964,1,6,138,''),(965,1,8,138,''),(966,1,3,138,'default'),(967,1,5,139,'Pat'),(968,1,7,139,'Younger'),(969,1,12,139,'9ef064465faa5fe5374eb58660232fde:01'),(970,1,4,139,'Ms.'),(971,1,6,139,''),(972,1,8,139,''),(973,1,3,139,'default'),(974,1,5,140,'Kara'),(975,1,7,140,'Leung'),(976,1,12,140,'310a187b5b8b113050db27b8667c91db:c7'),(977,1,4,140,'Ms.'),(978,1,6,140,''),(979,1,8,140,''),(980,1,3,140,'default'),(981,1,5,141,'Nina'),(982,1,7,141,'Grabiszewski'),(983,1,12,141,'92741064da0d66184a8ccd5676a781c6:86'),(984,1,4,141,'Ms.'),(985,1,6,141,''),(986,1,8,141,''),(987,1,3,141,'default'),(988,1,5,142,'Joseph'),(989,1,7,142,'Boyer'),(990,1,12,142,'0231d1a97161667a75c33e2b08aae71d:81'),(991,1,4,142,'Mr.'),(992,1,6,142,''),(993,1,8,142,''),(994,1,3,142,'default'),(995,1,5,143,'Kenneth'),(996,1,7,143,'Chitwood'),(997,1,12,143,'34b669a06a9ea01302414c7a10ff8201:46'),(998,1,4,143,'Mr.'),(999,1,6,143,''),(1000,1,8,143,''),(1001,1,3,143,'default'),(1002,1,5,144,'rachel'),(1003,1,7,144,'bezoski'),(1004,1,12,144,'2ba9c2ad84e2b463c070bc66d9e6e989:89'),(1005,1,4,144,'Ms.'),(1006,1,6,144,''),(1007,1,8,144,''),(1008,1,3,144,'default'),(1009,1,5,145,'Elizabeth'),(1010,1,7,145,'Freeman'),(1011,1,12,145,'6d863b83e7c777d051e238ad08f5ea3f:ea'),(1012,1,4,145,'Ms.'),(1013,1,6,145,''),(1014,1,8,145,''),(1015,1,3,145,'default'),(1016,1,5,146,'Firouzel'),(1017,1,7,146,'Gonzales'),(1018,1,12,146,'be47e1232404d58130e8b65a5b71bedd:12'),(1019,1,4,146,'Ms.'),(1020,1,6,146,''),(1021,1,8,146,''),(1022,1,3,146,'default'),(1023,1,5,147,'Syreeta'),(1024,1,7,147,'Turner'),(1025,1,12,147,'6195a70c5e87aa1d9472f33a2bffaab9:25'),(1026,1,4,147,'Ms.'),(1027,1,6,147,''),(1028,1,8,147,''),(1029,1,3,147,'default'),(1030,1,5,148,'Grit'),(1031,1,7,148,'Kresse'),(1032,1,12,148,'e5229de19712a8588269495f930afc88:55'),(1033,1,4,148,'Ms.'),(1034,1,6,148,''),(1035,1,8,148,''),(1036,1,3,148,'default'),(1037,1,5,149,'Nicole'),(1038,1,7,149,'Helfrich'),(1039,1,12,149,'f82ce51429fcd9ffbabd54927ecb6b8a:38'),(1040,1,4,149,'Ms.'),(1041,1,6,149,''),(1042,1,8,149,''),(1043,1,3,149,'default'),(1044,1,5,150,'Teresa'),(1045,1,7,150,'Morrell Riech'),(1046,1,12,150,'e257e36cdfeb90d855c6509a016778c0:56'),(1047,1,4,150,'Ms.'),(1048,1,6,150,''),(1049,1,8,150,''),(1050,1,3,150,'default'),(1051,1,5,151,'Kim'),(1052,1,7,151,'Kretzman'),(1053,1,12,151,'7e0a62dd251a41e4ba1ee1e6b782885e:ef'),(1054,1,4,151,'Ms.'),(1055,1,6,151,''),(1056,1,8,151,''),(1057,1,3,151,'default'),(1058,1,5,152,'Reem'),(1059,1,7,152,'Abbar'),(1060,1,12,152,'ac77d5b0e9feadfb981694732a65f7d3:85'),(1061,1,4,152,'Ms.'),(1062,1,6,152,''),(1063,1,8,152,''),(1064,1,3,152,'default'),(1065,1,5,153,'Valerie'),(1066,1,7,153,'Marengo'),(1067,1,12,153,'1e050c0d07d0c584ad9c6764c2cff899:6c'),(1068,1,4,153,'Ms.'),(1069,1,6,153,''),(1070,1,8,153,''),(1071,1,3,153,'default'),(1072,1,5,154,'Anne'),(1073,1,7,154,'Stodola'),(1074,1,12,154,'4e4fc32339d59df230d0b4a006dcc824:59'),(1075,1,4,154,'Ms.'),(1076,1,6,154,''),(1077,1,8,154,''),(1078,1,3,154,'default'),(1079,1,5,155,'Nadienne'),(1080,1,7,155,'Phua'),(1081,1,12,155,'5e3eab4aaf4f0e2d8a0187d030588b33:ed'),(1082,1,4,155,'Ms.'),(1083,1,6,155,''),(1084,1,8,155,''),(1085,1,3,155,'default'),(1086,1,5,156,'Tina'),(1087,1,7,156,'Buccilli'),(1088,1,12,156,'d7f847a070c88e38ddc72b203c3438fa:ed'),(1089,1,4,156,'Ms.'),(1090,1,6,156,''),(1091,1,8,156,''),(1092,1,3,156,'default'),(1093,1,5,157,'josh'),(1094,1,7,157,'testy'),(1095,1,12,157,'167cc9208e39417685e1ba1ee2d06c0a:97'),(1096,1,4,157,'Ms.'),(1097,1,6,157,''),(1098,1,8,157,''),(1099,1,3,157,'default'),(1100,1,5,158,'Katherine'),(1101,1,7,158,'Kalteis'),(1102,1,12,158,'93fa63dd0dc4dfb5b827b31c8a8c4ec8:e6'),(1103,1,4,158,'Ms.'),(1104,1,6,158,''),(1105,1,8,158,''),(1106,1,3,158,'default'),(1107,1,5,159,'Mary'),(1108,1,7,159,'Law'),(1109,1,12,159,'67f80d30bdca6e334a259cce78603d9a:5c'),(1110,1,4,159,'Ms.'),(1111,1,6,159,''),(1112,1,8,159,''),(1113,1,3,159,'default'),(1114,1,5,160,'Jessica'),(1115,1,7,160,'Neal'),(1116,1,12,160,'8363fd91b681001311e107f8ba5ac598:28'),(1117,1,4,160,'Ms.'),(1118,1,6,160,''),(1119,1,8,160,''),(1120,1,3,160,'default'),(1121,1,5,161,'Michael'),(1122,1,7,161,'Timpe'),(1123,1,12,161,'a87deaaf74ab0caeddf44fa0579c40e8:7d'),(1124,1,4,161,'Mr.'),(1125,1,6,161,''),(1126,1,8,161,''),(1127,1,3,161,'default'),(1128,1,5,162,'Silje'),(1129,1,7,162,'Jordanger Kvaavik'),(1130,1,12,162,'7fce9f2afa0124feb75a371076110bb6:05'),(1131,1,4,162,'Ms.'),(1132,1,6,162,''),(1133,1,8,162,''),(1134,1,3,162,'default'),(1135,1,5,163,'Adam'),(1136,1,7,163,'Greenfield'),(1137,1,12,163,'68a6fe09311abba10dd86740b9e6222f:dc'),(1138,1,4,163,'Mr.'),(1139,1,6,163,''),(1140,1,8,163,''),(1141,1,3,163,'default'),(1142,1,5,164,'Punsawat'),(1143,1,7,164,'Jongrengpian'),(1144,1,12,164,'66746e8b37f2b6b346c5cd5d319f5fdc:20'),(1145,1,4,164,'Mr.'),(1146,1,6,164,''),(1147,1,8,164,''),(1148,1,3,164,'default'),(1149,1,5,165,'Alan'),(1150,1,7,165,'Zagoren'),(1151,1,12,165,'c582069951f855ad6150274adb82f09e:89'),(1152,1,4,165,'Mr.'),(1153,1,6,165,''),(1154,1,8,165,''),(1155,1,3,165,'default'),(1156,1,5,166,'Tove'),(1157,1,7,166,'gren'),(1158,1,12,166,'16e3099c113bcc5e11176d3107f3f1ff:7d'),(1159,1,4,166,'Ms.'),(1160,1,6,166,''),(1161,1,8,166,''),(1162,1,3,166,'default'),(1163,1,5,167,'Donna'),(1164,1,7,167,'Chadfield'),(1165,1,12,167,'a613cef95a0fec2b2304ed0f26a5e9b0:c1'),(1166,1,4,167,'Ms.'),(1167,1,6,167,''),(1168,1,8,167,''),(1169,1,3,167,'default'),(1170,1,5,168,'stevie'),(1171,1,7,168,'wilson'),(1172,1,12,168,'2afc4d76061013a739eabb9ca92a4071:f0'),(1173,1,4,168,'Ms.'),(1174,1,6,168,''),(1175,1,8,168,''),(1176,1,3,168,'default'),(1177,1,5,169,'Dave'),(1178,1,7,169,'Pinke'),(1179,1,12,169,'a728a635f0d724d5a4b800741c81a589:41'),(1180,1,4,169,'Mr.'),(1181,1,6,169,''),(1182,1,8,169,''),(1183,1,3,169,'default'),(1184,1,5,170,'Shaheen'),(1185,1,7,170,'Neil'),(1186,1,12,170,'9851e6797a14f5ffa29fefdd8c63199c:0a'),(1187,1,4,170,'Ms.'),(1188,1,6,170,''),(1189,1,8,170,''),(1190,1,3,170,'default'),(1191,1,5,171,'tina'),(1192,1,7,171,'fisher'),(1193,1,12,171,'30ed2fcdb569436eca8408e487622f83:5c'),(1194,1,4,171,'Ms.'),(1195,1,6,171,''),(1196,1,8,171,''),(1197,1,3,171,'default'),(1198,1,5,172,'Lori'),(1199,1,7,172,'Brierley'),(1200,1,12,172,'cb03d35c471ffe14f772f2dcc323f927:86'),(1201,1,4,172,'Ms.'),(1202,1,6,172,''),(1203,1,8,172,''),(1204,1,3,172,'default'),(1205,1,5,173,'Ana'),(1206,1,7,173,'garcia'),(1207,1,12,173,'a714fb28bded8e5bd538cff2cc4f2053:d1'),(1208,1,4,173,'Ms.'),(1209,1,6,173,''),(1210,1,8,173,''),(1211,1,3,173,'default'),(1212,1,5,174,'Lisa'),(1213,1,7,174,'Misner-Skozen'),(1214,1,12,174,'2d102386276ee1792ac7f985d96c7211:13'),(1215,1,4,174,'Ms.'),(1216,1,6,174,''),(1217,1,8,174,''),(1218,1,3,174,'default'),(1219,1,5,175,'audrey'),(1220,1,7,175,'walker'),(1221,1,12,175,'d974c32735528386889b5bc699c1d774:82'),(1222,1,4,175,'Ms.'),(1223,1,6,175,''),(1224,1,8,175,''),(1225,1,3,175,'default'),(1226,1,5,176,'Norasyikeen'),(1227,1,7,176,'Ahmad Yusof'),(1228,1,12,176,'c9d55263ee9fc468b7107ae6aa3c4149:5a'),(1229,1,4,176,'Ms.'),(1230,1,6,176,''),(1231,1,8,176,''),(1232,1,3,176,'default'),(1233,1,5,177,'Kelly'),(1234,1,7,177,'Haston'),(1235,1,12,177,'7bdf936d72ed49e241fa1ea07954c438:75'),(1236,1,4,177,'Ms.'),(1237,1,6,177,''),(1238,1,8,177,''),(1239,1,3,177,'default'),(1240,1,5,178,'Jennifer'),(1241,1,7,178,'Zambernard'),(1242,1,12,178,'39c1e17742dd712c4afd68058c90f2f4:86'),(1243,1,4,178,'Ms.'),(1244,1,6,178,''),(1245,1,8,178,''),(1246,1,3,178,'default'),(1247,1,5,179,'michel'),(1248,1,7,179,'letko'),(1249,1,12,179,'6994c5086ae3588a1c3aa756e5bbbb93:bb'),(1250,1,4,179,'Ms.'),(1251,1,6,179,''),(1252,1,8,179,''),(1253,1,3,179,'default'),(1254,1,5,180,'Alia'),(1255,1,7,180,'Ogron'),(1256,1,12,180,'6609d5e08d74d9e3cbff55bccf525e54:73'),(1257,1,4,180,'Ms.'),(1258,1,6,180,''),(1259,1,8,180,''),(1260,1,3,180,'default'),(1261,1,5,181,'Melissa'),(1262,1,7,181,'Chitwood'),(1263,1,12,181,'3172c77085580bdb8840267ca1cc1a45:25'),(1264,1,4,181,'Ms.'),(1265,1,6,181,''),(1266,1,8,181,''),(1267,1,3,181,'default'),(1268,1,5,182,'Marcus'),(1269,1,7,182,'King'),(1270,1,12,182,'acc0795e48cc7883b54ef6fb09f4f472:6d'),(1271,1,4,182,'Mr.'),(1272,1,6,182,''),(1273,1,8,182,''),(1274,1,3,182,'default'),(1275,1,5,183,'sarah'),(1276,1,7,183,'harmening'),(1277,1,12,183,'657a0e4a7fcd3266c3816491d397f096:8e'),(1278,1,4,183,'Ms.'),(1279,1,6,183,''),(1280,1,8,183,''),(1281,1,3,183,'default'),(1282,1,5,184,'Toni'),(1283,1,7,184,'Grigler'),(1284,1,12,184,'1b17a4f1fd3768bef729e32360b399d2:3c'),(1285,1,4,184,'Ms.'),(1286,1,6,184,''),(1287,1,8,184,''),(1288,1,3,184,'default'),(1289,1,5,185,'Jolanta'),(1290,1,7,185,'Kurzydlo'),(1291,1,12,185,'322794b2091b6bd3ff825ffe7ab10df8:81'),(1292,1,4,185,'Ms.'),(1293,1,6,185,''),(1294,1,8,185,''),(1295,1,3,185,'default'),(1296,1,5,186,'Rosalind'),(1297,1,7,186,'Berry'),(1298,1,12,186,'a056af877bbffe7356f53e2d55010e2f:0c'),(1299,1,4,186,'Ms.'),(1300,1,6,186,''),(1301,1,8,186,''),(1302,1,3,186,'default'),(1303,1,5,187,'SYLVIE'),(1304,1,7,187,'TREPANIER'),(1305,1,12,187,'0b5c03edd34e4c4380ac8233b1c7aee8:0f'),(1306,1,4,187,'Ms.'),(1307,1,6,187,''),(1308,1,8,187,''),(1309,1,3,187,'default'),(1310,1,5,188,'angelique'),(1311,1,7,188,'roy'),(1312,1,12,188,'13527d036fe482fac2f7ed609d8ccf2d:bb'),(1313,1,4,188,'Ms.'),(1314,1,6,188,''),(1315,1,8,188,''),(1316,1,3,188,'default'),(1317,1,5,189,'teri'),(1318,1,7,189,'conry'),(1319,1,12,189,'c8387b8c78ffd0d0b66654b5fbd84e88:fa'),(1320,1,4,189,'Ms.'),(1321,1,6,189,''),(1322,1,8,189,''),(1323,1,3,189,'default'),(1324,1,5,190,'Corey'),(1325,1,7,190,'Treacy'),(1326,1,12,190,'cb182dae087e489bf8baed8b63497da3:64'),(1327,1,4,190,'Ms.'),(1328,1,6,190,''),(1329,1,8,190,''),(1330,1,3,190,'default'),(1331,1,5,191,'Isabelle'),(1332,1,7,191,'Genna'),(1333,1,12,191,'c6fb02b725094a0ef40f8b33584d4fbc:c7'),(1334,1,4,191,'Ms.'),(1335,1,6,191,''),(1336,1,8,191,''),(1337,1,3,191,'default'),(1338,1,5,192,'Shauna'),(1339,1,7,192,'Jensen'),(1340,1,12,192,'b3f338670a25fb00d39a3fe0b67a1c17:0d'),(1341,1,4,192,'Ms.'),(1342,1,6,192,''),(1343,1,8,192,''),(1344,1,3,192,'default'),(1345,1,5,193,'Cynthia'),(1346,1,7,193,'Lai'),(1347,1,12,193,'f00e4b228b2d68e9984f20b644fed23f:72'),(1348,1,4,193,'Ms.'),(1349,1,6,193,''),(1350,1,8,193,''),(1351,1,3,193,'default'),(1352,1,5,194,'Angela'),(1353,1,7,194,'Millard'),(1354,1,12,194,'eb58d5a966db48af0b33faa35f7cf425:db'),(1355,1,4,194,'Ms.'),(1356,1,6,194,''),(1357,1,8,194,''),(1358,1,3,194,'default'),(1359,1,5,195,'nancy'),(1360,1,7,195,'meisenbach'),(1361,1,12,195,'f80b4fccf64135e174d8142aab1e0fd7:a7'),(1362,1,4,195,'Ms.'),(1363,1,6,195,''),(1364,1,8,195,''),(1365,1,3,195,'default'),(1366,1,5,196,'Pamela'),(1367,1,7,196,'Thurston'),(1368,1,12,196,'63aba4f01132073f634ebb3ed143a050:2f'),(1369,1,4,196,'Ms.'),(1370,1,6,196,''),(1371,1,8,196,''),(1372,1,3,196,'default'),(1373,1,5,197,'Julieanna'),(1374,1,7,197,'Sanchez'),(1375,1,12,197,'b1d30a2ff60f14922915839a33d423a4:10'),(1376,1,4,197,'Ms.'),(1377,1,6,197,''),(1378,1,8,197,''),(1379,1,3,197,'default'),(1380,1,5,198,'Marisa'),(1381,1,7,198,'Colosimo'),(1382,1,12,198,'d7e3350c5e47ac36a33481d4bfae59e9:4b'),(1383,1,4,198,'Ms.'),(1384,1,6,198,''),(1385,1,8,198,''),(1386,1,3,198,'default'),(1387,1,5,199,'Deborah'),(1388,1,7,199,'Burgess'),(1389,1,12,199,'e9716facda846a58c747839f2c07c027:91'),(1390,1,4,199,'Ms.'),(1391,1,6,199,''),(1392,1,8,199,''),(1393,1,3,199,'default'),(1394,1,5,200,'Cynthia'),(1395,1,7,200,'Chan'),(1396,1,12,200,'638be2a9d6fa9f504418d4bb43d09e56:13'),(1397,1,4,200,'Ms.'),(1398,1,6,200,''),(1399,1,8,200,''),(1400,1,3,200,'default'),(1401,1,5,201,'mélanie'),(1402,1,7,201,'guay'),(1403,1,12,201,'bb9b2538493a3636f63ae4daed67a5c4:ed'),(1404,1,4,201,'Ms.'),(1405,1,6,201,''),(1406,1,8,201,''),(1407,1,3,201,'default'),(1408,1,5,202,'Amy'),(1409,1,7,202,'Veldkamp'),(1410,1,12,202,'bf09011facff351bbfa25bd0496eee25:ca'),(1411,1,4,202,'Ms.'),(1412,1,6,202,''),(1413,1,8,202,''),(1414,1,3,202,'default'),(1415,1,5,203,'Angela'),(1416,1,7,203,'Meloche'),(1417,1,12,203,'3fb2b751c0fd6b310921d5d68d02c548:4f'),(1418,1,4,203,'Ms.'),(1419,1,6,203,''),(1420,1,8,203,''),(1421,1,3,203,'default'),(1422,1,5,204,'Danielle'),(1423,1,7,204,'Biderman'),(1424,1,12,204,'62cfe60d3c180015882bfeeea429627f:24'),(1425,1,4,204,'Ms.'),(1426,1,6,204,''),(1427,1,8,204,''),(1428,1,3,204,'default'),(1429,1,5,205,'Cherie'),(1430,1,7,205,'Lue'),(1431,1,12,205,'ee73ad2c4fa89fd50c316892430d0478:07'),(1432,1,4,205,'Ms.'),(1433,1,6,205,''),(1434,1,8,205,''),(1435,1,3,205,'default'),(1436,1,5,206,'gwen'),(1437,1,7,206,'phillips'),(1438,1,12,206,'9fda0673270f9e4e078475383b80524f:ab'),(1439,1,4,206,'Ms.'),(1440,1,6,206,''),(1441,1,8,206,''),(1442,1,3,206,'default'),(1443,1,5,207,'Karen'),(1444,1,7,207,'Turner'),(1445,1,12,207,'278e5554e7732e00f536c27cfb9f8cde:cb'),(1446,1,4,207,'Ms.'),(1447,1,6,207,''),(1448,1,8,207,''),(1449,1,3,207,'default'),(1450,1,5,208,'Bethany'),(1451,1,7,208,'Nelson'),(1452,1,12,208,'2f3dbde450992b7344ef26d01f21e945:FO'),(1453,1,4,208,'Ms.'),(1454,1,6,208,''),(1455,1,8,208,''),(1456,1,3,208,'default'),(1457,1,5,209,'Gail'),(1458,1,7,209,'Maducdoc'),(1459,1,12,209,'325d419b681c888578f8fd49a3a4d016:c3'),(1460,1,4,209,'Ms.'),(1461,1,6,209,''),(1462,1,8,209,''),(1463,1,3,209,'default'),(1464,1,5,210,'Hector'),(1465,1,7,210,'Barrera'),(1466,1,12,210,'813bbcfe5ef5f2133152cfea8d964066:89'),(1467,1,4,210,'Mr.'),(1468,1,6,210,''),(1469,1,8,210,''),(1470,1,3,210,'default'),(1471,1,5,211,'Ellen'),(1472,1,7,211,'Levin'),(1473,1,12,211,'5d96c60508d6ceb5e60cf411877b2c18:6d'),(1474,1,4,211,'Ms.'),(1475,1,6,211,''),(1476,1,8,211,''),(1477,1,3,211,'default'),(1478,1,5,212,'Noreen'),(1479,1,7,212,'Davidson'),(1480,1,12,212,'a154b70e915cd2c7d17b20913b9e4be3:30'),(1481,1,4,212,'Ms.'),(1482,1,6,212,''),(1483,1,8,212,''),(1484,1,3,212,'default'),(1485,1,5,213,'ginette'),(1486,1,7,213,'martin'),(1487,1,12,213,'14e4d5be2fd68efa9f570a87ab783c3e:de'),(1488,1,4,213,'Ms.'),(1489,1,6,213,''),(1490,1,8,213,''),(1491,1,3,213,'default'),(1492,1,5,214,'Andrey'),(1493,1,7,214,'Abrosimov'),(1494,1,12,214,'2e245e8aee03dd654a69456bc8255165:51'),(1495,1,4,214,'Mr.'),(1496,1,6,214,''),(1497,1,8,214,''),(1498,1,3,214,'default'),(1499,1,5,215,'Rhett'),(1500,1,7,215,'Brown'),(1501,1,12,215,'e8d01867ed9482b48daf9c31f316b6f3:c4'),(1502,1,4,215,'Mr.'),(1503,1,6,215,''),(1504,1,8,215,''),(1505,1,3,215,'default'),(1506,1,5,216,'gloria'),(1507,1,7,216,'romeo'),(1508,1,12,216,'669f653a4c730f54742b8646ba5e2e83:50'),(1509,1,4,216,'Ms.'),(1510,1,6,216,''),(1511,1,8,216,''),(1512,1,3,216,'default'),(1513,1,5,217,'isabelle'),(1514,1,7,217,'blouin'),(1515,1,12,217,'5b25622e66fc2fad225efb39aeeee2f6:47'),(1516,1,4,217,'Ms.'),(1517,1,6,217,''),(1518,1,8,217,''),(1519,1,3,217,'default'),(1520,1,5,218,'isabelle'),(1521,1,7,218,'blouin'),(1522,1,12,218,'30e8537403b9ee7a3cc92232f2ed34ec:62'),(1523,1,4,218,'Ms.'),(1524,1,6,218,''),(1525,1,8,218,''),(1526,1,3,218,'default'),(1527,1,5,219,'CaraBeth'),(1528,1,7,219,'Lee'),(1529,1,12,219,'5f6c2f5aa5445b0adf533d4646727be1:9c'),(1530,1,4,219,'Ms.'),(1531,1,6,219,''),(1532,1,8,219,''),(1533,1,3,219,'default'),(1534,1,5,220,'Christine'),(1535,1,7,220,'Kelly'),(1536,1,12,220,'10c8027e1125b843f201be0a7c5edcb0:d2'),(1537,1,4,220,'Ms.'),(1538,1,6,220,''),(1539,1,8,220,''),(1540,1,3,220,'default'),(1541,1,5,221,'Karen'),(1542,1,7,221,'Wagg'),(1543,1,12,221,'5f9c712fd6f3711b1f801a2263dad671:a7'),(1544,1,4,221,'Ms.'),(1545,1,6,221,''),(1546,1,8,221,''),(1547,1,3,221,'default'),(1548,1,5,222,'marie'),(1549,1,7,222,'friedman'),(1550,1,12,222,'e59d8d909ca2df7db9b2df797ef8851e:5e'),(1551,1,4,222,'Ms.'),(1552,1,6,222,''),(1553,1,8,222,''),(1554,1,3,222,'default'),(1555,1,5,223,'Tracy'),(1556,1,7,223,'NICE'),(1557,1,12,223,'b8ebc32e56688960e62f0bc1e48b85d8:8b'),(1558,1,4,223,'Ms.'),(1559,1,6,223,''),(1560,1,8,223,''),(1561,1,3,223,'default'),(1562,1,5,224,'Marlene'),(1563,1,7,224,'Franklin'),(1564,1,12,224,'c91cf1e5bdc6e48b2dfea02353d30e04:20'),(1565,1,4,224,'Ms.'),(1566,1,6,224,''),(1567,1,8,224,''),(1568,1,3,224,'default'),(1569,1,5,225,'Annette'),(1570,1,7,225,'Rodriguez'),(1571,1,12,225,'2f8e890a16b290a058ac4ebb9c7fcf0a:bc'),(1572,1,4,225,'Ms.'),(1573,1,6,225,''),(1574,1,8,225,''),(1575,1,3,225,'default'),(1576,1,5,226,'Connie'),(1577,1,7,226,'Varndell'),(1578,1,12,226,'1336fb402d0563036b56be065919ce75:c9'),(1579,1,4,226,'Ms.'),(1580,1,6,226,''),(1581,1,8,226,''),(1582,1,3,226,'default'),(1583,1,5,227,'Stacy'),(1584,1,7,227,'Baldridge'),(1585,1,12,227,'5665346ee5c8836c7d57ca7d5ddabd78:0e'),(1586,1,4,227,'Ms.'),(1587,1,6,227,''),(1588,1,8,227,''),(1589,1,3,227,'default'),(1590,1,5,228,'Jamie'),(1591,1,7,228,'Healey'),(1592,1,12,228,'dda30d66bc0fd25d934319695343196c:44'),(1593,1,4,228,'Ms.'),(1594,1,6,228,''),(1595,1,8,228,''),(1596,1,3,228,'default'),(1597,1,5,229,'Nora'),(1598,1,7,229,'Munoz'),(1599,1,12,229,'a97b9ade65e56c21e2a957abcc8b6ee2:25'),(1600,1,4,229,'Ms.'),(1601,1,6,229,''),(1602,1,8,229,''),(1603,1,3,229,'default'),(1604,1,5,230,'Andrey'),(1605,1,7,230,'Abrosimov'),(1606,1,12,230,'354a9ea97a4dc59717ad0ab3d2dfa81f:ca'),(1607,1,4,230,'Mr.'),(1608,1,6,230,''),(1609,1,8,230,''),(1610,1,3,230,'default'),(1611,1,5,231,'Jessica'),(1612,1,7,231,'Miyake'),(1613,1,12,231,'6953930d0a4cdb5fd9cde8f11249ca6b:57'),(1614,1,4,231,'Ms.'),(1615,1,6,231,''),(1616,1,8,231,''),(1617,1,3,231,'default'),(1618,1,5,232,'maria'),(1619,1,7,232,'ott'),(1620,1,12,232,'58936b3ff0ec180aa207211475ed1e95:29'),(1621,1,4,232,'Ms.'),(1622,1,6,232,''),(1623,1,8,232,''),(1624,1,3,232,'default'),(1625,1,5,233,'Tricia'),(1626,1,7,233,'Lockwood'),(1627,1,12,233,'88a63a94f7a33747096b479860080b8d:e0'),(1628,1,4,233,'Ms.'),(1629,1,6,233,''),(1630,1,8,233,''),(1631,1,3,233,'default'),(1632,1,5,234,'Maja'),(1633,1,7,234,'Ten Ton'),(1634,1,12,234,'4224b3ef3958ce90b8d5a3f13b5ccc04:b2'),(1635,1,4,234,'Ms.'),(1636,1,6,234,''),(1637,1,8,234,''),(1638,1,3,234,'default'),(1639,1,5,235,'Natsue'),(1640,1,7,235,'Ishida'),(1641,1,12,235,'2337ccacb4438921299db8e02f47f94d:ce'),(1642,1,4,235,'Ms.'),(1643,1,6,235,''),(1644,1,8,235,''),(1645,1,3,235,'default'),(1646,1,5,236,'Karen'),(1647,1,7,236,'Horie'),(1648,1,12,236,'3ae27ac4144e4bda19d2f5110b3c606b:f4'),(1649,1,4,236,'Ms.'),(1650,1,6,236,''),(1651,1,8,236,''),(1652,1,3,236,'default'),(1653,1,5,237,'Scott'),(1654,1,7,237,'Wentzka'),(1655,1,12,237,'17d48eda7d368d8c2a3c4d38445b496e:60'),(1656,1,4,237,'Mr.'),(1657,1,6,237,''),(1658,1,8,237,''),(1659,1,3,237,'default'),(1660,1,5,238,'KAREN'),(1661,1,7,238,'CHIN'),(1662,1,12,238,'3e9748872f715c03349effe9b36d0656:12'),(1663,1,4,238,'Ms.'),(1664,1,6,238,''),(1665,1,8,238,''),(1666,1,3,238,'default'),(1667,1,5,239,'Antonette'),(1668,1,7,239,'Fernando'),(1669,1,12,239,'8ceb7e111813f0b42691e00496eea6de:0c'),(1670,1,4,239,'Ms.'),(1671,1,6,239,''),(1672,1,8,239,''),(1673,1,3,239,'default'),(1674,1,5,240,'Sierra'),(1675,1,7,240,'Modro'),(1676,1,12,240,'fb1253c9c185fc6ea9e5c755d46bf29b:ad'),(1677,1,4,240,'Ms.'),(1678,1,6,240,''),(1679,1,8,240,''),(1680,1,3,240,'default'),(1681,1,5,241,'karen'),(1682,1,7,241,'herz'),(1683,1,12,241,'02b3e088244902cf160a891fcd141f86:fc'),(1684,1,4,241,'Ms.'),(1685,1,6,241,''),(1686,1,8,241,''),(1687,1,3,241,'default'),(1688,1,5,242,'KAREN'),(1689,1,7,242,'HERZ'),(1690,1,12,242,'3929875214394f5b7cc1ce2f0b644f63:6a'),(1691,1,4,242,'Ms.'),(1692,1,6,242,''),(1693,1,8,242,''),(1694,1,3,242,'default'),(1695,1,5,243,'Brian'),(1696,1,7,243,'Harnett'),(1697,1,12,243,'33d6cc5d4b5b300c075c6a907946d861:b0'),(1698,1,4,243,'Mr.'),(1699,1,6,243,''),(1700,1,8,243,''),(1701,1,3,243,'default'),(1702,1,5,244,'Jessica'),(1703,1,7,244,'Meyer'),(1704,1,12,244,'ac4eae1bce4a323abe185f4ecaaa6c1d:64'),(1705,1,4,244,'Ms.'),(1706,1,6,244,''),(1707,1,8,244,''),(1708,1,3,244,'default'),(1709,1,5,245,'Zach'),(1710,1,7,245,'McLain'),(1711,1,12,245,'6ee3b0096d00bbb1169c0578bbb8bc4f:44'),(1712,1,4,245,'Mr.'),(1713,1,6,245,''),(1714,1,8,245,''),(1715,1,3,245,'default'),(1716,1,5,246,'Julie'),(1717,1,7,246,'Duncan'),(1718,1,12,246,'40f031228c817d48859ecce72f946f59:e0'),(1719,1,4,246,'Ms.'),(1720,1,6,246,''),(1721,1,8,246,''),(1722,1,3,246,'default'),(1723,1,5,247,'DAWN'),(1724,1,7,247,'BLAINE'),(1725,1,12,247,'6346ea0f22d14ed4694a2def32dade6e:10'),(1726,1,4,247,'Ms.'),(1727,1,6,247,''),(1728,1,8,247,''),(1729,1,3,247,'default'),(1730,1,5,248,'Rosie'),(1731,1,7,248,'Rogel-Wolff'),(1732,1,12,248,'ecaf82fc40df22725b1f6347f117587e:e8'),(1733,1,4,248,'Ms.'),(1734,1,6,248,''),(1735,1,8,248,''),(1736,1,3,248,'default'),(1737,1,5,249,'Kristina'),(1738,1,7,249,'Siroshton'),(1739,1,12,249,'295a9f6dd07b2ba71989fd06110fba96:6c'),(1740,1,4,249,'Ms.'),(1741,1,6,249,''),(1742,1,8,249,''),(1743,1,3,249,'default'),(1744,1,5,250,'Ashlee'),(1745,1,7,250,'Heinz'),(1746,1,12,250,'bfbd1aa8b9a3cfea75f317b6a5d36847:75'),(1747,1,4,250,'Ms.'),(1748,1,6,250,''),(1749,1,8,250,''),(1750,1,3,250,'default'),(1751,1,5,251,'Paulette'),(1752,1,7,251,'Leto'),(1753,1,12,251,'7a8400fc28f210cdd1a6384feab78975:cc'),(1754,1,4,251,'Ms.'),(1755,1,6,251,''),(1756,1,8,251,''),(1757,1,3,251,'default'),(1758,1,5,252,'Elaine'),(1759,1,7,252,'Chak'),(1760,1,12,252,'e643fb7fa5cbaee56e48e52e0f134bcf:04'),(1761,1,4,252,'Ms.'),(1762,1,6,252,''),(1763,1,8,252,''),(1764,1,3,252,'default'),(1765,1,5,253,'Cheryl'),(1766,1,7,253,'Allen'),(1767,1,12,253,'2cb9da20ae1466a434e56fda67f02b4c:e4'),(1768,1,4,253,'Ms.'),(1769,1,6,253,''),(1770,1,8,253,''),(1771,1,3,253,'default'),(1772,1,5,254,'Stephenie'),(1773,1,7,254,'Corn'),(1774,1,12,254,'eaf4799b3cda869fb37984d7aa01eef8:6f'),(1775,1,4,254,'Ms.'),(1776,1,6,254,''),(1777,1,8,254,''),(1778,1,3,254,'default'),(1779,1,5,255,'Aspen'),(1780,1,7,255,'McKenna'),(1781,1,12,255,'6a6221fa4f031ce55567787161c1b50f:ee'),(1782,1,4,255,'Ms.'),(1783,1,6,255,''),(1784,1,8,255,''),(1785,1,3,255,'default'),(1786,1,5,256,'sweet'),(1787,1,7,256,'sadi'),(1788,1,12,256,'248fbaefeee4d30b82c7403367325c35:8e'),(1789,1,4,256,'Ms.'),(1790,1,6,256,''),(1791,1,8,256,''),(1792,1,3,256,'default'),(1793,1,5,257,'Megumi'),(1794,1,7,257,'Yamauchi'),(1795,1,12,257,'4dd3fb11dd5fe4066cd8c3202b63ac9c:c4'),(1796,1,4,257,'Ms.'),(1797,1,6,257,''),(1798,1,8,257,''),(1799,1,3,257,'default'),(1800,1,5,258,'Tiffany Dawn'),(1801,1,7,258,'Wagner'),(1802,1,12,258,'c0bed238d11029f918760fc7b86b699b:eb'),(1803,1,4,258,'Ms.'),(1804,1,6,258,''),(1805,1,8,258,''),(1806,1,3,258,'default'),(1807,1,5,259,'Sandy'),(1808,1,7,259,'Fine'),(1809,1,12,259,'7f88e33f1f46f8a0b90a96d3bf680612:9f'),(1810,1,4,259,'Ms.'),(1811,1,6,259,''),(1812,1,8,259,''),(1813,1,3,259,'default'),(1814,1,5,260,'me'),(1815,1,7,260,'ow'),(1816,1,12,260,'87cf2b6e3e6a77674d462d4b906a66f3:c2'),(1817,1,4,260,'Ms.'),(1818,1,6,260,''),(1819,1,8,260,''),(1820,1,3,260,'default'),(1821,1,5,261,'Mary'),(1822,1,7,261,'Lewison'),(1823,1,12,261,'bc03ff85f841c5081c47da9fa9249638:51'),(1824,1,4,261,'Ms.'),(1825,1,6,261,''),(1826,1,8,261,''),(1827,1,3,261,'default'),(1828,1,5,262,'Maria'),(1829,1,7,262,'Castro'),(1830,1,12,262,'68828cafabdadd81c950d18b81c58c0d:46'),(1831,1,4,262,'Ms.'),(1832,1,6,262,''),(1833,1,8,262,''),(1834,1,3,262,'default'),(1835,1,5,263,'lynn'),(1836,1,7,263,'behm'),(1837,1,12,263,'3e531a26357794c3ebf2547e5fb47d0a:a9'),(1838,1,4,263,'Ms.'),(1839,1,6,263,''),(1840,1,8,263,''),(1841,1,3,263,'default'),(1842,1,5,264,'ginny'),(1843,1,7,264,'mann'),(1844,1,12,264,'d7a111e118aa78863e7910cdf538ea2f:51'),(1845,1,4,264,'Ms.'),(1846,1,6,264,''),(1847,1,8,264,''),(1848,1,3,264,'default'),(1849,1,5,265,'Colett'),(1850,1,7,265,'Bigler'),(1851,1,12,265,'046695b721dc5041948e1cea700b4c88:55'),(1852,1,4,265,'Ms.'),(1853,1,6,265,''),(1854,1,8,265,''),(1855,1,3,265,'default'),(1856,1,5,266,'Jessica'),(1857,1,7,266,'Noonan'),(1858,1,12,266,'230d8d93727a0bb5603bba367e5707be:ce'),(1859,1,4,266,'Ms.'),(1860,1,6,266,''),(1861,1,8,266,''),(1862,1,3,266,'default'),(1863,1,5,267,'Karen'),(1864,1,7,267,'Perrin'),(1865,1,12,267,'8e4880efc8fb6e5e7184d791429f3791:cd'),(1866,1,4,267,'Ms.'),(1867,1,6,267,''),(1868,1,8,267,''),(1869,1,3,267,'default'),(1870,1,5,268,'Jenzifer'),(1871,1,7,268,'Sieber'),(1872,1,12,268,'79e68515f25c38f8442ba43cb97029a3:db'),(1873,1,4,268,'Ms.'),(1874,1,6,268,''),(1875,1,8,268,''),(1876,1,3,268,'default'),(1877,1,5,269,'Shelly'),(1878,1,7,269,'Hawes-Smith'),(1879,1,12,269,'06c15418284bc500a843d52b29ca820d:fd'),(1880,1,4,269,'Ms.'),(1881,1,6,269,''),(1882,1,8,269,''),(1883,1,3,269,'default'),(1884,1,5,270,'Debbie'),(1885,1,7,270,'Turkington'),(1886,1,12,270,'1f5e226132f541c0bd28d66afa61c36c:24'),(1887,1,4,270,'Ms.'),(1888,1,6,270,''),(1889,1,8,270,''),(1890,1,3,270,'default'),(1891,1,5,271,'MICHELLE'),(1892,1,7,271,'VERGARA'),(1893,1,12,271,'fcd0a4357076293fa52204353d7c4990:cr'),(1894,1,4,271,'Ms.'),(1895,1,6,271,''),(1896,1,8,271,''),(1897,1,3,271,'default'),(1898,1,5,272,'Mary Margaret'),(1899,1,7,272,'Miller'),(1900,1,12,272,'771c5020a10770ec7b261e5fbdc1f664:6e'),(1901,1,4,272,'Ms.'),(1902,1,6,272,''),(1903,1,8,272,''),(1904,1,3,272,'default'),(1905,1,5,273,'Darla'),(1906,1,7,273,'Catalano'),(1907,1,12,273,'75c18b2bcb1838e97c3096016b4a36d4:6f'),(1908,1,4,273,'Ms.'),(1909,1,6,273,''),(1910,1,8,273,''),(1911,1,3,273,'default'),(1912,1,5,274,'Jennifer'),(1913,1,7,274,'Allen'),(1914,1,12,274,'2bacc87a2d13cf8162c3214a78cb8edf:3c'),(1915,1,4,274,'Ms.'),(1916,1,6,274,''),(1917,1,8,274,''),(1918,1,3,274,'default'),(1919,1,5,275,'ethan'),(1920,1,7,275,'zuhl'),(1921,1,12,275,'abdf2976a32f290cfa1b5866bc683006:21'),(1922,1,4,275,'Mr.'),(1923,1,6,275,''),(1924,1,8,275,''),(1925,1,3,275,'default'),(1926,1,5,276,'Nicole'),(1927,1,7,276,'Mancini'),(1928,1,12,276,'0b2d3804a8d11ddc2f720929fd258e51:79'),(1929,1,4,276,'Ms.'),(1930,1,6,276,''),(1931,1,8,276,''),(1932,1,3,276,'default'),(1933,1,5,277,'Jennie'),(1934,1,7,277,'Gonzalez'),(1935,1,12,277,'6dfbd052b99700103c18ec568650fc28:f0'),(1936,1,4,277,'Ms.'),(1937,1,6,277,''),(1938,1,8,277,''),(1939,1,3,277,'default'),(1940,1,5,278,'Lynn'),(1941,1,7,278,'Newman'),(1942,1,12,278,'e44cd74cd82e219cd5bc9c8304561316:xZ'),(1943,1,4,278,'Ms.'),(1944,1,6,278,''),(1945,1,8,278,''),(1946,1,3,278,'default'),(1947,1,5,279,'Peter'),(1948,1,7,279,'Boersma'),(1949,1,12,279,'a47a160cbe85f2e6ac90b81a6b5b9c11:66'),(1950,1,4,279,'Mr.'),(1951,1,6,279,''),(1952,1,8,279,''),(1953,1,3,279,'default'),(1954,1,5,280,'Wende'),(1955,1,7,280,'smith'),(1956,1,12,280,'ef24b965b0ba2593e8c0d54d33990457:a7'),(1957,1,4,280,'Ms.'),(1958,1,6,280,''),(1959,1,8,280,''),(1960,1,3,280,'default'),(1961,1,5,281,'Lori'),(1962,1,7,281,'Sandel'),(1963,1,12,281,'73c380fb66918100739e5575aab29684:5b'),(1964,1,4,281,'Ms.'),(1965,1,6,281,''),(1966,1,8,281,''),(1967,1,3,281,'default'),(1968,1,5,282,'karla'),(1969,1,7,282,'howland'),(1970,1,12,282,'fb2db288106e119f00cfd71fdad03746:d3'),(1971,1,4,282,'Ms.'),(1972,1,6,282,''),(1973,1,8,282,''),(1974,1,3,282,'default'),(1975,1,5,283,'Diane'),(1976,1,7,283,'Mora'),(1977,1,12,283,'88bc556c113d71678f767d4d073ce233:me'),(1978,1,4,283,'Ms.'),(1979,1,6,283,''),(1980,1,8,283,''),(1981,1,3,283,'default'),(1982,1,5,284,'Allison'),(1983,1,7,284,'Kelley'),(1984,1,12,284,'c0feea31a9c2379c17925e0e50a4caed:f5'),(1985,1,4,284,'Ms.'),(1986,1,6,284,''),(1987,1,8,284,''),(1988,1,3,284,'default'),(1989,1,5,285,'Susan'),(1990,1,7,285,'Ho'),(1991,1,12,285,'e4b83f1a4a5ca52a7c1c908b3dfdb62f:f1'),(1992,1,4,285,'Ms.'),(1993,1,6,285,''),(1994,1,8,285,''),(1995,1,3,285,'default'),(1996,1,5,286,'Brandy'),(1997,1,7,286,'Rich'),(1998,1,12,286,'3ba0e313d9382b44216eb9f0f2a31f7e:df'),(1999,1,4,286,'Ms.'),(2000,1,6,286,''),(2001,1,8,286,''),(2002,1,3,286,'default'),(2003,1,5,287,'Matt'),(2004,1,7,287,'Lee'),(2005,1,12,287,'8c244256de7ac8231bd0e6edff49324c:a1'),(2006,1,4,287,'Mr.'),(2007,1,6,287,''),(2008,1,8,287,''),(2009,1,3,287,'default'),(2010,1,5,288,'Courtney'),(2011,1,7,288,'Campbell'),(2012,1,12,288,'8286110e120568084a8380067199f1d5:2f'),(2013,1,4,288,'Ms.'),(2014,1,6,288,''),(2015,1,8,288,''),(2016,1,3,288,'default'),(2017,1,5,289,'Miriam'),(2018,1,7,289,'Schitko'),(2019,1,12,289,'ca39768da53722c5ab7e26b83f27fb59:2e'),(2020,1,4,289,'Ms.'),(2021,1,6,289,''),(2022,1,8,289,''),(2023,1,3,289,'default'),(2024,1,5,290,'Kimberly'),(2025,1,7,290,'Major'),(2026,1,12,290,'4267337cbcea68f33b1a0d2433d1a430:e9'),(2027,1,4,290,'Ms.'),(2028,1,6,290,''),(2029,1,8,290,''),(2030,1,3,290,'default'),(2031,1,5,291,'George'),(2032,1,7,291,'Pabich'),(2033,1,12,291,'e677595b6f8ac213b6d9ebb8a704808c:7b'),(2034,1,4,291,'Mr.'),(2035,1,6,291,''),(2036,1,8,291,''),(2037,1,3,291,'default'),(2038,1,5,292,'Natalie'),(2039,1,7,292,'Marshall'),(2040,1,12,292,'d724114ce85664a166466c210d2def49:88'),(2041,1,4,292,'Ms.'),(2042,1,6,292,''),(2043,1,8,292,''),(2044,1,3,292,'default'),(2045,1,5,293,'Laurie'),(2046,1,7,293,'Ficker'),(2047,1,12,293,'3c7a1ec43d9951b8cca08a956f4a8b1e:Yn'),(2048,1,4,293,'Ms.'),(2049,1,6,293,''),(2050,1,8,293,''),(2051,1,3,293,'default'),(2052,1,5,294,'Geniu'),(2053,1,7,294,'zhang'),(2054,1,12,294,'9a5000beceb7980f37596da281c74396:4b'),(2055,1,4,294,'Mr.'),(2056,1,6,294,''),(2057,1,8,294,''),(2058,1,3,294,'default'),(2059,1,5,295,'Francine'),(2060,1,7,295,'Yang'),(2061,1,12,295,'56e1abbbff43481dfbda5e991e91d426:b8'),(2062,1,4,295,'Ms.'),(2063,1,6,295,''),(2064,1,8,295,''),(2065,1,3,295,'default'),(2066,1,5,296,'Maureen'),(2067,1,7,296,'O\'Reilly'),(2068,1,12,296,'b3ac0d6ad57677571a36101bf99ebca5:ac'),(2069,1,4,296,'Ms.'),(2070,1,6,296,''),(2071,1,8,296,''),(2072,1,3,296,'default'),(2073,1,5,297,'SHARON'),(2074,1,7,297,'DRIVER'),(2075,1,12,297,'ad55ab7494adbd3356ab92b0ad3a2ff9:HB'),(2076,1,4,297,'Ms.'),(2077,1,6,297,''),(2078,1,8,297,''),(2079,1,3,297,'default'),(2080,1,5,298,'karen'),(2081,1,7,298,'d\'ambola'),(2082,1,12,298,'ffe98e244d77dcf125bf6e7f49fdd77d:8b'),(2083,1,4,298,'Ms.'),(2084,1,6,298,''),(2085,1,8,298,''),(2086,1,3,298,'default'),(2087,1,5,299,'sharon'),(2088,1,7,299,'driver'),(2089,1,12,299,'5418f890fa641b2918425de135aeca0b:76'),(2090,1,4,299,'Ms.'),(2091,1,6,299,''),(2092,1,8,299,''),(2093,1,3,299,'default'),(2094,1,5,300,'Pat'),(2095,1,7,300,'Sarson'),(2096,1,12,300,'cbcbbf3ee5250a13f5868d0f250ef91e:f6'),(2097,1,4,300,'Ms.'),(2098,1,6,300,''),(2099,1,8,300,''),(2100,1,3,300,'default'),(2101,1,5,301,'Denise'),(2102,1,7,301,'Kuhr'),(2103,1,12,301,'01230d9d063eebf1b1ef2d221af2cb6e:c0'),(2104,1,4,301,'Ms.'),(2105,1,6,301,''),(2106,1,8,301,''),(2107,1,3,301,'default'),(2108,1,5,302,'Jeannie'),(2109,1,7,302,'Vega'),(2110,1,12,302,'a97c870b40798e999db5de316388f309:17'),(2111,1,4,302,'Ms.'),(2112,1,6,302,''),(2113,1,8,302,''),(2114,1,3,302,'default'),(2115,1,5,303,'Christine'),(2116,1,7,303,'Wu'),(2117,1,12,303,'440405346bbae5419dc6fac6f95731f2:a1'),(2118,1,4,303,'Ms.'),(2119,1,6,303,''),(2120,1,8,303,''),(2121,1,3,303,'default'),(2122,1,5,304,'Amber'),(2123,1,7,304,'Jones'),(2124,1,12,304,'57559fa17cc955086e49898bdcacafef:bb'),(2125,1,4,304,'Ms.'),(2126,1,6,304,''),(2127,1,8,304,''),(2128,1,3,304,'default'),(2129,1,5,305,'Emma'),(2130,1,7,305,'Barnard'),(2131,1,12,305,'67f202434e1c2676955aa495a7df79ab:7f'),(2132,1,4,305,'Ms.'),(2133,1,6,305,''),(2134,1,8,305,''),(2135,1,3,305,'default'),(2136,1,5,306,'Marianne'),(2137,1,7,306,'Sharpe'),(2138,1,12,306,'b8afa2387b6a0a3fb31b26047c56e486:d9'),(2139,1,4,306,'Ms.'),(2140,1,6,306,''),(2141,1,8,306,''),(2142,1,3,306,'default'),(2143,1,5,307,'Richard'),(2144,1,7,307,'Snoddy'),(2145,1,12,307,'899ca961d8283d9e6e9474054dbd5623:01'),(2146,1,4,307,'Mr.'),(2147,1,6,307,''),(2148,1,8,307,''),(2149,1,3,307,'default'),(2150,1,5,308,'Kimberley'),(2151,1,7,308,'Campbell'),(2152,1,12,308,'be600f780855cfe35498f3932cf57fb8:2f'),(2153,1,4,308,'Ms.'),(2154,1,6,308,''),(2155,1,8,308,''),(2156,1,3,308,'default'),(2157,1,5,309,'Lynn'),(2158,1,7,309,'Langille'),(2159,1,12,309,'47de530012fdcf28193647940fb3ade4:12'),(2160,1,4,309,'Ms.'),(2161,1,6,309,''),(2162,1,8,309,''),(2163,1,3,309,'default'),(2164,1,5,310,'Patti'),(2165,1,7,310,'Harris'),(2166,1,12,310,'671fa83e0a1337283f4d108d08bc4b66:ae'),(2167,1,4,310,'Ms.'),(2168,1,6,310,''),(2169,1,8,310,''),(2170,1,3,310,'default'),(2171,1,5,311,'sharon'),(2172,1,7,311,'driver'),(2173,1,12,311,'6d970dcae260038657cbd54bbf4cad9c:72'),(2174,1,4,311,'Ms.'),(2175,1,6,311,''),(2176,1,8,311,''),(2177,1,3,311,'default'),(2178,1,5,312,'maria'),(2179,1,7,312,'amezquita'),(2180,1,12,312,'786b420659bf26d0552ced854a692b6a:24'),(2181,1,4,312,'Ms.'),(2182,1,6,312,''),(2183,1,8,312,''),(2184,1,3,312,'default'),(2185,1,5,313,'Christen'),(2186,1,7,313,'Mulle'),(2187,1,12,313,'c42c34a3d7d89cf1ca6d584710aa3ca8:b3'),(2188,1,4,313,'Ms.'),(2189,1,6,313,''),(2190,1,8,313,''),(2191,1,3,313,'default'),(2192,1,5,314,'Linda'),(2193,1,7,314,'Post'),(2194,1,12,314,'f6631bf54fff3f29189b97f9c6e23380:27'),(2195,1,4,314,'Ms.'),(2196,1,6,314,''),(2197,1,8,314,''),(2198,1,3,314,'default'),(2199,1,5,315,'Lisa'),(2200,1,7,315,'Fisher'),(2202,1,3,315,'English'),(2203,1,12,315,'3b9af3f08ee5a8abec7bc7c651f2f1b1:tj'),(2204,1,5,316,'Susan'),(2205,1,7,316,'Levy'),(2207,1,3,316,'English'),(2208,1,12,316,'fa5caddc09b8b525c06aad287efc339b:bG'),(2209,1,5,317,'VALERIE'),(2210,1,7,317,'NADLER'),(2211,1,12,317,'68030314d440586a82c21ce038a46f53:j2'),(2212,1,3,317,'English'),(2213,1,5,318,'lisa'),(2214,1,7,318,'ceron pepe'),(2216,1,3,318,'English'),(2217,1,12,318,'329f129f6a19e5399857b7f14f03010b:mx'),(2218,1,5,319,'Krysten'),(2219,1,7,319,'Voss'),(2221,1,3,319,'English'),(2222,1,12,319,'ba229a109ae5bb901e12458a5cf406a5:yi'),(2223,1,5,320,'Tracy'),(2224,1,7,320,'Weichselfelder'),(2225,1,12,320,'1efeee793ca5169c7f74482d82d057ba:AI'),(2226,1,3,320,'English'),(2227,1,5,321,'KARIN'),(2228,1,7,321,'AMATRIAIN'),(2229,1,12,321,'f8d6aefe73db2b9355ff92a01c414acb:gO'),(2230,1,3,321,'English'),(2231,1,5,322,'Carolyn'),(2232,1,7,322,'St.Clair'),(2233,1,12,322,'370d0e4168edfac4e0a2753785ce3b9a:Ck'),(2234,1,3,322,'English'),(2235,1,5,323,'Kathy'),(2236,1,7,323,'Reger'),(2238,1,3,323,'English'),(2239,1,12,323,'8c797b3b0974e2b309bca43b20225949:NI'),(2240,1,5,324,'alicia'),(2241,1,7,324,'itria'),(2242,1,12,324,'97ca7ad37816ebbe6573489fa0e12b2f:Gw'),(2243,1,3,324,'English'),(2244,1,5,325,'James'),(2245,1,7,325,'Rogers'),(2246,1,12,325,'97b319f8df632b2518a1a9d54089c162:8T'),(2247,1,3,325,'English'),(2248,1,5,326,'gina'),(2249,1,7,326,'friesl'),(2251,1,3,326,'English'),(2252,1,12,326,'c2e3d2ad5dcea8556182475fd227d57e:Bt'),(2253,1,5,327,'DENA'),(2254,1,7,327,'HAMILTON'),(2256,1,3,327,'English'),(2257,1,12,327,'0231e06fe711d646f4300ee0e3efcf88:mQ'),(2258,1,5,328,'Claudia'),(2259,1,7,328,'Jemal'),(2260,1,12,328,'8059d0356dfe2507f4014ca580518f2f:LD'),(2261,1,3,328,'English'),(2262,1,5,329,'Lisa'),(2263,1,7,329,'Vincik'),(2264,1,12,329,'0042a77890a461b74b2942977611ffaa:ZL'),(2265,1,3,329,'English'),(2266,1,5,330,'Cynthia'),(2267,1,7,330,'Torda'),(2268,1,12,330,'d495896de2eef5499d5e117bbda1832a:3r'),(2269,1,3,330,'English'),(2270,1,5,331,'Barbara'),(2271,1,7,331,'Klinge'),(2273,1,3,331,'English'),(2274,1,12,331,'2b6bda301981bbfb366bd46107f72981:tX'),(2275,1,5,332,'Tamara '),(2276,1,7,332,'Colosimo'),(2277,1,12,332,'7bbc8b380e7212afcb43c129a9582532:FN'),(2278,1,3,332,'English'),(2279,1,5,333,'ellen'),(2280,1,7,333,'fernandez'),(2281,1,12,333,'3284b75a8ca7ede3eb78d3941b989fae:IY'),(2282,1,3,333,'English'),(2283,1,5,334,'jennifer'),(2284,1,7,334,'oubre'),(2285,1,12,334,'9c2c0bdd824b3e738f73f8926bb1b89d:rM'),(2286,1,3,334,'English'),(2287,1,5,335,'Christina'),(2288,1,7,335,'Parks'),(2290,1,3,335,'English'),(2291,1,12,335,'b65818435ec92e7ab09d340188fb5f4e:Ob'),(2292,1,5,336,'Donna'),(2293,1,7,336,'Williams'),(2295,1,3,336,'English'),(2296,1,12,336,'c49b67e2003406c96fa5496b4d3dd4d0:lY'),(2297,1,5,337,'Monique'),(2298,1,7,337,'Sawyer'),(2299,1,12,337,'93f9e7a73c929bad85adabb75be55286:MF'),(2300,1,3,337,'English'),(2301,1,5,338,'Gwyn'),(2302,1,7,338,'Green'),(2304,1,3,338,'English'),(2305,1,12,338,'f21b9d1629561e12a5c7aa07dde3811c:mh'),(2306,1,5,339,'Sandy'),(2307,1,7,339,'Khan'),(2309,1,3,339,'English'),(2310,1,12,339,'544a65494aca34ed460eb9d63e49c82a:3T'),(2311,1,5,340,'Laura'),(2312,1,7,340,'Foster'),(2313,1,12,340,'22bd5feebe14212272710c911352fd10:eZ'),(2314,1,3,340,'English'),(2315,1,5,341,'Jessica'),(2316,1,7,341,'Beszczynski'),(2317,1,12,341,'192c02bdeb3b1cabc164f376ffd4654e:UX'),(2318,1,3,341,'English'),(2319,1,5,342,'Gale'),(2320,1,7,342,'Dickerson'),(2321,1,12,342,'2f9d62067655f4295221e17e9094e0e8:Tw'),(2322,1,3,342,'English'),(2323,1,5,343,'Laura'),(2324,1,7,343,'Foster'),(2326,1,3,343,'English'),(2327,1,12,343,'2972c7e639c734f0e5bc18fe8f623722:MG'),(2328,1,5,344,'karen'),(2329,1,7,344,'mcintyre'),(2331,1,3,344,'English'),(2332,1,12,344,'9b3f8a7a4147a0aa8ab10eee082223a8:HH'),(2333,1,5,345,'Maureen'),(2334,1,7,345,'Joyce'),(2335,1,12,345,'a2c43f57df282b19a98d332eafc856a6:Vv'),(2336,1,3,345,'English'),(2337,1,5,346,'Ina'),(2338,1,7,346,'Mitschke'),(2339,1,12,346,'697ed6659662fcbf242dd3e78291e25d:5X'),(2340,1,3,346,'English'),(2341,1,5,347,'Alex'),(2342,1,7,347,'Honda'),(2343,1,12,347,'3e0fbd4f24b28b4e8ffebdf679efc5c8:Fu'),(2344,1,3,347,'English'),(2345,1,5,348,'anu'),(2346,1,7,348,'cfdf'),(2347,1,12,348,'b3133ea6d223350ec470fc8f5084ea28:iH'),(2348,1,3,348,'English'),(2349,1,5,349,'Etta'),(2350,1,7,349,'Jensen-Barnes'),(2351,1,12,349,'9402ba310874ddfc66161acf6f9fdf33:Qo'),(2352,1,3,349,'English'),(2353,1,5,350,'andrea '),(2354,1,7,350,'hamilton'),(2355,1,12,350,'94a79b37ed3d3bf866a0d9e8452368b1:aA'),(2356,1,3,350,'English'),(2357,1,5,351,'Barbara'),(2358,1,7,351,'Ham'),(2359,1,12,351,'97a6baa8f6321dcaa76a174b7919ebdc:4g'),(2360,1,3,351,'English'),(2361,1,5,352,'Bibi'),(2362,1,7,352,'Alyousifi'),(2363,1,12,352,'94c27bd65ef8e183d9d4e2ec079d3f82:NE'),(2364,1,3,352,'English'),(2365,1,5,353,'Silvia'),(2366,1,7,353,'Kähler'),(2367,1,12,353,'ef6f62f7722c0c575421060eea9f4236:Qc'),(2368,1,3,353,'English'),(2369,1,5,354,'Caroline'),(2370,1,7,354,'Lambert'),(2371,1,12,354,'a2a76046d83514919c2d64036df7693d:q9'),(2372,1,3,354,'English'),(2373,1,5,355,'Cynthia'),(2374,1,7,355,'Williams'),(2375,1,12,355,'773ede67987f2cd5273658eb34a83fad:px'),(2376,1,3,355,'English'),(2377,1,5,356,'DEborah Ann '),(2378,1,7,356,'Alessandro'),(2380,1,3,356,'English'),(2381,1,12,356,'fc5d69c72684299f2d7c6f0f94040e05:Yx'),(2382,1,5,357,'Patricia'),(2383,1,7,357,'MARGOLIS'),(2385,1,3,357,'English'),(2386,1,12,357,'17082f6392f653f923ecce2e46946928:zd'),(2387,1,5,358,'Whitney'),(2388,1,7,358,'Hensley-Young'),(2390,1,3,358,'English'),(2391,1,12,358,'3dadd44396139d03598d8eedc7770ae0:HI'),(2392,1,5,359,'melena'),(2393,1,7,359,'howard'),(2394,1,12,359,'6d93a9b711965c641e4985467429c0c0:UJ'),(2395,1,3,359,'English'),(2396,1,5,360,'Lauriew'),(2397,1,7,360,'Woolfe'),(2398,1,12,360,'6da6063edaed0c7bfa63faeaade4392a:yF'),(2399,1,3,360,'English');

--
-- Table structure for table `customer_group`
--

CREATE TABLE `customer_group` (
  `customer_group_id` smallint(3) unsigned NOT NULL auto_increment,
  `customer_group_code` varchar(32) NOT NULL default '',
  `tax_class_id` int(10) unsigned NOT NULL default '0',
  PRIMARY KEY  (`customer_group_id`)
) ENGINE=InnoDB AUTO_INCREMENT=4 DEFAULT CHARSET=utf8 COMMENT='Customer groups';

--
-- Dumping data for table `customer_group`
--

INSERT INTO `customer_group` VALUES (0,'NOT LOGGED IN',3),(1,'General',3),(2,'Wholesale',3),(3,'Retailer',3);

--
-- Table structure for table `dataflow_batch`
--

CREATE TABLE `dataflow_batch` (
  `batch_id` int(10) unsigned NOT NULL auto_increment,
  `profile_id` int(10) unsigned NOT NULL default '0',
  `store_id` smallint(5) unsigned NOT NULL default '0',
  `adapter` varchar(128) default NULL,
  `params` text,
  `created_at` datetime default NULL,
  PRIMARY KEY  (`batch_id`),
  KEY `FK_DATAFLOW_BATCH_PROFILE` (`profile_id`),
  KEY `FK_DATAFLOW_BATCH_STORE` (`store_id`),
  KEY `IDX_CREATED_AT` (`created_at`),
  CONSTRAINT `FK_DATAFLOW_BATCH_PROFILE` FOREIGN KEY (`profile_id`) REFERENCES `dataflow_profile` (`profile_id`) ON DELETE CASCADE,
  CONSTRAINT `FK_DATAFLOW_BATCH_STORE` FOREIGN KEY (`store_id`) REFERENCES `core_store` (`store_id`) ON DELETE CASCADE
) ENGINE=InnoDB DEFAULT CHARSET=utf8;

--
-- Dumping data for table `dataflow_batch`
--


--
-- Table structure for table `dataflow_batch_export`
--

CREATE TABLE `dataflow_batch_export` (
  `batch_export_id` bigint(20) unsigned NOT NULL auto_increment,
  `batch_id` int(10) unsigned NOT NULL default '0',
  `batch_data` longtext,
  `status` tinyint(3) unsigned NOT NULL default '0',
  PRIMARY KEY  (`batch_export_id`),
  KEY `FK_DATAFLOW_BATCH_EXPORT_BATCH` (`batch_id`),
  CONSTRAINT `FK_DATAFLOW_BATCH_EXPORT_BATCH` FOREIGN KEY (`batch_id`) REFERENCES `dataflow_batch` (`batch_id`) ON DELETE CASCADE
) ENGINE=InnoDB DEFAULT CHARSET=utf8;

--
-- Dumping data for table `dataflow_batch_export`
--


--
-- Table structure for table `dataflow_batch_import`
--

CREATE TABLE `dataflow_batch_import` (
  `batch_import_id` bigint(20) unsigned NOT NULL auto_increment,
  `batch_id` int(10) unsigned NOT NULL default '0',
  `batch_data` longtext,
  `status` tinyint(3) unsigned NOT NULL default '0',
  PRIMARY KEY  (`batch_import_id`),
  KEY `FK_DATAFLOW_BATCH_IMPORT_BATCH` (`batch_id`),
  CONSTRAINT `FK_DATAFLOW_BATCH_IMPORT_BATCH` FOREIGN KEY (`batch_id`) REFERENCES `dataflow_batch` (`batch_id`) ON DELETE CASCADE
) ENGINE=InnoDB DEFAULT CHARSET=utf8;

--
-- Dumping data for table `dataflow_batch_import`
--


--
-- Table structure for table `dataflow_import_data`
--

CREATE TABLE `dataflow_import_data` (
  `import_id` int(11) NOT NULL auto_increment,
  `session_id` int(11) default NULL,
  `serial_number` int(11) NOT NULL default '0',
  `value` text,
  `status` int(1) NOT NULL default '0',
  PRIMARY KEY  (`import_id`),
  KEY `FK_dataflow_import_data` (`session_id`),
  CONSTRAINT `FK_dataflow_import_data` FOREIGN KEY (`session_id`) REFERENCES `dataflow_session` (`session_id`)
) ENGINE=InnoDB DEFAULT CHARSET=utf8;

--
-- Dumping data for table `dataflow_import_data`
--


--
-- Table structure for table `dataflow_profile`
--

CREATE TABLE `dataflow_profile` (
  `profile_id` int(10) unsigned NOT NULL auto_increment,
  `name` varchar(255) NOT NULL default '',
  `created_at` datetime NOT NULL default '0000-00-00 00:00:00',
  `updated_at` datetime NOT NULL default '0000-00-00 00:00:00',
  `actions_xml` text,
  `gui_data` text,
  `direction` enum('import','export') default NULL,
  `entity_type` varchar(64) NOT NULL default '',
  `store_id` smallint(5) unsigned NOT NULL default '0',
  `data_transfer` enum('file','interactive') default NULL,
  PRIMARY KEY  (`profile_id`)
) ENGINE=InnoDB AUTO_INCREMENT=7 DEFAULT CHARSET=utf8;

--
-- Dumping data for table `dataflow_profile`
--

INSERT INTO `dataflow_profile` VALUES (1,'Export All Products','2009-01-19 14:47:21','2009-01-19 14:47:21','<action type=\"catalog/convert_adapter_product\" method=\"load\">\r\n    <var name=\"store\"><![CDATA[0]]></var>\r\n</action>\r\n\r\n<action type=\"catalog/convert_parser_product\" method=\"unparse\">\r\n    <var name=\"store\"><![CDATA[0]]></var>\r\n</action>\r\n\r\n<action type=\"dataflow/convert_mapper_column\" method=\"map\">\r\n</action>\r\n\r\n<action type=\"dataflow/convert_parser_csv\" method=\"unparse\">\r\n    <var name=\"delimiter\"><![CDATA[,]]></var>\r\n    <var name=\"enclose\"><![CDATA[\"]]></var>\r\n    <var name=\"fieldnames\">true</var>\r\n</action>\r\n\r\n<action type=\"dataflow/convert_adapter_io\" method=\"save\">\r\n    <var name=\"type\">file</var>\r\n    <var name=\"path\">var/export</var>\r\n    <var name=\"filename\"><![CDATA[export_all_products.csv]]></var>\r\n</action>\r\n\r\n','a:5:{s:4:\"file\";a:7:{s:4:\"type\";s:4:\"file\";s:8:\"filename\";s:23:\"export_all_products.csv\";s:4:\"path\";s:10:\"var/export\";s:4:\"host\";s:0:\"\";s:4:\"user\";s:0:\"\";s:8:\"password\";s:0:\"\";s:7:\"passive\";s:0:\"\";}s:5:\"parse\";a:5:{s:4:\"type\";s:3:\"csv\";s:12:\"single_sheet\";s:0:\"\";s:9:\"delimiter\";s:1:\",\";s:7:\"enclose\";s:1:\"\"\";s:10:\"fieldnames\";s:4:\"true\";}s:3:\"map\";a:3:{s:14:\"only_specified\";s:0:\"\";s:7:\"product\";a:2:{s:2:\"db\";a:0:{}s:4:\"file\";a:0:{}}s:8:\"customer\";a:2:{s:2:\"db\";a:0:{}s:4:\"file\";a:0:{}}}s:7:\"product\";a:1:{s:6:\"filter\";a:8:{s:4:\"name\";s:0:\"\";s:3:\"sku\";s:0:\"\";s:4:\"type\";s:1:\"0\";s:13:\"attribute_set\";s:0:\"\";s:5:\"price\";a:2:{s:4:\"from\";s:0:\"\";s:2:\"to\";s:0:\"\";}s:3:\"qty\";a:2:{s:4:\"from\";s:0:\"\";s:2:\"to\";s:0:\"\";}s:10:\"visibility\";s:1:\"0\";s:6:\"status\";s:1:\"0\";}}s:8:\"customer\";a:1:{s:6:\"filter\";a:10:{s:9:\"firstname\";s:0:\"\";s:8:\"lastname\";s:0:\"\";s:5:\"email\";s:0:\"\";s:5:\"group\";s:1:\"0\";s:10:\"adressType\";s:15:\"default_billing\";s:9:\"telephone\";s:0:\"\";s:8:\"postcode\";s:0:\"\";s:7:\"country\";s:0:\"\";s:6:\"region\";s:0:\"\";s:10:\"created_at\";a:2:{s:4:\"from\";s:0:\"\";s:2:\"to\";s:0:\"\";}}}}','export','product',0,'file'),(2,'Export Product Stocks','2009-01-19 14:47:21','2009-01-19 14:47:21','<action type=\"catalog/convert_adapter_product\" method=\"load\">\r\n    <var name=\"store\"><![CDATA[0]]></var>\r\n</action>\r\n\r\n<action type=\"catalog/convert_parser_product\" method=\"unparse\">\r\n    <var name=\"store\"><![CDATA[0]]></var>\r\n</action>\r\n\r\n<action type=\"dataflow/convert_mapper_column\" method=\"map\">\r\n    <var name=\"map\">\r\n        <map name=\"store\"><![CDATA[store]]></map>\r\n        <map name=\"sku\"><![CDATA[sku]]></map>\r\n        <map name=\"qty\"><![CDATA[qty]]></map>\r\n        <map name=\"is_in_stock\"><![CDATA[is_in_stock]]></map>\r\n    </var>\r\n    <var name=\"_only_specified\">true</var>\r\n</action>\r\n\r\n<action type=\"dataflow/convert_parser_csv\" method=\"unparse\">\r\n    <var name=\"delimiter\"><![CDATA[,]]></var>\r\n    <var name=\"enclose\"><![CDATA[\"]]></var>\r\n    <var name=\"fieldnames\">true</var>\r\n</action>\r\n\r\n<action type=\"dataflow/convert_adapter_io\" method=\"save\">\r\n    <var name=\"type\">file</var>\r\n    <var name=\"path\">var/export</var>\r\n    <var name=\"filename\"><![CDATA[export_product_stocks.csv]]></var>\r\n</action>\r\n\r\n','a:5:{s:4:\"file\";a:7:{s:4:\"type\";s:4:\"file\";s:8:\"filename\";s:25:\"export_product_stocks.csv\";s:4:\"path\";s:10:\"var/export\";s:4:\"host\";s:0:\"\";s:4:\"user\";s:0:\"\";s:8:\"password\";s:0:\"\";s:7:\"passive\";s:0:\"\";}s:5:\"parse\";a:5:{s:4:\"type\";s:3:\"csv\";s:12:\"single_sheet\";s:0:\"\";s:9:\"delimiter\";s:1:\",\";s:7:\"enclose\";s:1:\"\"\";s:10:\"fieldnames\";s:4:\"true\";}s:3:\"map\";a:3:{s:14:\"only_specified\";s:4:\"true\";s:7:\"product\";a:2:{s:2:\"db\";a:4:{i:1;s:5:\"store\";i:2;s:3:\"sku\";i:3;s:3:\"qty\";i:4;s:11:\"is_in_stock\";}s:4:\"file\";a:4:{i:1;s:5:\"store\";i:2;s:3:\"sku\";i:3;s:3:\"qty\";i:4;s:11:\"is_in_stock\";}}s:8:\"customer\";a:2:{s:2:\"db\";a:0:{}s:4:\"file\";a:0:{}}}s:7:\"product\";a:1:{s:6:\"filter\";a:8:{s:4:\"name\";s:0:\"\";s:3:\"sku\";s:0:\"\";s:4:\"type\";s:1:\"0\";s:13:\"attribute_set\";s:0:\"\";s:5:\"price\";a:2:{s:4:\"from\";s:0:\"\";s:2:\"to\";s:0:\"\";}s:3:\"qty\";a:2:{s:4:\"from\";s:0:\"\";s:2:\"to\";s:0:\"\";}s:10:\"visibility\";s:1:\"0\";s:6:\"status\";s:1:\"0\";}}s:8:\"customer\";a:1:{s:6:\"filter\";a:10:{s:9:\"firstname\";s:0:\"\";s:8:\"lastname\";s:0:\"\";s:5:\"email\";s:0:\"\";s:5:\"group\";s:1:\"0\";s:10:\"adressType\";s:15:\"default_billing\";s:9:\"telephone\";s:0:\"\";s:8:\"postcode\";s:0:\"\";s:7:\"country\";s:0:\"\";s:6:\"region\";s:0:\"\";s:10:\"created_at\";a:2:{s:4:\"from\";s:0:\"\";s:2:\"to\";s:0:\"\";}}}}','export','product',0,'file'),(3,'Import All Products','2009-01-19 14:47:21','2009-01-19 14:47:21','<action type=\"dataflow/convert_parser_csv\" method=\"parse\">\r\n    <var name=\"delimiter\"><![CDATA[,]]></var>\r\n    <var name=\"enclose\"><![CDATA[\"]]></var>\r\n    <var name=\"fieldnames\">true</var>\r\n    <var name=\"store\"><![CDATA[0]]></var>\r\n    <var name=\"adapter\">catalog/convert_adapter_product</var>\r\n    <var name=\"method\">parse</var>\r\n</action>','a:5:{s:4:\"file\";a:7:{s:4:\"type\";s:4:\"file\";s:8:\"filename\";s:23:\"export_all_products.csv\";s:4:\"path\";s:10:\"var/export\";s:4:\"host\";s:0:\"\";s:4:\"user\";s:0:\"\";s:8:\"password\";s:0:\"\";s:7:\"passive\";s:0:\"\";}s:5:\"parse\";a:5:{s:4:\"type\";s:3:\"csv\";s:12:\"single_sheet\";s:0:\"\";s:9:\"delimiter\";s:1:\",\";s:7:\"enclose\";s:1:\"\"\";s:10:\"fieldnames\";s:4:\"true\";}s:3:\"map\";a:3:{s:14:\"only_specified\";s:0:\"\";s:7:\"product\";a:2:{s:2:\"db\";a:0:{}s:4:\"file\";a:0:{}}s:8:\"customer\";a:2:{s:2:\"db\";a:0:{}s:4:\"file\";a:0:{}}}s:7:\"product\";a:1:{s:6:\"filter\";a:8:{s:4:\"name\";s:0:\"\";s:3:\"sku\";s:0:\"\";s:4:\"type\";s:1:\"0\";s:13:\"attribute_set\";s:0:\"\";s:5:\"price\";a:2:{s:4:\"from\";s:0:\"\";s:2:\"to\";s:0:\"\";}s:3:\"qty\";a:2:{s:4:\"from\";s:0:\"\";s:2:\"to\";s:0:\"\";}s:10:\"visibility\";s:1:\"0\";s:6:\"status\";s:1:\"0\";}}s:8:\"customer\";a:1:{s:6:\"filter\";a:10:{s:9:\"firstname\";s:0:\"\";s:8:\"lastname\";s:0:\"\";s:5:\"email\";s:0:\"\";s:5:\"group\";s:1:\"0\";s:10:\"adressType\";s:15:\"default_billing\";s:9:\"telephone\";s:0:\"\";s:8:\"postcode\";s:0:\"\";s:7:\"country\";s:0:\"\";s:6:\"region\";s:0:\"\";s:10:\"created_at\";a:2:{s:4:\"from\";s:0:\"\";s:2:\"to\";s:0:\"\";}}}}','import','product',0,'interactive'),(4,'Import Product Stocks','2009-01-19 14:47:21','2009-01-19 14:47:21','<action type=\"dataflow/convert_parser_csv\" method=\"parse\">\r\n    <var name=\"delimiter\"><![CDATA[,]]></var>\r\n    <var name=\"enclose\"><![CDATA[\"]]></var>\r\n    <var name=\"fieldnames\">true</var>\r\n    <var name=\"store\"><![CDATA[0]]></var>\r\n    <var name=\"adapter\">catalog/convert_adapter_product</var>\r\n    <var name=\"method\">parse</var>\r\n</action>','a:5:{s:4:\"file\";a:7:{s:4:\"type\";s:4:\"file\";s:8:\"filename\";s:18:\"export_product.csv\";s:4:\"path\";s:10:\"var/export\";s:4:\"host\";s:0:\"\";s:4:\"user\";s:0:\"\";s:8:\"password\";s:0:\"\";s:7:\"passive\";s:0:\"\";}s:5:\"parse\";a:5:{s:4:\"type\";s:3:\"csv\";s:12:\"single_sheet\";s:0:\"\";s:9:\"delimiter\";s:1:\",\";s:7:\"enclose\";s:1:\"\"\";s:10:\"fieldnames\";s:4:\"true\";}s:3:\"map\";a:3:{s:14:\"only_specified\";s:0:\"\";s:7:\"product\";a:2:{s:2:\"db\";a:0:{}s:4:\"file\";a:0:{}}s:8:\"customer\";a:2:{s:2:\"db\";a:0:{}s:4:\"file\";a:0:{}}}s:7:\"product\";a:1:{s:6:\"filter\";a:8:{s:4:\"name\";s:0:\"\";s:3:\"sku\";s:0:\"\";s:4:\"type\";s:1:\"0\";s:13:\"attribute_set\";s:0:\"\";s:5:\"price\";a:2:{s:4:\"from\";s:0:\"\";s:2:\"to\";s:0:\"\";}s:3:\"qty\";a:2:{s:4:\"from\";s:0:\"\";s:2:\"to\";s:0:\"\";}s:10:\"visibility\";s:1:\"0\";s:6:\"status\";s:1:\"0\";}}s:8:\"customer\";a:1:{s:6:\"filter\";a:10:{s:9:\"firstname\";s:0:\"\";s:8:\"lastname\";s:0:\"\";s:5:\"email\";s:0:\"\";s:5:\"group\";s:1:\"0\";s:10:\"adressType\";s:15:\"default_billing\";s:9:\"telephone\";s:0:\"\";s:8:\"postcode\";s:0:\"\";s:7:\"country\";s:0:\"\";s:6:\"region\";s:0:\"\";s:10:\"created_at\";a:2:{s:4:\"from\";s:0:\"\";s:2:\"to\";s:0:\"\";}}}}','import','product',0,'interactive'),(5,'Export Customers','2009-01-19 14:47:21','2009-01-19 14:47:21','<action type=\"customer/convert_adapter_customer\" method=\"load\">\r\n    <var name=\"store\"><![CDATA[0]]></var>\r\n    <var name=\"filter/adressType\"><![CDATA[default_billing]]></var>\r\n</action>\r\n\r\n<action type=\"customer/convert_parser_customer\" method=\"unparse\">\r\n    <var name=\"store\"><![CDATA[0]]></var>\r\n</action>\r\n\r\n<action type=\"dataflow/convert_mapper_column\" method=\"map\">\r\n</action>\r\n\r\n<action type=\"dataflow/convert_parser_csv\" method=\"unparse\">\r\n    <var name=\"delimiter\"><![CDATA[,]]></var>\r\n    <var name=\"enclose\"><![CDATA[\"]]></var>\r\n    <var name=\"fieldnames\">true</var>\r\n</action>\r\n\r\n<action type=\"dataflow/convert_adapter_io\" method=\"save\">\r\n    <var name=\"type\">file</var>\r\n    <var name=\"path\">var/export</var>\r\n    <var name=\"filename\"><![CDATA[export_customers.csv]]></var>\r\n</action>\r\n\r\n','a:5:{s:4:\"file\";a:7:{s:4:\"type\";s:4:\"file\";s:8:\"filename\";s:20:\"export_customers.csv\";s:4:\"path\";s:10:\"var/export\";s:4:\"host\";s:0:\"\";s:4:\"user\";s:0:\"\";s:8:\"password\";s:0:\"\";s:7:\"passive\";s:0:\"\";}s:5:\"parse\";a:5:{s:4:\"type\";s:3:\"csv\";s:12:\"single_sheet\";s:0:\"\";s:9:\"delimiter\";s:1:\",\";s:7:\"enclose\";s:1:\"\"\";s:10:\"fieldnames\";s:4:\"true\";}s:3:\"map\";a:3:{s:14:\"only_specified\";s:0:\"\";s:7:\"product\";a:2:{s:2:\"db\";a:0:{}s:4:\"file\";a:0:{}}s:8:\"customer\";a:2:{s:2:\"db\";a:0:{}s:4:\"file\";a:0:{}}}s:7:\"product\";a:1:{s:6:\"filter\";a:8:{s:4:\"name\";s:0:\"\";s:3:\"sku\";s:0:\"\";s:4:\"type\";s:1:\"0\";s:13:\"attribute_set\";s:0:\"\";s:5:\"price\";a:2:{s:4:\"from\";s:0:\"\";s:2:\"to\";s:0:\"\";}s:3:\"qty\";a:2:{s:4:\"from\";s:0:\"\";s:2:\"to\";s:0:\"\";}s:10:\"visibility\";s:1:\"0\";s:6:\"status\";s:1:\"0\";}}s:8:\"customer\";a:1:{s:6:\"filter\";a:10:{s:9:\"firstname\";s:0:\"\";s:8:\"lastname\";s:0:\"\";s:5:\"email\";s:0:\"\";s:5:\"group\";s:1:\"0\";s:10:\"adressType\";s:15:\"default_billing\";s:9:\"telephone\";s:0:\"\";s:8:\"postcode\";s:0:\"\";s:7:\"country\";s:0:\"\";s:6:\"region\";s:0:\"\";s:10:\"created_at\";a:2:{s:4:\"from\";s:0:\"\";s:2:\"to\";s:0:\"\";}}}}','export','customer',0,'file'),(6,'Import Customers','2009-01-19 14:47:21','2009-01-19 14:47:21','<action type=\"dataflow/convert_parser_csv\" method=\"parse\">\r\n    <var name=\"delimiter\"><![CDATA[,]]></var>\r\n    <var name=\"enclose\"><![CDATA[\"]]></var>\r\n    <var name=\"fieldnames\">true</var>\r\n    <var name=\"store\"><![CDATA[0]]></var>\r\n    <var name=\"adapter\">customer/convert_adapter_customer</var>\r\n    <var name=\"method\">parse</var>\r\n</action>','a:5:{s:4:\"file\";a:7:{s:4:\"type\";s:4:\"file\";s:8:\"filename\";s:19:\"export_customer.csv\";s:4:\"path\";s:10:\"var/export\";s:4:\"host\";s:0:\"\";s:4:\"user\";s:0:\"\";s:8:\"password\";s:0:\"\";s:7:\"passive\";s:0:\"\";}s:5:\"parse\";a:5:{s:4:\"type\";s:3:\"csv\";s:12:\"single_sheet\";s:0:\"\";s:9:\"delimiter\";s:1:\",\";s:7:\"enclose\";s:1:\"\"\";s:10:\"fieldnames\";s:4:\"true\";}s:3:\"map\";a:3:{s:14:\"only_specified\";s:0:\"\";s:7:\"product\";a:2:{s:2:\"db\";a:0:{}s:4:\"file\";a:0:{}}s:8:\"customer\";a:2:{s:2:\"db\";a:0:{}s:4:\"file\";a:0:{}}}s:7:\"product\";a:1:{s:6:\"filter\";a:8:{s:4:\"name\";s:0:\"\";s:3:\"sku\";s:0:\"\";s:4:\"type\";s:1:\"0\";s:13:\"attribute_set\";s:0:\"\";s:5:\"price\";a:2:{s:4:\"from\";s:0:\"\";s:2:\"to\";s:0:\"\";}s:3:\"qty\";a:2:{s:4:\"from\";s:0:\"\";s:2:\"to\";s:0:\"\";}s:10:\"visibility\";s:1:\"0\";s:6:\"status\";s:1:\"0\";}}s:8:\"customer\";a:1:{s:6:\"filter\";a:10:{s:9:\"firstname\";s:0:\"\";s:8:\"lastname\";s:0:\"\";s:5:\"email\";s:0:\"\";s:5:\"group\";s:1:\"0\";s:10:\"adressType\";s:15:\"default_billing\";s:9:\"telephone\";s:0:\"\";s:8:\"postcode\";s:0:\"\";s:7:\"country\";s:0:\"\";s:6:\"region\";s:0:\"\";s:10:\"created_at\";a:2:{s:4:\"from\";s:0:\"\";s:2:\"to\";s:0:\"\";}}}}','import','customer',0,'interactive');

--
-- Table structure for table `dataflow_profile_history`
--

CREATE TABLE `dataflow_profile_history` (
  `history_id` int(10) unsigned NOT NULL auto_increment,
  `profile_id` int(10) unsigned NOT NULL default '0',
  `action_code` varchar(64) default NULL,
  `user_id` int(10) unsigned NOT NULL default '0',
  `performed_at` datetime default NULL,
  PRIMARY KEY  (`history_id`),
  KEY `FK_dataflow_profile_history` (`profile_id`),
  CONSTRAINT `FK_dataflow_profile_history` FOREIGN KEY (`profile_id`) REFERENCES `dataflow_profile` (`profile_id`) ON DELETE CASCADE ON UPDATE CASCADE
) ENGINE=InnoDB AUTO_INCREMENT=3 DEFAULT CHARSET=utf8;

--
-- Dumping data for table `dataflow_profile_history`
--

INSERT INTO `dataflow_profile_history` VALUES (1,1,'run',2,'2009-02-11 16:22:18'),(2,5,'run',2,'2009-02-14 19:42:14');

--
-- Table structure for table `dataflow_session`
--

CREATE TABLE `dataflow_session` (
  `session_id` int(11) NOT NULL auto_increment,
  `user_id` int(11) NOT NULL,
  `created_date` datetime default NULL,
  `file` varchar(255) default NULL,
  `type` varchar(32) default NULL,
  `direction` varchar(32) default NULL,
  `comment` varchar(255) default NULL,
  PRIMARY KEY  (`session_id`)
) ENGINE=InnoDB DEFAULT CHARSET=utf8;

--
-- Dumping data for table `dataflow_session`
--


--
-- Table structure for table `design_change`
--

CREATE TABLE `design_change` (
  `design_change_id` int(11) NOT NULL auto_increment,
  `store_id` smallint(5) unsigned NOT NULL default '0',
  `design` varchar(255) NOT NULL default '',
  `date_from` date default NULL,
  `date_to` date default NULL,
  PRIMARY KEY  (`design_change_id`),
  KEY `FK_DESIGN_CHANGE_STORE` (`store_id`),
  CONSTRAINT `FK_DESIGN_CHANGE_STORE` FOREIGN KEY (`store_id`) REFERENCES `core_store` (`store_id`) ON DELETE CASCADE ON UPDATE CASCADE
) ENGINE=InnoDB DEFAULT CHARSET=utf8;

--
-- Dumping data for table `design_change`
--


--
-- Table structure for table `directory_country`
--

CREATE TABLE `directory_country` (
  `country_id` varchar(2) NOT NULL default '',
  `iso2_code` varchar(2) NOT NULL default '',
  `iso3_code` varchar(3) NOT NULL default '',
  PRIMARY KEY  (`country_id`)
) ENGINE=InnoDB DEFAULT CHARSET=utf8 COMMENT='Countries';

--
-- Dumping data for table `directory_country`
--

INSERT INTO `directory_country` VALUES ('AD','AD','AND'),('AE','AE','ARE'),('AF','AF','AFG'),('AG','AG','ATG'),('AI','AI','AIA'),('AL','AL','ALB'),('AM','AM','ARM'),('AN','AN','ANT'),('AO','AO','AGO'),('AQ','AQ','ATA'),('AR','AR','ARG'),('AS','AS','ASM'),('AT','AT','AUT'),('AU','AU','AUS'),('AW','AW','ABW'),('AX','AX','ALA'),('AZ','AZ','AZE'),('BA','BA','BIH'),('BB','BB','BRB'),('BD','BD','BGD'),('BE','BE','BEL'),('BF','BF','BFA'),('BG','BG','BGR'),('BH','BH','BHR'),('BI','BI','BDI'),('BJ','BJ','BEN'),('BL','BL','BLM'),('BM','BM','BMU'),('BN','BN','BRN'),('BO','BO','BOL'),('BR','BR','BRA'),('BS','BS','BHS'),('BT','BT','BTN'),('BV','BV','BVT'),('BW','BW','BWA'),('BY','BY','BLR'),('BZ','BZ','BLZ'),('CA','CA','CAN'),('CC','CC','CCK'),('CD','CD','COD'),('CF','CF','CAF'),('CG','CG','COG'),('CH','CH','CHE'),('CI','CI','CIV'),('CK','CK','COK'),('CL','CL','CHL'),('CM','CM','CMR'),('CN','CN','CHN'),('CO','CO','COL'),('CR','CR','CRI'),('CS','CS','SCG'),('CU','CU','CUB'),('CV','CV','CPV'),('CX','CX','CXR'),('CY','CY','CYP'),('CZ','CZ','CZE'),('DE','DE','DEU'),('DJ','DJ','DJI'),('DK','DK','DNK'),('DM','DM','DMA'),('DO','DO','DOM'),('DZ','DZ','DZA'),('EC','EC','ECU'),('EE','EE','EST'),('EG','EG','EGY'),('EH','EH','ESH'),('ER','ER','ERI'),('ES','ES','ESP'),('ET','ET','ETH'),('FI','FI','FIN'),('FJ','FJ','FJI'),('FK','FK','FLK'),('FM','FM','FSM'),('FO','FO','FRO'),('FR','FR','FRA'),('FX','FX','FXX'),('GA','GA','GAB'),('GB','GB','GBR'),('GD','GD','GRD'),('GE','GE','GEO'),('GF','GF','GUF'),('GG','GG','GGY'),('GH','GH','GHA'),('GI','GI','GIB'),('GL','GL','GRL'),('GM','GM','GMB'),('GN','GN','GIN'),('GP','GP','GLP'),('GQ','GQ','GNQ'),('GR','GR','GRC'),('GS','GS','SGS'),('GT','GT','GTM'),('GU','GU','GUM'),('GW','GW','GNB'),('GY','GY','GUY'),('HK','HK','HKG'),('HM','HM','HMD'),('HN','HN','HND'),('HR','HR','HRV'),('HT','HT','HTI'),('HU','HU','HUN'),('ID','ID','IDN'),('IE','IE','IRL'),('IL','IL','ISR'),('IM','IM','IMN'),('IN','IN','IND'),('IO','IO','IOT'),('IQ','IQ','IRQ'),('IR','IR','IRN'),('IS','IS','ISL'),('IT','IT','ITA'),('JE','JE','JEY'),('JM','JM','JAM'),('JO','JO','JOR'),('JP','JP','JPN'),('KE','KE','KEN'),('KG','KG','KGZ'),('KH','KH','KHM'),('KI','KI','KIR'),('KM','KM','COM'),('KN','KN','KNA'),('KP','KP','PRK'),('KR','KR','KOR'),('KW','KW','KWT'),('KY','KY','CYM'),('KZ','KZ','KAZ'),('LA','LA','LAO'),('LB','LB','LBN'),('LC','LC','LCA'),('LI','LI','LIE'),('LK','LK','LKA'),('LR','LR','LBR'),('LS','LS','LSO'),('LT','LT','LTU'),('LU','LU','LUX'),('LV','LV','LVA'),('LY','LY','LBY'),('MA','MA','MAR'),('MC','MC','MCO'),('MD','MD','MDA'),('ME','ME','MNE'),('MF','MF','MAF'),('MG','MG','MDG'),('MH','MH','MHL'),('MK','MK','MKD'),('ML','ML','MLI'),('MM','MM','MMR'),('MN','MN','MNG'),('MO','MO','MAC'),('MP','MP','MNP'),('MQ','MQ','MTQ'),('MR','MR','MRT'),('MS','MS','MSR'),('MT','MT','MLT'),('MU','MU','MUS'),('MV','MV','MDV'),('MW','MW','MWI'),('MX','MX','MEX'),('MY','MY','MYS'),('MZ','MZ','MOZ'),('NA','NA','NAM'),('NC','NC','NCL'),('NE','NE','NER'),('NF','NF','NFK'),('NG','NG','NGA'),('NI','NI','NIC'),('NL','NL','NLD'),('NO','NO','NOR'),('NP','NP','NPL'),('NR','NR','NRU'),('NU','NU','NIU'),('NZ','NZ','NZL'),('OM','OM','OMN'),('PA','PA','PAN'),('PE','PE','PER'),('PF','PF','PYF'),('PG','PG','PNG'),('PH','PH','PHL'),('PK','PK','PAK'),('PL','PL','POL'),('PM','PM','SPM'),('PN','PN','PCN'),('PR','PR','PRI'),('PS','PS','PSE'),('PT','PT','PRT'),('PW','PW','PLW'),('PY','PY','PRY'),('QA','QA','QAT'),('RE','RE','REU'),('RO','RO','ROM'),('RS','RS','SRB'),('RU','RU','RUS'),('RW','RW','RWA'),('SA','SA','SAU'),('SB','SB','SLB'),('SC','SC','SYC'),('SD','SD','SDN'),('SE','SE','SWE'),('SG','SG','SGP'),('SH','SH','SHN'),('SI','SI','SVN'),('SJ','SJ','SJM'),('SK','SK','SVK'),('SL','SL','SLE'),('SM','SM','SMR'),('SN','SN','SEN'),('SO','SO','SOM'),('SR','SR','SUR'),('ST','ST','STP'),('SV','SV','SLV'),('SY','SY','SYR'),('SZ','SZ','SWZ'),('TC','TC','TCA'),('TD','TD','TCD'),('TF','TF','ATF'),('TG','TG','TGO'),('TH','TH','THA'),('TJ','TJ','TJK'),('TK','TK','TKL'),('TL','TL','TLS'),('TM','TM','TKM'),('TN','TN','TUN'),('TO','TO','TON'),('TR','TR','TUR'),('TT','TT','TTO'),('TV','TV','TUV'),('TW','TW','TWN'),('TZ','TZ','TZA'),('UA','UA','UKR'),('UG','UG','UGA'),('UM','UM','UMI'),('US','US','USA'),('UY','UY','URY'),('UZ','UZ','UZB'),('VA','VA','VAT'),('VC','VC','VCT'),('VE','VE','VEN'),('VG','VG','VGB'),('VI','VI','VIR'),('VN','VN','VNM'),('VU','VU','VUT'),('WF','WF','WLF'),('WS','WS','WSM'),('YE','YE','YEM'),('YT','YT','MYT'),('ZA','ZA','ZAF'),('ZM','ZM','ZMB'),('ZW','ZW','ZWE');

--
-- Table structure for table `directory_country_format`
--

CREATE TABLE `directory_country_format` (
  `country_format_id` int(10) unsigned NOT NULL auto_increment,
  `country_id` varchar(2) NOT NULL default '',
  `type` varchar(30) NOT NULL default '',
  `format` text NOT NULL,
  PRIMARY KEY  (`country_format_id`),
  UNIQUE KEY `country_type` (`country_id`,`type`)
) ENGINE=InnoDB DEFAULT CHARSET=utf8 COMMENT='Countries format';

--
-- Dumping data for table `directory_country_format`
--


--
-- Table structure for table `directory_country_region`
--

CREATE TABLE `directory_country_region` (
  `region_id` mediumint(8) unsigned NOT NULL auto_increment,
  `country_id` varchar(4) NOT NULL default '0',
  `code` varchar(32) NOT NULL default '',
  `default_name` varchar(255) default NULL,
  PRIMARY KEY  (`region_id`),
  KEY `FK_REGION_COUNTRY` (`country_id`)
) ENGINE=InnoDB AUTO_INCREMENT=278 DEFAULT CHARSET=utf8 COMMENT='Country regions';

--
-- Dumping data for table `directory_country_region`
--

INSERT INTO `directory_country_region` VALUES (1,'US','AL','Alabama'),(2,'US','AK','Alaska'),(3,'US','AS','American Samoa'),(4,'US','AZ','Arizona'),(5,'US','AR','Arkansas'),(6,'US','AF','Armed Forces Africa'),(7,'US','AA','Armed Forces Americas'),(8,'US','AC','Armed Forces Canada'),(9,'US','AE','Armed Forces Europe'),(10,'US','AM','Armed Forces Middle East'),(11,'US','AP','Armed Forces Pacific'),(12,'US','CA','California'),(13,'US','CO','Colorado'),(14,'US','CT','Connecticut'),(15,'US','DE','Delaware'),(16,'US','DC','District of Columbia'),(17,'US','FM','Federated States Of Micronesia'),(18,'US','FL','Florida'),(19,'US','GA','Georgia'),(20,'US','GU','Guam'),(21,'US','HI','Hawaii'),(22,'US','ID','Idaho'),(23,'US','IL','Illinois'),(24,'US','IN','Indiana'),(25,'US','IA','Iowa'),(26,'US','KS','Kansas'),(27,'US','KY','Kentucky'),(28,'US','LA','Louisiana'),(29,'US','ME','Maine'),(30,'US','MH','Marshall Islands'),(31,'US','MD','Maryland'),(32,'US','MA','Massachusetts'),(33,'US','MI','Michigan'),(34,'US','MN','Minnesota'),(35,'US','MS','Mississippi'),(36,'US','MO','Missouri'),(37,'US','MT','Montana'),(38,'US','NE','Nebraska'),(39,'US','NV','Nevada'),(40,'US','NH','New Hampshire'),(41,'US','NJ','New Jersey'),(42,'US','NM','New Mexico'),(43,'US','NY','New York'),(44,'US','NC','North Carolina'),(45,'US','ND','North Dakota'),(46,'US','MP','Northern Mariana Islands'),(47,'US','OH','Ohio'),(48,'US','OK','Oklahoma'),(49,'US','OR','Oregon'),(50,'US','PW','Palau'),(51,'US','PA','Pennsylvania'),(52,'US','PR','Puerto Rico'),(53,'US','RI','Rhode Island'),(54,'US','SC','South Carolina'),(55,'US','SD','South Dakota'),(56,'US','TN','Tennessee'),(57,'US','TX','Texas'),(58,'US','UT','Utah'),(59,'US','VT','Vermont'),(60,'US','VI','Virgin Islands'),(61,'US','VA','Virginia'),(62,'US','WA','Washington'),(63,'US','WV','West Virginia'),(64,'US','WI','Wisconsin'),(65,'US','WY','Wyoming'),(66,'CA','AB','Alberta'),(67,'CA','BC','British Columbia'),(68,'CA','MB','Manitoba'),(69,'CA','NF','Newfoundland'),(70,'CA','NB','New Brunswick'),(71,'CA','NS','Nova Scotia'),(72,'CA','NT','Northwest Territories'),(73,'CA','NU','Nunavut'),(74,'CA','ON','Ontario'),(75,'CA','PE','Prince Edward Island'),(76,'CA','QC','Quebec'),(77,'CA','SK','Saskatchewan'),(78,'CA','YT','Yukon Territory'),(79,'DE','NDS','Niedersachsen'),(80,'DE','BAW','Baden-Württemberg'),(81,'DE','BAY','Bayern'),(82,'DE','BER','Berlin'),(83,'DE','BRG','Brandenburg'),(84,'DE','BRE','Bremen'),(85,'DE','HAM','Hamburg'),(86,'DE','HES','Hessen'),(87,'DE','MEC','Mecklenburg-Vorpommern'),(88,'DE','NRW','Nordrhein-Westfalen'),(89,'DE','RHE','Rheinland-Pfalz'),(90,'DE','SAR','Saarland'),(91,'DE','SAS','Sachsen'),(92,'DE','SAC','Sachsen-Anhalt'),(93,'DE','SCN','Schleswig-Holstein'),(94,'DE','THE','Thüringen'),(95,'AT','WI','Wien'),(96,'AT','NO','Niederösterreich'),(97,'AT','OO','Oberösterreich'),(98,'AT','SB','Salzburg'),(99,'AT','KN','Kärnten'),(100,'AT','ST','Steiermark'),(101,'AT','TI','Tirol'),(102,'AT','BL','Burgenland'),(103,'AT','VB','Voralberg'),(104,'CH','AG','Aargau'),(105,'CH','AI','Appenzell Innerrhoden'),(106,'CH','AR','Appenzell Ausserrhoden'),(107,'CH','BE','Bern'),(108,'CH','BL','Basel-Landschaft'),(109,'CH','BS','Basel-Stadt'),(110,'CH','FR','Freiburg'),(111,'CH','GE','Genf'),(112,'CH','GL','Glarus'),(113,'CH','JU','Graubünden'),(114,'CH','JU','Jura'),(115,'CH','LU','Luzern'),(116,'CH','NE','Neuenburg'),(117,'CH','NW','Nidwalden'),(118,'CH','OW','Obwalden'),(119,'CH','SG','St. Gallen'),(120,'CH','SH','Schaffhausen'),(121,'CH','SO','Solothurn'),(122,'CH','SZ','Schwyz'),(123,'CH','TG','Thurgau'),(124,'CH','TI','Tessin'),(125,'CH','UR','Uri'),(126,'CH','VD','Waadt'),(127,'CH','VS','Wallis'),(128,'CH','ZG','Zug'),(129,'CH','ZH','Zürich'),(130,'ES','A Coruсa','A Coruña'),(131,'ES','Alava','Alava'),(132,'ES','Albacete','Albacete'),(133,'ES','Alicante','Alicante'),(134,'ES','Almeria','Almeria'),(135,'ES','Asturias','Asturias'),(136,'ES','Avila','Avila'),(137,'ES','Badajoz','Badajoz'),(138,'ES','Baleares','Baleares'),(139,'ES','Barcelona','Barcelona'),(140,'ES','Burgos','Burgos'),(141,'ES','Caceres','Caceres'),(142,'ES','Cadiz','Cadiz'),(143,'ES','Cantabria','Cantabria'),(144,'ES','Castellon','Castellon'),(145,'ES','Ceuta','Ceuta'),(146,'ES','Ciudad Real','Ciudad Real'),(147,'ES','Cordoba','Cordoba'),(148,'ES','Cuenca','Cuenca'),(149,'ES','Girona','Girona'),(150,'ES','Granada','Granada'),(151,'ES','Guadalajara','Guadalajara'),(152,'ES','Guipuzcoa','Guipuzcoa'),(153,'ES','Huelva','Huelva'),(154,'ES','Huesca','Huesca'),(155,'ES','Jaen','Jaen'),(156,'ES','La Rioja','La Rioja'),(157,'ES','Las Palmas','Las Palmas'),(158,'ES','Leon','Leon'),(159,'ES','Lleida','Lleida'),(160,'ES','Lugo','Lugo'),(161,'ES','Madrid','Madrid'),(162,'ES','Malaga','Malaga'),(163,'ES','Melilla','Melilla'),(164,'ES','Murcia','Murcia'),(165,'ES','Navarra','Navarra'),(166,'ES','Ourense','Ourense'),(167,'ES','Palencia','Palencia'),(168,'ES','Pontevedra','Pontevedra'),(169,'ES','Salamanca','Salamanca'),(170,'ES','Santa Cruz de Tenerife','Santa Cruz de Tenerife'),(171,'ES','Segovia','Segovia'),(172,'ES','Sevilla','Sevilla'),(173,'ES','Soria','Soria'),(174,'ES','Tarragona','Tarragona'),(175,'ES','Teruel','Teruel'),(176,'ES','Toledo','Toledo'),(177,'ES','Valencia','Valencia'),(178,'ES','Valladolid','Valladolid'),(179,'ES','Vizcaya','Vizcaya'),(180,'ES','Zamora','Zamora'),(181,'ES','Zaragoza','Zaragoza'),(182,'FR','01','Ain'),(183,'FR','02','Aisne'),(184,'FR','03','Allier'),(185,'FR','04','Alpes-de-Haute-Provence'),(186,'FR','05','Hautes-Alpes'),(187,'FR','06','Alpes-Maritimes'),(188,'FR','07','Ardèche'),(189,'FR','08','Ardennes'),(190,'FR','09','Ariège'),(191,'FR','10','Aube'),(192,'FR','11','Aude'),(193,'FR','12','Aveyron'),(194,'FR','13','Bouches-du-Rhône'),(195,'FR','14','Calvados'),(196,'FR','15','Cantal'),(197,'FR','16','Charente'),(198,'FR','17','Charente-Maritime'),(199,'FR','18','Cher'),(200,'FR','19','Corrèze'),(201,'FR','2A','Corse-du-Sud'),(202,'FR','2B','Haute-Corse'),(203,'FR','21','Côte-d\'Or'),(204,'FR','22','Côtes-d\'Armor'),(205,'FR','23','Creuse'),(206,'FR','24','Dordogne'),(207,'FR','25','Doubs'),(208,'FR','26','Drôme'),(209,'FR','27','Eure'),(210,'FR','28','Eure-et-Loir'),(211,'FR','29','Finistère'),(212,'FR','30','Gard'),(213,'FR','31','Haute-Garonne'),(214,'FR','32','Gers'),(215,'FR','33','Gironde'),(216,'FR','34','Hérault'),(217,'FR','35','Ille-et-Vilaine'),(218,'FR','36','Indre'),(219,'FR','37','Indre-et-Loire'),(220,'FR','38','Isère'),(221,'FR','39','Jura'),(222,'FR','40','Landes'),(223,'FR','41','Loir-et-Cher'),(224,'FR','42','Loire'),(225,'FR','43','Haute-Loire'),(226,'FR','44','Loire-Atlantique'),(227,'FR','45','Loiret'),(228,'FR','46','Lot'),(229,'FR','47','Lot-et-Garonne'),(230,'FR','48','Lozère'),(231,'FR','49','Maine-et-Loire'),(232,'FR','50','Manche'),(233,'FR','51','Marne'),(234,'FR','52','Haute-Marne'),(235,'FR','53','Mayenne'),(236,'FR','54','Meurthe-et-Moselle'),(237,'FR','55','Meuse'),(238,'FR','56','Morbihan'),(239,'FR','57','Moselle'),(240,'FR','58','Nièvre'),(241,'FR','59','Nord'),(242,'FR','60','Oise'),(243,'FR','61','Orne'),(244,'FR','62','Pas-de-Calais'),(245,'FR','63','Puy-de-Dôme'),(246,'FR','64','Pyrénées-Atlantiques'),(247,'FR','65','Hautes-Pyrénées'),(248,'FR','66','Pyrénées-Orientales'),(249,'FR','67','Bas-Rhin'),(250,'FR','68','Haut-Rhin'),(251,'FR','69','Rhône'),(252,'FR','70','Haute-Saône'),(253,'FR','71','Saône-et-Loire'),(254,'FR','72','Sarthe'),(255,'FR','73','Savoie'),(256,'FR','74','Haute-Savoie'),(257,'FR','75','Paris'),(258,'FR','76','Seine-Maritime'),(259,'FR','77','Seine-et-Marne'),(260,'FR','78','Yvelines'),(261,'FR','79','Deux-Sèvres'),(262,'FR','80','Somme'),(263,'FR','81','Tarn'),(264,'FR','82','Tarn-et-Garonne'),(265,'FR','83','Var'),(266,'FR','84','Vaucluse'),(267,'FR','85','Vendée'),(268,'FR','86','Vienne'),(269,'FR','87','Haute-Vienne'),(270,'FR','88','Vosges'),(271,'FR','89','Yonne'),(272,'FR','90','Territoire-de-Belfort'),(273,'FR','91','Essonne'),(274,'FR','92','Hauts-de-Seine'),(275,'FR','93','Seine-Saint-Denis'),(276,'FR','94','Val-de-Marne'),(277,'FR','95','Val-d\'Oise');

--
-- Table structure for table `directory_country_region_name`
--

CREATE TABLE `directory_country_region_name` (
  `locale` varchar(8) NOT NULL default '',
  `region_id` mediumint(8) unsigned NOT NULL default '0',
  `name` varchar(64) NOT NULL default '',
  PRIMARY KEY  (`locale`,`region_id`),
  KEY `FK_DIRECTORY_REGION_NAME_REGION` (`region_id`),
  CONSTRAINT `FK_DIRECTORY_REGION_NAME_REGION` FOREIGN KEY (`region_id`) REFERENCES `directory_country_region` (`region_id`) ON DELETE CASCADE ON UPDATE CASCADE
) ENGINE=InnoDB DEFAULT CHARSET=utf8 COMMENT='Regions names';

--
-- Dumping data for table `directory_country_region_name`
--

INSERT INTO `directory_country_region_name` VALUES ('en_US',1,'Alabama'),('en_US',2,'Alaska'),('en_US',3,'American Samoa'),('en_US',4,'Arizona'),('en_US',5,'Arkansas'),('en_US',6,'Armed Forces Africa'),('en_US',7,'Armed Forces Americas'),('en_US',8,'Armed Forces Canada'),('en_US',9,'Armed Forces Europe'),('en_US',10,'Armed Forces Middle East'),('en_US',11,'Armed Forces Pacific'),('en_US',12,'California'),('en_US',13,'Colorado'),('en_US',14,'Connecticut'),('en_US',15,'Delaware'),('en_US',16,'District of Columbia'),('en_US',17,'Federated States Of Micronesia'),('en_US',18,'Florida'),('en_US',19,'Georgia'),('en_US',20,'Guam'),('en_US',21,'Hawaii'),('en_US',22,'Idaho'),('en_US',23,'Illinois'),('en_US',24,'Indiana'),('en_US',25,'Iowa'),('en_US',26,'Kansas'),('en_US',27,'Kentucky'),('en_US',28,'Louisiana'),('en_US',29,'Maine'),('en_US',30,'Marshall Islands'),('en_US',31,'Maryland'),('en_US',32,'Massachusetts'),('en_US',33,'Michigan'),('en_US',34,'Minnesota'),('en_US',35,'Mississippi'),('en_US',36,'Missouri'),('en_US',37,'Montana'),('en_US',38,'Nebraska'),('en_US',39,'Nevada'),('en_US',40,'New Hampshire'),('en_US',41,'New Jersey'),('en_US',42,'New Mexico'),('en_US',43,'New York'),('en_US',44,'North Carolina'),('en_US',45,'North Dakota'),('en_US',46,'Northern Mariana Islands'),('en_US',47,'Ohio'),('en_US',48,'Oklahoma'),('en_US',49,'Oregon'),('en_US',50,'Palau'),('en_US',51,'Pennsylvania'),('en_US',52,'Puerto Rico'),('en_US',53,'Rhode Island'),('en_US',54,'South Carolina'),('en_US',55,'South Dakota'),('en_US',56,'Tennessee'),('en_US',57,'Texas'),('en_US',58,'Utah'),('en_US',59,'Vermont'),('en_US',60,'Virgin Islands'),('en_US',61,'Virginia'),('en_US',62,'Washington'),('en_US',63,'West Virginia'),('en_US',64,'Wisconsin'),('en_US',65,'Wyoming'),('en_US',66,'Alberta'),('en_US',67,'British Columbia'),('en_US',68,'Manitoba'),('en_US',69,'Newfoundland'),('en_US',70,'New Brunswick'),('en_US',71,'Nova Scotia'),('en_US',72,'Northwest Territories'),('en_US',73,'Nunavut'),('en_US',74,'Ontario'),('en_US',75,'Prince Edward Island'),('en_US',76,'Quebec'),('en_US',77,'Saskatchewan'),('en_US',78,'Yukon Territory'),('en_US',79,'Niedersachsen'),('en_US',80,'Baden-Württemberg'),('en_US',81,'Bayern'),('en_US',82,'Berlin'),('en_US',83,'Brandenburg'),('en_US',84,'Bremen'),('en_US',85,'Hamburg'),('en_US',86,'Hessen'),('en_US',87,'Mecklenburg-Vorpommern'),('en_US',88,'Nordrhein-Westfalen'),('en_US',89,'Rheinland-Pfalz'),('en_US',90,'Saarland'),('en_US',91,'Sachsen'),('en_US',92,'Sachsen-Anhalt'),('en_US',93,'Schleswig-Holstein'),('en_US',94,'Thüringen'),('en_US',95,'Wien'),('en_US',96,'Niederösterreich'),('en_US',97,'Oberösterreich'),('en_US',98,'Salzburg'),('en_US',99,'Kärnten'),('en_US',100,'Steiermark'),('en_US',101,'Tirol'),('en_US',102,'Burgenland'),('en_US',103,'Voralberg'),('en_US',104,'Aargau'),('en_US',105,'Appenzell Innerrhoden'),('en_US',106,'Appenzell Ausserrhoden'),('en_US',107,'Bern'),('en_US',108,'Basel-Landschaft'),('en_US',109,'Basel-Stadt'),('en_US',110,'Freiburg'),('en_US',111,'Genf'),('en_US',112,'Glarus'),('en_US',113,'Graubünden'),('en_US',114,'Jura'),('en_US',115,'Luzern'),('en_US',116,'Neuenburg'),('en_US',117,'Nidwalden'),('en_US',118,'Obwalden'),('en_US',119,'St. Gallen'),('en_US',120,'Schaffhausen'),('en_US',121,'Solothurn'),('en_US',122,'Schwyz'),('en_US',123,'Thurgau'),('en_US',124,'Tessin'),('en_US',125,'Uri'),('en_US',126,'Waadt'),('en_US',127,'Wallis'),('en_US',128,'Zug'),('en_US',129,'Zürich'),('en_US',130,'A Coruña'),('en_US',131,'Alava'),('en_US',132,'Albacete'),('en_US',133,'Alicante'),('en_US',134,'Almeria'),('en_US',135,'Asturias'),('en_US',136,'Avila'),('en_US',137,'Badajoz'),('en_US',138,'Baleares'),('en_US',139,'Barcelona'),('en_US',140,'Burgos'),('en_US',141,'Caceres'),('en_US',142,'Cadiz'),('en_US',143,'Cantabria'),('en_US',144,'Castellon'),('en_US',145,'Ceuta'),('en_US',146,'Ciudad Real'),('en_US',147,'Cordoba'),('en_US',148,'Cuenca'),('en_US',149,'Girona'),('en_US',150,'Granada'),('en_US',151,'Guadalajara'),('en_US',152,'Guipuzcoa'),('en_US',153,'Huelva'),('en_US',154,'Huesca'),('en_US',155,'Jaen'),('en_US',156,'La Rioja'),('en_US',157,'Las Palmas'),('en_US',158,'Leon'),('en_US',159,'Lleida'),('en_US',160,'Lugo'),('en_US',161,'Madrid'),('en_US',162,'Malaga'),('en_US',163,'Melilla'),('en_US',164,'Murcia'),('en_US',165,'Navarra'),('en_US',166,'Ourense'),('en_US',167,'Palencia'),('en_US',168,'Pontevedra'),('en_US',169,'Salamanca'),('en_US',170,'Santa Cruz de Tenerife'),('en_US',171,'Segovia'),('en_US',172,'Sevilla'),('en_US',173,'Soria'),('en_US',174,'Tarragona'),('en_US',175,'Teruel'),('en_US',176,'Toledo'),('en_US',177,'Valencia'),('en_US',178,'Valladolid'),('en_US',179,'Vizcaya'),('en_US',180,'Zamora'),('en_US',181,'Zaragoza'),('en_US',182,'Ain'),('en_US',183,'Aisne'),('en_US',184,'Allier'),('en_US',185,'Alpes-de-Haute-Provence'),('en_US',186,'Hautes-Alpes'),('en_US',187,'Alpes-Maritimes'),('en_US',188,'Ardèche'),('en_US',189,'Ardennes'),('en_US',190,'Ariège'),('en_US',191,'Aube'),('en_US',192,'Aude'),('en_US',193,'Aveyron'),('en_US',194,'Bouches-du-Rhône'),('en_US',195,'Calvados'),('en_US',196,'Cantal'),('en_US',197,'Charente'),('en_US',198,'Charente-Maritime'),('en_US',199,'Cher'),('en_US',200,'Corrèze'),('en_US',201,'Corse-du-Sud'),('en_US',202,'Haute-Corse'),('en_US',203,'Côte-d\'Or'),('en_US',204,'Côtes-d\'Armor'),('en_US',205,'Creuse'),('en_US',206,'Dordogne'),('en_US',207,'Doubs'),('en_US',208,'Drôme'),('en_US',209,'Eure'),('en_US',210,'Eure-et-Loir'),('en_US',211,'Finistère'),('en_US',212,'Gard'),('en_US',213,'Haute-Garonne'),('en_US',214,'Gers'),('en_US',215,'Gironde'),('en_US',216,'Hérault'),('en_US',217,'Ille-et-Vilaine'),('en_US',218,'Indre'),('en_US',219,'Indre-et-Loire'),('en_US',220,'Isère'),('en_US',221,'Jura'),('en_US',222,'Landes'),('en_US',223,'Loir-et-Cher'),('en_US',224,'Loire'),('en_US',225,'Haute-Loire'),('en_US',226,'Loire-Atlantique'),('en_US',227,'Loiret'),('en_US',228,'Lot'),('en_US',229,'Lot-et-Garonne'),('en_US',230,'Lozère'),('en_US',231,'Maine-et-Loire'),('en_US',232,'Manche'),('en_US',233,'Marne'),('en_US',234,'Haute-Marne'),('en_US',235,'Mayenne'),('en_US',236,'Meurthe-et-Moselle'),('en_US',237,'Meuse'),('en_US',238,'Morbihan'),('en_US',239,'Moselle'),('en_US',240,'Nièvre'),('en_US',241,'Nord'),('en_US',242,'Oise'),('en_US',243,'Orne'),('en_US',244,'Pas-de-Calais'),('en_US',245,'Puy-de-Dôme'),('en_US',246,'Pyrénées-Atlantiques'),('en_US',247,'Hautes-Pyrénées'),('en_US',248,'Pyrénées-Orientales'),('en_US',249,'Bas-Rhin'),('en_US',250,'Haut-Rhin'),('en_US',251,'Rhône'),('en_US',252,'Haute-Saône'),('en_US',253,'Saône-et-Loire'),('en_US',254,'Sarthe'),('en_US',255,'Savoie'),('en_US',256,'Haute-Savoie'),('en_US',257,'Paris'),('en_US',258,'Seine-Maritime'),('en_US',259,'Seine-et-Marne'),('en_US',260,'Yvelines'),('en_US',261,'Deux-Sèvres'),('en_US',262,'Somme'),('en_US',263,'Tarn'),('en_US',264,'Tarn-et-Garonne'),('en_US',265,'Var'),('en_US',266,'Vaucluse'),('en_US',267,'Vendée'),('en_US',268,'Vienne'),('en_US',269,'Haute-Vienne'),('en_US',270,'Vosges'),('en_US',271,'Yonne'),('en_US',272,'Territoire-de-Belfort'),('en_US',273,'Essonne'),('en_US',274,'Hauts-de-Seine'),('en_US',275,'Seine-Saint-Denis'),('en_US',276,'Val-de-Marne'),('en_US',277,'Val-d\'Oise');

--
-- Table structure for table `directory_currency_rate`
--

CREATE TABLE `directory_currency_rate` (
  `currency_from` char(3) NOT NULL default '',
  `currency_to` char(3) NOT NULL default '',
  `rate` decimal(24,12) NOT NULL default '0.000000000000',
  PRIMARY KEY  (`currency_from`,`currency_to`),
  KEY `FK_CURRENCY_RATE_TO` (`currency_to`)
) ENGINE=InnoDB DEFAULT CHARSET=utf8;

--
-- Dumping data for table `directory_currency_rate`
--

INSERT INTO `directory_currency_rate` VALUES ('EUR','EUR','1.000000000000'),('EUR','USD','1.415000000000'),('USD','AUD','1.480500000000'),('USD','CAD','1.219300000000'),('USD','EUR','0.773700000000'),('USD','GBP','0.676200000000'),('USD','JPY','91.830000000000'),('USD','USD','1.000000000000');

--
-- Table structure for table `downloadable_link`
--

CREATE TABLE `downloadable_link` (
  `link_id` int(10) unsigned NOT NULL auto_increment,
  `product_id` int(10) unsigned NOT NULL default '0',
  `sort_order` int(10) unsigned NOT NULL default '0',
  `number_of_downloads` int(10) unsigned default NULL,
  `is_shareable` smallint(1) unsigned NOT NULL default '0',
  `link_url` varchar(255) NOT NULL default '',
  `link_file` varchar(255) NOT NULL default '',
  `link_type` varchar(20) NOT NULL default '',
  `sample_url` varchar(255) NOT NULL default '',
  `sample_file` varchar(255) NOT NULL default '',
  `sample_type` varchar(20) NOT NULL default '',
  PRIMARY KEY  (`link_id`),
  KEY `DOWNLODABLE_LINK_PRODUCT` (`product_id`),
  KEY `DOWNLODABLE_LINK_PRODUCT_SORT_ORDER` (`product_id`,`sort_order`),
  CONSTRAINT `FK_DOWNLODABLE_LINK_PRODUCT` FOREIGN KEY (`product_id`) REFERENCES `catalog_product_entity` (`entity_id`) ON DELETE CASCADE ON UPDATE CASCADE
) ENGINE=InnoDB DEFAULT CHARSET=utf8;

--
-- Dumping data for table `downloadable_link`
--


--
-- Table structure for table `downloadable_link_price`
--

CREATE TABLE `downloadable_link_price` (
  `price_id` int(10) unsigned NOT NULL auto_increment,
  `link_id` int(10) unsigned NOT NULL default '0',
  `website_id` smallint(5) unsigned NOT NULL default '0',
  `price` decimal(12,4) NOT NULL default '0.0000',
  PRIMARY KEY  (`price_id`),
  KEY `DOWNLOADABLE_LINK_PRICE_LINK` (`link_id`),
  KEY `DOWNLOADABLE_LINK_PRICE_WEBSITE` (`website_id`),
  CONSTRAINT `FK_DOWNLOADABLE_LINK_PRICE_LINK` FOREIGN KEY (`link_id`) REFERENCES `downloadable_link` (`link_id`) ON DELETE CASCADE ON UPDATE CASCADE,
  CONSTRAINT `FK_DOWNLOADABLE_LINK_PRICE_WEBSITE` FOREIGN KEY (`website_id`) REFERENCES `core_website` (`website_id`) ON DELETE CASCADE ON UPDATE CASCADE
) ENGINE=InnoDB DEFAULT CHARSET=utf8;

--
-- Dumping data for table `downloadable_link_price`
--


--
-- Table structure for table `downloadable_link_purchased`
--

CREATE TABLE `downloadable_link_purchased` (
  `purchased_id` int(10) unsigned NOT NULL auto_increment,
  `order_id` int(10) unsigned NOT NULL default '0',
  `order_increment_id` varchar(50) NOT NULL default '',
  `order_item_id` int(10) unsigned NOT NULL default '0',
  `created_at` datetime NOT NULL default '0000-00-00 00:00:00',
  `updated_at` datetime NOT NULL default '0000-00-00 00:00:00',
  `customer_id` int(10) unsigned NOT NULL default '0',
  `product_name` varchar(255) NOT NULL default '',
  `product_sku` varchar(255) NOT NULL default '',
  `link_section_title` varchar(255) NOT NULL default '',
  PRIMARY KEY  (`purchased_id`),
  KEY `DOWNLOADABLE_ORDER_ID` (`order_id`),
  KEY `DOWNLOADABLE_CUSTOMER_ID` (`customer_id`),
  KEY `KEY_DOWNLOADABLE_ORDER_ITEM_ID` (`order_item_id`),
  CONSTRAINT `FK_DOWNLOADABLE_ORDER_ID` FOREIGN KEY (`order_id`) REFERENCES `sales_order` (`entity_id`) ON DELETE CASCADE ON UPDATE CASCADE,
  CONSTRAINT `FK_DOWNLOADABLE_PURCHASED_ORDER_ITEM_ID` FOREIGN KEY (`order_item_id`) REFERENCES `sales_flat_order_item` (`item_id`) ON DELETE CASCADE ON UPDATE CASCADE
) ENGINE=InnoDB DEFAULT CHARSET=utf8;

--
-- Dumping data for table `downloadable_link_purchased`
--


--
-- Table structure for table `downloadable_link_purchased_item`
--

CREATE TABLE `downloadable_link_purchased_item` (
  `item_id` int(10) unsigned NOT NULL auto_increment,
  `purchased_id` int(10) unsigned NOT NULL default '0',
  `order_item_id` int(10) unsigned NOT NULL default '0',
  `product_id` int(10) unsigned default '0',
  `link_hash` varchar(255) NOT NULL default '',
  `number_of_downloads_bought` int(10) unsigned NOT NULL default '0',
  `number_of_downloads_used` int(10) unsigned NOT NULL default '0',
  `link_id` int(20) unsigned NOT NULL default '0',
  `link_title` varchar(255) NOT NULL default '',
  `is_shareable` smallint(1) unsigned NOT NULL default '0',
  `link_url` varchar(255) NOT NULL default '',
  `link_file` varchar(255) NOT NULL default '',
  `link_type` varchar(255) NOT NULL default '',
  `status` varchar(50) NOT NULL default '',
  `created_at` datetime NOT NULL default '0000-00-00 00:00:00',
  `updated_at` datetime NOT NULL default '0000-00-00 00:00:00',
  PRIMARY KEY  (`item_id`),
  KEY `DOWNLOADABLE_LINK_PURCHASED_ID` (`purchased_id`),
  KEY `DOWNLOADABLE_ORDER_ITEM_ID` (`order_item_id`),
  KEY `DOWNLOADALBE_LINK_HASH` (`link_hash`),
  CONSTRAINT `FK_DOWNLOADABLE_LINK_PURCHASED_ID` FOREIGN KEY (`purchased_id`) REFERENCES `downloadable_link_purchased` (`purchased_id`) ON DELETE CASCADE ON UPDATE CASCADE,
  CONSTRAINT `FK_DOWNLOADABLE_ORDER_ITEM_ID` FOREIGN KEY (`order_item_id`) REFERENCES `sales_flat_order_item` (`item_id`) ON DELETE CASCADE ON UPDATE CASCADE
) ENGINE=InnoDB DEFAULT CHARSET=utf8;

--
-- Dumping data for table `downloadable_link_purchased_item`
--


--
-- Table structure for table `downloadable_link_title`
--

CREATE TABLE `downloadable_link_title` (
  `title_id` int(10) unsigned NOT NULL auto_increment,
  `link_id` int(10) unsigned NOT NULL default '0',
  `store_id` smallint(5) unsigned NOT NULL default '0',
  `title` varchar(255) NOT NULL default '',
  PRIMARY KEY  (`title_id`),
  KEY `DOWNLOADABLE_LINK_TITLE_LINK` (`link_id`),
  KEY `DOWNLOADABLE_LINK_TITLE_STORE` (`store_id`),
  CONSTRAINT `FK_DOWNLOADABLE_LINK_TITLE_LINK` FOREIGN KEY (`link_id`) REFERENCES `downloadable_link` (`link_id`) ON DELETE CASCADE ON UPDATE CASCADE,
  CONSTRAINT `FK_DOWNLOADABLE_LINK_TITLE_STORE` FOREIGN KEY (`store_id`) REFERENCES `core_store` (`store_id`) ON DELETE CASCADE ON UPDATE CASCADE
) ENGINE=InnoDB DEFAULT CHARSET=utf8;

--
-- Dumping data for table `downloadable_link_title`
--


--
-- Table structure for table `downloadable_sample`
--

CREATE TABLE `downloadable_sample` (
  `sample_id` int(10) unsigned NOT NULL auto_increment,
  `product_id` int(10) unsigned NOT NULL default '0',
  `sample_url` varchar(255) NOT NULL default '',
  `sample_file` varchar(255) NOT NULL default '',
  `sample_type` varchar(20) NOT NULL default '',
  `sort_order` int(10) unsigned NOT NULL default '0',
  PRIMARY KEY  (`sample_id`),
  KEY `DOWNLODABLE_SAMPLE_PRODUCT` (`product_id`),
  CONSTRAINT `FK_DOWNLODABLE_SAMPLE_PRODUCT` FOREIGN KEY (`product_id`) REFERENCES `catalog_product_entity` (`entity_id`) ON DELETE CASCADE ON UPDATE CASCADE
) ENGINE=InnoDB DEFAULT CHARSET=utf8;

--
-- Dumping data for table `downloadable_sample`
--


--
-- Table structure for table `downloadable_sample_title`
--

CREATE TABLE `downloadable_sample_title` (
  `title_id` int(10) unsigned NOT NULL auto_increment,
  `sample_id` int(10) unsigned NOT NULL default '0',
  `store_id` smallint(5) unsigned NOT NULL default '0',
  `title` varchar(255) NOT NULL default '',
  PRIMARY KEY  (`title_id`),
  KEY `DOWNLOADABLE_SAMPLE_TITLE_SAMPLE` (`sample_id`),
  KEY `DOWNLOADABLE_SAMPLE_TITLE_STORE` (`store_id`),
  CONSTRAINT `FK_DOWNLOADABLE_SAMPLE_TITLE_SAMPLE` FOREIGN KEY (`sample_id`) REFERENCES `downloadable_sample` (`sample_id`) ON DELETE CASCADE ON UPDATE CASCADE,
  CONSTRAINT `FK_DOWNLOADABLE_SAMPLE_TITLE_STORE` FOREIGN KEY (`store_id`) REFERENCES `core_store` (`store_id`) ON DELETE CASCADE ON UPDATE CASCADE
) ENGINE=InnoDB DEFAULT CHARSET=utf8;

--
-- Dumping data for table `downloadable_sample_title`
--


--
-- Table structure for table `eav_attribute`
--

CREATE TABLE `eav_attribute` (
  `attribute_id` smallint(5) unsigned NOT NULL auto_increment,
  `entity_type_id` smallint(5) unsigned NOT NULL default '0',
  `attribute_code` varchar(255) NOT NULL default '',
  `attribute_model` varchar(255) default NULL,
  `backend_model` varchar(255) default NULL,
  `backend_type` enum('static','datetime','decimal','int','text','varchar') NOT NULL default 'static',
  `backend_table` varchar(255) default NULL,
  `frontend_model` varchar(255) default NULL,
  `frontend_input` varchar(50) default NULL,
  `frontend_label` varchar(255) default NULL,
  `frontend_class` varchar(255) default NULL,
  `source_model` varchar(255) default NULL,
  `is_global` tinyint(1) unsigned NOT NULL default '1',
  `is_visible` tinyint(1) unsigned NOT NULL default '1',
  `is_required` tinyint(1) unsigned NOT NULL default '0',
  `is_user_defined` tinyint(1) unsigned NOT NULL default '0',
  `default_value` text,
  `is_searchable` tinyint(1) unsigned NOT NULL default '0',
  `is_filterable` tinyint(1) unsigned NOT NULL default '0',
  `is_comparable` tinyint(1) unsigned NOT NULL default '0',
  `is_visible_on_front` tinyint(1) unsigned NOT NULL default '0',
  `is_html_allowed_on_front` tinyint(1) unsigned NOT NULL default '0',
  `is_unique` tinyint(1) unsigned NOT NULL default '0',
  `is_configurable` tinyint(1) unsigned NOT NULL default '1',
  `apply_to` varchar(255) NOT NULL,
  `position` int(11) NOT NULL,
  `note` varchar(255) NOT NULL,
  `is_visible_in_advanced_search` tinyint(1) unsigned NOT NULL default '0',
  `is_used_for_price_rules` tinyint(1) unsigned NOT NULL default '1',
  `is_filterable_in_search` tinyint(1) unsigned NOT NULL default '1',
  PRIMARY KEY  (`attribute_id`),
  UNIQUE KEY `entity_type_id` (`entity_type_id`,`attribute_code`),
  CONSTRAINT `FK_eav_attribute` FOREIGN KEY (`entity_type_id`) REFERENCES `eav_entity_type` (`entity_type_id`) ON DELETE CASCADE ON UPDATE CASCADE
) ENGINE=InnoDB AUTO_INCREMENT=491 DEFAULT CHARSET=utf8;

--
-- Dumping data for table `eav_attribute`
--

INSERT INTO `eav_attribute` VALUES (1,1,'website_id',NULL,'customer/customer_attribute_backend_website','static','','','select','Associate to Website',NULL,'customer/customer_attribute_source_website',1,1,1,0,'',0,0,0,0,0,0,1,'',1,'',0,1,0),(2,1,'store_id',NULL,'customer/customer_attribute_backend_store','static','','','select','Create In',NULL,'customer/customer_attribute_source_store',1,0,1,0,'',0,0,0,0,0,0,1,'',1,'',0,1,0),(3,1,'created_in',NULL,'','varchar','','','text','Created From',NULL,'',1,1,1,0,'',0,0,0,0,0,0,1,'',1,'',0,1,0),(4,1,'prefix',NULL,'','varchar','','','text','Prefix',NULL,'',1,1,0,0,'',0,0,0,0,0,0,1,'',1,'',0,1,0),(5,1,'firstname',NULL,'','varchar','','','text','First Name',NULL,'',1,1,1,0,'',0,0,0,0,0,0,1,'',1,'',0,1,0),(6,1,'middlename',NULL,'','varchar','','','text','Middle Name/Initial',NULL,'',1,1,0,0,'',0,0,0,0,0,0,1,'',1,'',0,1,0),(7,1,'lastname',NULL,'','varchar','','','text','Last Name',NULL,'',1,1,1,0,'',0,0,0,0,0,0,1,'',1,'',0,1,0),(8,1,'suffix',NULL,'','varchar','','','text','Suffix',NULL,'',1,1,0,0,'',0,0,0,0,0,0,1,'',1,'',0,1,0),(9,1,'email',NULL,'','static','','','text','Email',NULL,'',1,1,1,0,'',0,0,0,0,0,0,1,'',1,'',0,1,0),(10,1,'group_id',NULL,'','static','','','select','Customer Group',NULL,'customer/customer_attribute_source_group',1,1,1,0,'',0,0,0,0,0,0,1,'',1,'',0,1,0),(11,1,'dob',NULL,'eav/entity_attribute_backend_datetime','datetime','','','date','Date Of Birth',NULL,'',1,1,0,0,'',0,0,0,0,0,0,1,'',1,'',0,1,0),(12,1,'password_hash',NULL,'customer/customer_attribute_backend_password','varchar','','','hidden','',NULL,'',1,1,0,0,'',0,0,0,0,0,0,1,'',1,'',0,1,0),(13,1,'default_billing',NULL,'customer/customer_attribute_backend_billing','int','','','text','',NULL,'',1,0,0,0,'',0,0,0,0,0,0,1,'',1,'',0,1,0),(14,1,'default_shipping',NULL,'customer/customer_attribute_backend_shipping','int','','','text','',NULL,'',1,0,0,0,'',0,0,0,0,0,0,1,'',1,'',0,1,0),(15,1,'taxvat',NULL,'','varchar','','','text','Tax/VAT number',NULL,'',1,1,0,0,'',0,0,0,0,0,0,1,'',1,'',0,1,0),(16,1,'confirmation',NULL,'','varchar','','','text','Is confirmed',NULL,'',1,0,0,0,'',0,0,0,0,0,0,1,'',1,'',0,1,0),(17,2,'prefix',NULL,'','varchar','','','text','Prefix',NULL,'',1,1,0,0,'',0,0,0,0,0,0,1,'',1,'',0,1,0),(18,2,'firstname',NULL,'','varchar','','','text','First Name',NULL,'',1,1,1,0,'',0,0,0,0,0,0,1,'',1,'',0,1,0),(19,2,'middlename',NULL,'','varchar','','','text','Middle Name/Initial',NULL,'',1,1,0,0,'',0,0,0,0,0,0,1,'',1,'',0,1,0),(20,2,'lastname',NULL,'','varchar','','','text','Last Name',NULL,'',1,1,1,0,'',0,0,0,0,0,0,1,'',1,'',0,1,0),(21,2,'suffix',NULL,'','varchar','','','text','Suffix',NULL,'',1,1,0,0,'',0,0,0,0,0,0,1,'',1,'',0,1,0),(22,2,'company',NULL,'','varchar','','','text','Company',NULL,'',1,1,0,0,'',0,0,0,0,0,0,1,'',1,'',0,1,0),(23,2,'street',NULL,'customer_entity/address_attribute_backend_street','text','','','multiline','Street Address',NULL,'',1,1,1,0,'',0,0,0,0,0,0,1,'',1,'',0,1,0),(24,2,'city',NULL,'','varchar','','','text','City',NULL,'',1,1,1,0,'',0,0,0,0,0,0,1,'',1,'',0,1,0),(25,2,'country_id',NULL,'','varchar','','','select','Country',NULL,'customer_entity/address_attribute_source_country',1,1,1,0,'',0,0,0,0,0,0,1,'',1,'',0,1,0),(26,2,'region',NULL,'customer_entity/address_attribute_backend_region','varchar','','','text','State/Province',NULL,'',1,1,1,0,'',0,0,0,0,0,0,1,'',1,'',0,1,0),(27,2,'region_id',NULL,'','int','','','hidden','',NULL,'customer_entity/address_attribute_source_region',1,1,0,0,'',0,0,0,0,0,0,1,'',1,'',0,1,0),(28,2,'postcode',NULL,'','varchar','','','text','Zip/Postal Code',NULL,'',1,1,1,0,'',0,0,0,0,0,0,1,'',1,'',0,1,0),(29,2,'telephone',NULL,'','varchar','','','text','Telephone',NULL,'',1,1,1,0,'',0,0,0,0,0,0,1,'',1,'',0,1,0),(30,2,'fax',NULL,'','varchar','','','text','Fax',NULL,'',1,1,0,0,'',0,0,0,0,0,0,1,'',1,'',0,1,0),(31,3,'name',NULL,'','varchar','','','text','Name',NULL,'',0,1,1,0,'',0,0,0,0,0,0,1,'',1,'',0,1,0),(32,3,'is_active',NULL,'','int','','','select','Is Active',NULL,'eav/entity_attribute_source_boolean',0,1,0,0,'',0,0,0,0,0,0,1,'',1,'',0,1,0),(33,3,'url_key',NULL,'catalog/category_attribute_backend_urlkey','varchar','','','text','URL key',NULL,'',1,1,0,0,'',0,0,0,0,0,0,1,'',1,'',0,1,0),(34,3,'description',NULL,'','text','','','textarea','Description',NULL,'',0,1,0,0,'',0,0,0,0,0,0,1,'',1,'',0,1,0),(35,3,'image',NULL,'catalog/category_attribute_backend_image','varchar','','','image','Image',NULL,'',0,1,0,0,'',0,0,0,0,0,0,1,'',1,'',0,1,0),(36,3,'meta_title',NULL,'','varchar','','','text','Page Title',NULL,'',0,1,0,0,'',0,0,0,0,0,0,1,'',1,'',0,1,0),(37,3,'meta_keywords',NULL,'','text','','','textarea','Meta Keywords',NULL,'',0,1,0,0,'',0,0,0,0,0,0,1,'',1,'',0,1,0),(38,3,'meta_description',NULL,'','text','','','textarea','Meta Description',NULL,'',0,1,0,0,'',0,0,0,0,0,0,1,'',1,'',0,1,0),(39,3,'display_mode',NULL,'','varchar','','','select','Display Mode',NULL,'catalog/category_attribute_source_mode',0,1,0,0,'',0,0,0,0,0,0,1,'',1,'',0,1,0),(40,3,'landing_page',NULL,'','int','','','select','CMS Block',NULL,'catalog/category_attribute_source_page',0,1,0,0,'',0,0,0,0,0,0,1,'',1,'',0,1,0),(41,3,'is_anchor',NULL,'','int','','','select','Is Anchor',NULL,'eav/entity_attribute_source_boolean',1,1,0,0,'',0,0,0,0,0,0,1,'',1,'',0,1,0),(42,3,'path',NULL,'','static','','','','Path',NULL,'',1,0,0,0,'',0,0,0,0,0,0,1,'',1,'',0,1,0),(43,3,'position',NULL,'','static','','','','Position',NULL,'',1,0,0,0,'',0,0,0,0,0,0,1,'',1,'',0,1,0),(44,3,'all_children',NULL,'','text','','','','',NULL,'',1,0,0,0,'',0,0,0,0,0,0,1,'',1,'',0,1,0),(45,3,'path_in_store',NULL,'','text','','','','',NULL,'',1,0,0,0,'',0,0,0,0,0,0,1,'',1,'',0,1,0),(46,3,'children',NULL,'','text','','','','',NULL,'',1,0,0,0,'',0,0,0,0,0,0,1,'',1,'',0,1,0),(47,3,'url_path',NULL,'','varchar','','','','',NULL,'',0,0,0,0,'',0,0,0,0,0,1,1,'',1,'',0,1,0),(48,3,'custom_design',NULL,'','varchar','','','select','Custom Design',NULL,'core/design_source_design',0,1,0,0,'',0,0,0,0,0,0,1,'',1,'',0,1,0),(49,3,'custom_design_apply',NULL,'','int','','','select','Apply To',NULL,'core/design_source_apply',0,1,0,0,'',0,0,0,0,0,0,1,'',1,'',0,1,0),(50,3,'custom_design_from',NULL,'eav/entity_attribute_backend_datetime','datetime','','','date','Active From',NULL,'',0,1,0,0,'',0,0,0,0,0,0,1,'',1,'',0,1,0),(51,3,'custom_design_to',NULL,'eav/entity_attribute_backend_datetime','datetime','','','date','Active To',NULL,'',0,1,0,0,'',0,0,0,0,0,0,1,'',1,'',0,1,0),(52,3,'page_layout',NULL,'','varchar','','','select','Page Layout',NULL,'catalog/category_attribute_source_layout',0,1,0,0,'',0,0,0,0,0,0,1,'',1,'',0,1,0),(53,3,'custom_layout_update',NULL,'','text','','','textarea','Custom Layout Update',NULL,'',0,1,0,0,'',0,0,0,0,0,0,1,'',1,'',0,1,0),(54,3,'level',NULL,'','static','','','','Level',NULL,'',1,0,0,0,'',0,0,0,0,0,0,1,'',0,'',0,1,0),(55,3,'children_count',NULL,'','static','','','','Children Count',NULL,'',1,0,0,0,'',0,0,0,0,0,0,1,'',1,'',0,1,0),(56,4,'name',NULL,'','varchar','','','text','Name',NULL,'',0,1,1,0,'',1,0,0,0,0,0,1,'',1,'',1,1,0),(57,4,'description',NULL,'','text','','','textarea','Description',NULL,'',0,1,1,0,'',1,0,1,0,0,0,1,'',1,'',1,1,0),(58,4,'short_description',NULL,'','text','','','textarea','Short Description',NULL,'',0,1,1,0,'',1,0,1,0,0,0,1,'',1,'',1,1,0),(59,4,'sku',NULL,'','static','','','text','SKU',NULL,'',1,1,1,0,'',1,0,1,0,0,1,1,'',1,'',1,1,0),(60,4,'price',NULL,'catalog/product_attribute_backend_price','decimal','','','price','Price',NULL,'',2,1,1,0,'',1,1,0,0,0,0,1,'simple,configurable,virtual,bundle,downloadable',0,'',1,1,1),(61,4,'special_price',NULL,'catalog/product_attribute_backend_price','decimal','','','price','Special Price',NULL,'',2,1,0,0,'',0,0,0,0,0,0,1,'simple,configurable,virtual,bundle,downloadable',1,'',0,1,0),(62,4,'special_from_date',NULL,'catalog/product_attribute_backend_startdate','datetime','','','date','Special Price From Date',NULL,'',2,1,0,0,'',0,0,0,0,0,0,1,'simple,configurable,virtual,bundle,downloadable',1,'',0,1,0),(63,4,'special_to_date',NULL,'eav/entity_attribute_backend_datetime','datetime','','','date','Special Price To Date',NULL,'',2,1,0,0,'',0,0,0,0,0,0,1,'simple,configurable,virtual,bundle,downloadable',1,'',0,1,0),(64,4,'cost',NULL,'catalog/product_attribute_backend_price','decimal','','','price','Cost',NULL,'',2,1,0,1,'',0,0,0,0,0,0,1,'simple,configurable,virtual,bundle,downloadable',1,'',0,1,0),(65,4,'weight',NULL,'','decimal','','','text','Weight',NULL,'',1,1,1,0,'',0,0,0,0,0,0,1,'simple,bundle',1,'',0,1,0),(66,4,'manufacturer',NULL,'','int','','','select','Manufacturer',NULL,'',1,1,0,1,'',1,1,1,0,0,0,1,'simple',1,'',1,1,1),(67,4,'meta_title',NULL,'','varchar','','','text','Meta Title',NULL,'',0,1,0,0,'',0,0,0,0,0,0,1,'',1,'',0,1,0),(68,4,'meta_keyword',NULL,'','text','','','textarea','Meta Keywords',NULL,'',0,1,0,0,'',0,0,0,0,0,0,1,'',1,'',0,1,0),(69,4,'meta_description',NULL,'','varchar','','','textarea','Meta Description',NULL,'',0,1,0,0,'',0,0,0,0,0,0,1,'',1,'Maximum 255 chars',0,1,0),(70,4,'image',NULL,'','varchar','','catalog/product_attribute_frontend_image','media_image','Base Image',NULL,'',0,1,0,0,'',0,0,0,0,0,0,1,'',1,'',0,1,0),(71,4,'small_image',NULL,'','varchar','','catalog/product_attribute_frontend_image','media_image','Small Image',NULL,'',0,1,0,0,'',0,0,0,0,0,0,1,'',1,'',0,1,0),(72,4,'thumbnail',NULL,'','varchar','','catalog/product_attribute_frontend_image','media_image','Thumbnail',NULL,'',0,1,0,0,'',0,0,0,0,0,0,1,'',1,'',0,1,0),(73,4,'media_gallery',NULL,'catalog/product_attribute_backend_media','varchar','','','gallery','Media Gallery',NULL,'',1,1,1,0,'',0,0,0,0,0,0,1,'',1,'',0,1,0),(74,4,'old_id',NULL,'','int','','','','',NULL,'',1,0,0,0,'',0,0,0,0,0,0,1,'',1,'',0,1,0),(75,4,'tier_price',NULL,'catalog/product_attribute_backend_tierprice','decimal','','','text','Tier Price',NULL,'',2,1,0,0,'',0,0,0,0,0,0,1,'simple,configurable,virtual,bundle,downloadable',1,'',0,0,0),(76,4,'color',NULL,'','int','','','select','Color',NULL,'',1,1,0,1,'',1,1,1,0,0,0,1,'simple',1,'',1,1,1),(77,4,'news_from_date',NULL,'eav/entity_attribute_backend_datetime','datetime','','','date','Set Product as New from Date',NULL,'',2,1,0,0,'',0,0,0,0,0,0,1,'',1,'',0,1,0),(78,4,'news_to_date',NULL,'eav/entity_attribute_backend_datetime','datetime','','','date','Set Product as New to Date',NULL,'',2,1,0,0,'',0,0,0,0,0,0,1,'',1,'',0,1,0),(79,4,'gallery',NULL,'','varchar','','','gallery','Image Gallery',NULL,'',1,1,0,0,'',0,0,0,0,0,0,1,'',1,'',0,1,0),(80,4,'status',NULL,'','int','','','select','Status',NULL,'catalog/product_status',2,1,1,0,'',1,0,0,0,0,0,1,'',1,'',0,1,0),(81,4,'tax_class_id',NULL,'','int','','','select','Tax Class',NULL,'tax/class_source_product',2,1,1,0,'',1,0,0,0,0,0,1,'simple,configurable,virtual,bundle,downloadable',1,'',1,1,0),(82,4,'url_key',NULL,'catalog/product_attribute_backend_urlkey','varchar','','','text','URL key',NULL,'',1,1,0,0,'',0,0,0,0,0,0,1,'',1,'',0,1,0),(83,4,'url_path',NULL,'','varchar','','','','',NULL,'',0,0,0,0,'',0,0,0,0,0,1,1,'',1,'',0,1,0),(84,4,'minimal_price',NULL,'','decimal','','','price','Minimal Price',NULL,'',0,0,1,0,'',0,0,0,0,0,0,1,'simple,configurable,virtual,bundle,downloadable',1,'',0,1,0),(85,4,'visibility',NULL,'','int','','','select','Visibility',NULL,'catalog/product_visibility',0,1,1,0,'4',0,0,0,0,0,0,1,'',1,'',0,1,0),(86,4,'custom_design',NULL,'','varchar','','','select','Custom Design',NULL,'core/design_source_design',0,1,0,0,'',0,0,0,0,0,0,1,'',1,'',0,1,0),(87,4,'custom_design_from',NULL,'eav/entity_attribute_backend_datetime','datetime','','','date','Active From',NULL,'',0,1,0,0,'',0,0,0,0,0,0,1,'',1,'',0,1,0),(88,4,'custom_design_to',NULL,'eav/entity_attribute_backend_datetime','datetime','','','date','Active To',NULL,'',0,1,0,0,'',0,0,0,0,0,0,1,'',1,'',0,1,0),(89,4,'custom_layout_update',NULL,'','text','','','textarea','Custom Layout Update',NULL,'',1,1,0,0,'',0,0,0,0,0,0,1,'',1,'',0,1,0),(90,4,'category_ids',NULL,'','static','','','','',NULL,'',1,0,0,0,'',0,0,0,0,0,0,1,'',1,'',0,1,0),(91,4,'options_container',NULL,'','varchar','','','select','Display product options in',NULL,'catalog/entity_product_attribute_design_options_container',0,1,0,0,'container2',0,0,0,0,0,0,1,'',0,'',0,1,0),(92,4,'required_options',NULL,'','varchar','','','text','',NULL,'',1,0,1,0,'',0,0,0,0,0,0,1,'',0,'',0,1,0),(93,4,'has_options',NULL,'','static','','','text','',NULL,'',1,0,1,0,'',0,0,0,0,0,0,1,'',0,'',0,1,0),(94,11,'entity_id',NULL,'sales_entity/order_attribute_backend_parent','static','','','text','',NULL,'',1,1,1,0,'',0,0,0,0,0,0,1,'',0,'',0,1,0),(95,11,'store_id',NULL,'','static','','','text','',NULL,'',1,1,1,0,'',0,0,0,0,0,0,1,'',0,'',0,1,0),(96,11,'store_name',NULL,'','varchar','','','text','',NULL,'',1,1,1,0,'',0,0,0,0,0,0,1,'',0,'',0,1,0),(97,11,'remote_ip',NULL,'','varchar','','','text','',NULL,'',1,1,1,0,'',0,0,0,0,0,0,1,'',0,'',0,1,0),(98,11,'status',NULL,'','varchar','','','text','',NULL,'',1,1,1,0,'',0,0,0,0,0,0,1,'',0,'',0,1,0),(99,11,'state',NULL,'','varchar','','','text','',NULL,'',1,1,1,0,'',0,0,0,0,0,0,1,'',0,'',0,1,0),(100,11,'hold_before_status',NULL,'','varchar','','','text','',NULL,'',1,1,1,0,'',0,0,0,0,0,0,1,'',0,'',0,1,0),(101,11,'hold_before_state',NULL,'','varchar','','','text','',NULL,'',1,1,1,0,'',0,0,0,0,0,0,1,'',0,'',0,1,0),(102,11,'relation_parent_id',NULL,'','varchar','','','text','',NULL,'',1,1,1,0,'',0,0,0,0,0,0,1,'',0,'',0,1,0),(103,11,'relation_parent_real_id',NULL,'','varchar','','','text','',NULL,'',1,1,1,0,'',0,0,0,0,0,0,1,'',0,'',0,1,0),(104,11,'relation_child_id',NULL,'','varchar','','','text','',NULL,'',1,1,1,0,'',0,0,0,0,0,0,1,'',0,'',0,1,0),(105,11,'relation_child_real_id',NULL,'','varchar','','','text','',NULL,'',1,1,1,0,'',0,0,0,0,0,0,1,'',0,'',0,1,0),(106,11,'original_increment_id',NULL,'','varchar','','','text','',NULL,'',1,1,1,0,'',0,0,0,0,0,0,1,'',0,'',0,1,0),(107,11,'edit_increment',NULL,'','int','','','text','',NULL,'',1,1,1,0,'',0,0,0,0,0,0,1,'',0,'',0,1,0),(108,11,'ext_order_id',NULL,'','varchar','','','text','',NULL,'',1,1,1,0,'',0,0,0,0,0,0,1,'',0,'',0,1,0),(109,11,'ext_customer_id',NULL,'','varchar','','','text','',NULL,'',1,1,1,0,'',0,0,0,0,0,0,1,'',0,'',0,1,0),(110,11,'quote_id',NULL,'','int','','','text','',NULL,'',1,1,1,0,'',0,0,0,0,0,0,1,'',0,'',0,1,0),(111,11,'quote_address_id',NULL,'','int','','','text','',NULL,'',1,1,1,0,'',0,0,0,0,0,0,1,'',0,'',0,1,0),(112,11,'billing_address_id',NULL,'sales_entity/order_attribute_backend_billing','int','','','text','',NULL,'',1,1,1,0,'',0,0,0,0,0,0,1,'',0,'',0,1,0),(113,11,'shipping_address_id',NULL,'sales_entity/order_attribute_backend_shipping','int','','','text','',NULL,'',1,1,1,0,'',0,0,0,0,0,0,1,'',0,'',0,1,0),(114,11,'coupon_code',NULL,'','varchar','','','text','',NULL,'',1,1,1,0,'',0,0,0,0,0,0,1,'',0,'',0,1,0),(115,11,'applied_rule_ids',NULL,'','varchar','','','text','',NULL,'',1,1,1,0,'',0,0,0,0,0,0,1,'',0,'',0,1,0),(116,11,'giftcert_code',NULL,'','varchar','','','text','',NULL,'',1,1,1,0,'',0,0,0,0,0,0,1,'',0,'',0,1,0),(117,11,'base_currency_code',NULL,'','varchar','','','text','',NULL,'',1,1,1,0,'',0,0,0,0,0,0,1,'',0,'',0,1,0),(118,11,'store_currency_code',NULL,'','varchar','','','text','',NULL,'',1,1,1,0,'',0,0,0,0,0,0,1,'',0,'',0,1,0),(119,11,'order_currency_code',NULL,'','varchar','','','text','',NULL,'',1,1,1,0,'',0,0,0,0,0,0,1,'',0,'',0,1,0),(120,11,'store_to_base_rate',NULL,'','decimal','','','text','',NULL,'',1,1,1,0,'',0,0,0,0,0,0,1,'',0,'',0,1,0),(121,11,'store_to_order_rate',NULL,'','decimal','','','text','',NULL,'',1,1,1,0,'',0,0,0,0,0,0,1,'',0,'',0,1,0),(122,11,'is_virtual',NULL,'','int','','','text','',NULL,'',1,1,1,0,'',0,0,0,0,0,0,1,'',0,'',0,1,0),(123,11,'is_multi_payment',NULL,'','int','','','text','',NULL,'',1,1,1,0,'',0,0,0,0,0,0,1,'',0,'',0,1,0),(124,11,'shipping_method',NULL,'','varchar','','','text','',NULL,'',1,1,1,0,'',0,0,0,0,0,0,1,'',0,'',0,1,0),(125,11,'shipping_description',NULL,'','varchar','','','text','',NULL,'',1,1,1,0,'',0,0,0,0,0,0,1,'',0,'',0,1,0),(126,11,'weight',NULL,'','decimal','','','text','',NULL,'',1,1,1,0,'',0,0,0,0,0,0,1,'',0,'',0,1,0),(127,11,'tax_amount',NULL,'','static','','','text','',NULL,'',1,1,1,0,'',0,0,0,0,0,0,1,'',0,'',0,1,0),(128,11,'shipping_amount',NULL,'','static','','','text','',NULL,'',1,1,1,0,'',0,0,0,0,0,0,1,'',0,'',0,1,0),(129,11,'shipping_tax_amount',NULL,'','static','','','text','',NULL,'',1,1,1,0,'',0,0,0,0,0,0,1,'',0,'',0,1,0),(130,11,'discount_amount',NULL,'','static','','','text','',NULL,'',1,1,1,0,'',0,0,0,0,0,0,1,'',0,'',0,1,0),(131,11,'giftcert_amount',NULL,'','decimal','','','text','',NULL,'',1,1,1,0,'',0,0,0,0,0,0,1,'',0,'',0,1,0),(132,11,'custbalance_amount',NULL,'','decimal','','','text','',NULL,'',1,1,1,0,'',0,0,0,0,0,0,1,'',0,'',0,1,0),(133,11,'subtotal',NULL,'','static','','','text','',NULL,'',1,1,1,0,'',0,0,0,0,0,0,1,'',0,'',0,1,0),(134,11,'grand_total',NULL,'','static','','','text','',NULL,'',1,1,1,0,'',0,0,0,0,0,0,1,'',0,'',0,1,0),(135,11,'total_paid',NULL,'','static','','','text','',NULL,'',1,1,1,0,'',0,0,0,0,0,0,1,'',0,'',0,1,0),(136,11,'total_due',NULL,'','decimal','','','text','',NULL,'',1,1,1,0,'',0,0,0,0,0,0,1,'',0,'',0,1,0),(137,11,'total_refunded',NULL,'','static','','','text','',NULL,'',1,1,1,0,'',0,0,0,0,0,0,1,'',0,'',0,1,0),(138,11,'total_qty_ordered',NULL,'','static','','','text','',NULL,'',1,1,1,0,'',0,0,0,0,0,0,1,'',0,'',0,1,0),(139,11,'total_canceled',NULL,'','static','','','text','',NULL,'',1,1,1,0,'',0,0,0,0,0,0,1,'',0,'',0,1,0),(140,11,'total_invoiced',NULL,'','static','','','text','',NULL,'',1,1,1,0,'',0,0,0,0,0,0,1,'',0,'',0,1,0),(141,11,'total_online_refunded',NULL,'','static','','','text','',NULL,'',1,1,1,0,'',0,0,0,0,0,0,1,'',0,'',0,1,0),(142,11,'total_offline_refunded',NULL,'','static','','','text','',NULL,'',1,1,1,0,'',0,0,0,0,0,0,1,'',0,'',0,1,0),(143,11,'adjustment_positive',NULL,'','decimal','','','text','',NULL,'',1,1,1,0,'',0,0,0,0,0,0,1,'',0,'',0,1,0),(144,11,'adjustment_negative',NULL,'','decimal','','','text','',NULL,'',1,1,1,0,'',0,0,0,0,0,0,1,'',0,'',0,1,0),(145,11,'base_tax_amount',NULL,'','static','','','text','',NULL,'',1,1,1,0,'',0,0,0,0,0,0,1,'',0,'',0,1,0),(146,11,'base_shipping_amount',NULL,'','static','','','text','',NULL,'',1,1,1,0,'',0,0,0,0,0,0,1,'',0,'',0,1,0),(147,11,'base_shipping_tax_amount',NULL,'','static','','','text','',NULL,'',1,1,1,0,'',0,0,0,0,0,0,1,'',0,'',0,1,0),(148,11,'base_discount_amount',NULL,'','static','','','text','',NULL,'',1,1,1,0,'',0,0,0,0,0,0,1,'',0,'',0,1,0),(149,11,'base_giftcert_amount',NULL,'','decimal','','','text','',NULL,'',1,1,1,0,'',0,0,0,0,0,0,1,'',0,'',0,1,0),(150,11,'base_custbalance_amount',NULL,'','decimal','','','text','',NULL,'',1,1,1,0,'',0,0,0,0,0,0,1,'',0,'',0,1,0),(151,11,'base_subtotal',NULL,'','static','','','text','',NULL,'',1,1,1,0,'',0,0,0,0,0,0,1,'',0,'',0,1,0),(152,11,'base_grand_total',NULL,'','static','','','text','',NULL,'',1,1,1,0,'',0,0,0,0,0,0,1,'',0,'',0,1,0),(153,11,'base_total_paid',NULL,'','static','','','text','',NULL,'',1,1,1,0,'',0,0,0,0,0,0,1,'',0,'',0,1,0),(154,11,'base_total_due',NULL,'','decimal','','','text','',NULL,'',1,1,1,0,'',0,0,0,0,0,0,1,'',0,'',0,1,0),(155,11,'base_total_refunded',NULL,'','static','','','text','',NULL,'',1,1,1,0,'',0,0,0,0,0,0,1,'',0,'',0,1,0),(156,11,'base_total_qty_ordered',NULL,'','static','','','text','',NULL,'',1,1,1,0,'',0,0,0,0,0,0,1,'',0,'',0,1,0),(157,11,'base_total_canceled',NULL,'','static','','','text','',NULL,'',1,1,1,0,'',0,0,0,0,0,0,1,'',0,'',0,1,0),(158,11,'base_total_invoiced',NULL,'','static','','','text','',NULL,'',1,1,1,0,'',0,0,0,0,0,0,1,'',0,'',0,1,0),(159,11,'base_total_online_refunded',NULL,'','static','','','text','',NULL,'',1,1,1,0,'',0,0,0,0,0,0,1,'',0,'',0,1,0),(160,11,'base_total_offline_refunded',NULL,'','static','','','text','',NULL,'',1,1,1,0,'',0,0,0,0,0,0,1,'',0,'',0,1,0),(161,11,'base_adjustment_positive',NULL,'','decimal','','','text','',NULL,'',1,1,1,0,'',0,0,0,0,0,0,1,'',0,'',0,1,0),(162,11,'base_adjustment_negative',NULL,'','decimal','','','text','',NULL,'',1,1,1,0,'',0,0,0,0,0,0,1,'',0,'',0,1,0),(163,11,'subtotal_refunded',NULL,'','static','','','text','',NULL,'',1,1,1,0,'',0,0,0,0,0,0,1,'',0,'',0,1,0),(164,11,'subtotal_canceled',NULL,'','static','','','text','',NULL,'',1,1,1,0,'',0,0,0,0,0,0,1,'',0,'',0,1,0),(165,11,'subtotal_invoiced',NULL,'','static','','','text','',NULL,'',1,1,1,0,'',0,0,0,0,0,0,1,'',0,'',0,1,0),(166,11,'tax_refunded',NULL,'','static','','','text','',NULL,'',1,1,1,0,'',0,0,0,0,0,0,1,'',0,'',0,1,0),(167,11,'tax_canceled',NULL,'','static','','','text','',NULL,'',1,1,1,0,'',0,0,0,0,0,0,1,'',0,'',0,1,0),(168,11,'tax_invoiced',NULL,'','static','','','text','',NULL,'',1,1,1,0,'',0,0,0,0,0,0,1,'',0,'',0,1,0),(169,11,'shipping_refunded',NULL,'','static','','','text','',NULL,'',1,1,1,0,'',0,0,0,0,0,0,1,'',0,'',0,1,0),(170,11,'shipping_canceled',NULL,'','static','','','text','',NULL,'',1,1,1,0,'',0,0,0,0,0,0,1,'',0,'',0,1,0),(171,11,'shipping_invoiced',NULL,'','static','','','text','',NULL,'',1,1,1,0,'',0,0,0,0,0,0,1,'',0,'',0,1,0),(172,11,'base_subtotal_refunded',NULL,'','static','','','text','',NULL,'',1,1,1,0,'',0,0,0,0,0,0,1,'',0,'',0,1,0),(173,11,'base_subtotal_canceled',NULL,'','static','','','text','',NULL,'',1,1,1,0,'',0,0,0,0,0,0,1,'',0,'',0,1,0),(174,11,'base_subtotal_invoiced',NULL,'','static','','','text','',NULL,'',1,1,1,0,'',0,0,0,0,0,0,1,'',0,'',0,1,0),(175,11,'base_tax_refunded',NULL,'','static','','','text','',NULL,'',1,1,1,0,'',0,0,0,0,0,0,1,'',0,'',0,1,0),(176,11,'base_tax_canceled',NULL,'','static','','','text','',NULL,'',1,1,1,0,'',0,0,0,0,0,0,1,'',0,'',0,1,0),(177,11,'base_tax_invoiced',NULL,'','static','','','text','',NULL,'',1,1,1,0,'',0,0,0,0,0,0,1,'',0,'',0,1,0),(178,11,'base_shipping_refunded',NULL,'','static','','','text','',NULL,'',1,1,1,0,'',0,0,0,0,0,0,1,'',0,'',0,1,0),(179,11,'base_shipping_canceled',NULL,'','static','','','text','',NULL,'',1,1,1,0,'',0,0,0,0,0,0,1,'',0,'',0,1,0),(180,11,'base_shipping_invoiced',NULL,'','static','','','text','',NULL,'',1,1,1,0,'',0,0,0,0,0,0,1,'',0,'',0,1,0),(181,11,'customer_id',NULL,'','static','','','text','',NULL,'',1,0,1,0,'',0,0,0,0,0,0,1,'',0,'',0,1,0),(182,11,'customer_group_id',NULL,'','int','','','text','',NULL,'',1,0,1,0,'',0,0,0,0,0,0,1,'',0,'',0,1,0),(183,11,'customer_email',NULL,'','varchar','','','text','',NULL,'',1,0,1,0,'',0,0,0,0,0,0,1,'',0,'',0,1,0),(184,11,'customer_prefix',NULL,'','varchar','','','text','',NULL,'',1,0,1,0,'',0,0,0,0,0,0,1,'',0,'',0,1,0),(185,11,'customer_firstname',NULL,'','varchar','','','text','',NULL,'',1,0,1,0,'',0,0,0,0,0,0,1,'',0,'',0,1,0),(186,11,'customer_middlename',NULL,'','varchar','','','text','',NULL,'',1,0,1,0,'',0,0,0,0,0,0,1,'',0,'',0,1,0),(187,11,'customer_lastname',NULL,'','varchar','','','text','',NULL,'',1,0,1,0,'',0,0,0,0,0,0,1,'',0,'',0,1,0),(188,11,'customer_suffix',NULL,'','varchar','','','text','',NULL,'',1,0,1,0,'',0,0,0,0,0,0,1,'',0,'',0,1,0),(189,11,'customer_note',NULL,'','text','','','text','',NULL,'',1,0,1,0,'',0,0,0,0,0,0,1,'',0,'',0,1,0),(190,11,'customer_note_notify',NULL,'','int','','','text','',NULL,'',1,0,1,0,'',0,0,0,0,0,0,1,'',0,'',0,1,0),(191,11,'customer_is_guest',NULL,'','int','','','text','',NULL,'',1,0,1,0,'',0,0,0,0,0,0,1,'',0,'',0,1,0),(192,11,'email_sent',NULL,'','int','','','text','',NULL,'',1,0,1,0,'',0,0,0,0,0,0,1,'',0,'',0,1,0),(193,11,'customer_taxvat',NULL,'','varchar','','','text','',NULL,'',1,0,1,0,'',0,0,0,0,0,0,1,'',0,'',0,1,0),(194,11,'customer_dob',NULL,'eav/entity_attribute_backend_datetime','datetime','','','text','',NULL,'',1,1,1,0,'',0,0,0,0,0,0,1,'',0,'',0,1,0),(195,12,'parent_id',NULL,'sales_entity/order_attribute_backend_child','static','','','text','',NULL,'',1,1,1,0,'',0,0,0,0,0,0,1,'',0,'',0,1,0),(196,12,'quote_address_id',NULL,'','int','','','text','',NULL,'',1,1,1,0,'',0,0,0,0,0,0,1,'',0,'',0,1,0),(197,12,'address_type',NULL,'','varchar','','','text','',NULL,'',1,1,1,0,'',0,0,0,0,0,0,1,'',0,'',0,1,0),(198,12,'customer_id',NULL,'','int','','','text','',NULL,'',1,1,1,0,'',0,0,0,0,0,0,1,'',0,'',0,1,0),(199,12,'customer_address_id',NULL,'','int','','','text','',NULL,'',1,1,1,0,'',0,0,0,0,0,0,1,'',0,'',0,1,0),(200,12,'email',NULL,'','varchar','','','text','',NULL,'',1,1,1,0,'',0,0,0,0,0,0,1,'',0,'',0,1,0),(201,12,'prefix',NULL,'','varchar','','','text','',NULL,'',1,1,1,0,'',0,0,0,0,0,0,1,'',0,'',0,1,0),(202,12,'firstname',NULL,'','varchar','','','text','',NULL,'',1,1,1,0,'',0,0,0,0,0,0,1,'',0,'',0,1,0),(203,12,'middlename',NULL,'','varchar','','','text','',NULL,'',1,1,1,0,'',0,0,0,0,0,0,1,'',0,'',0,1,0),(204,12,'lastname',NULL,'','varchar','','','text','',NULL,'',1,1,1,0,'',0,0,0,0,0,0,1,'',0,'',0,1,0),(205,12,'suffix',NULL,'','varchar','','','text','',NULL,'',1,1,1,0,'',0,0,0,0,0,0,1,'',0,'',0,1,0),(206,12,'company',NULL,'','varchar','','','text','',NULL,'',1,1,1,0,'',0,0,0,0,0,0,1,'',0,'',0,1,0),(207,12,'street',NULL,'','varchar','','','text','',NULL,'',1,1,1,0,'',0,0,0,0,0,0,1,'',0,'',0,1,0),(208,12,'city',NULL,'','varchar','','','text','',NULL,'',1,1,1,0,'',0,0,0,0,0,0,1,'',0,'',0,1,0),(209,12,'region',NULL,'','varchar','','','text','',NULL,'',1,1,1,0,'',0,0,0,0,0,0,1,'',0,'',0,1,0),(210,12,'region_id',NULL,'','int','','','text','',NULL,'',1,1,1,0,'',0,0,0,0,0,0,1,'',0,'',0,1,0),(211,12,'postcode',NULL,'','varchar','','','text','',NULL,'',1,1,1,0,'',0,0,0,0,0,0,1,'',0,'',0,1,0),(212,12,'country_id',NULL,'','varchar','','','text','',NULL,'',1,1,1,0,'',0,0,0,0,0,0,1,'',0,'',0,1,0),(213,12,'telephone',NULL,'','varchar','','','text','',NULL,'',1,1,1,0,'',0,0,0,0,0,0,1,'',0,'',0,1,0),(214,12,'fax',NULL,'','varchar','','','text','',NULL,'',1,1,1,0,'',0,0,0,0,0,0,1,'',0,'',0,1,0),(215,13,'parent_id',NULL,'sales_entity/order_attribute_backend_child','static','','','text','',NULL,'',1,1,1,0,'',0,0,0,0,0,0,1,'',0,'',0,1,0),(216,13,'quote_item_id',NULL,'','int','','','text','',NULL,'',1,1,1,0,'',0,0,0,0,0,0,1,'',0,'',0,1,0),(217,13,'product_id',NULL,'','int','','','text','',NULL,'',1,1,1,0,'',0,0,0,0,0,0,1,'',0,'',0,1,0),(218,13,'super_product_id',NULL,'','int','','','text','',NULL,'',1,1,1,0,'',0,0,0,0,0,0,1,'',0,'',0,1,0),(219,13,'parent_product_id',NULL,'','int','','','text','',NULL,'',1,1,1,0,'',0,0,0,0,0,0,1,'',0,'',0,1,0),(220,13,'is_virtual',NULL,'','int','','','text','',NULL,'',1,1,1,0,'',0,0,0,0,0,0,1,'',0,'',0,1,0),(221,13,'sku',NULL,'','varchar','','','text','',NULL,'',1,1,1,0,'',0,0,0,0,0,0,1,'',0,'',0,1,0),(222,13,'name',NULL,'','varchar','','','text','',NULL,'',1,1,1,0,'',0,0,0,0,0,0,1,'',0,'',0,1,0),(223,13,'description',NULL,'','text','','','text','',NULL,'',1,1,1,0,'',0,0,0,0,0,0,1,'',0,'',0,1,0),(224,13,'weight',NULL,'','decimal','','','text','',NULL,'',1,1,1,0,'',0,0,0,0,0,0,1,'',0,'',0,1,0),(225,13,'is_qty_decimal',NULL,'','int','','','text','',NULL,'',1,1,1,0,'',0,0,0,0,0,0,1,'',0,'',0,1,0),(226,13,'qty_ordered',NULL,'','decimal','','','text','',NULL,'',1,1,1,0,'',0,0,0,0,0,0,1,'',0,'',0,1,0),(227,13,'qty_backordered',NULL,'','decimal','','','text','',NULL,'',1,1,1,0,'',0,0,0,0,0,0,1,'',0,'',0,1,0),(228,13,'qty_invoiced',NULL,'','decimal','','','text','',NULL,'',1,1,1,0,'',0,0,0,0,0,0,1,'',0,'',0,1,0),(229,13,'qty_canceled',NULL,'','decimal','','','text','',NULL,'',1,1,1,0,'',0,0,0,0,0,0,1,'',0,'',0,1,0),(230,13,'qty_shipped',NULL,'','decimal','','','text','',NULL,'',1,1,1,0,'',0,0,0,0,0,0,1,'',0,'',0,1,0),(231,13,'qty_refunded',NULL,'','decimal','','','text','',NULL,'',1,1,1,0,'',0,0,0,0,0,0,1,'',0,'',0,1,0),(232,13,'original_price',NULL,'','decimal','','','text','',NULL,'',1,1,1,0,'',0,0,0,0,0,0,1,'',0,'',0,1,0),(233,13,'price',NULL,'','decimal','','','text','',NULL,'',1,1,1,0,'',0,0,0,0,0,0,1,'',0,'',0,1,0),(234,13,'cost',NULL,'','decimal','','','text','',NULL,'',1,1,1,0,'',0,0,0,0,0,0,1,'',0,'',0,1,0),(235,13,'discount_percent',NULL,'','decimal','','','text','',NULL,'',1,1,1,0,'',0,0,0,0,0,0,1,'',0,'',0,1,0),(236,13,'discount_amount',NULL,'','decimal','','','text','',NULL,'',1,1,1,0,'',0,0,0,0,0,0,1,'',0,'',0,1,0),(237,13,'discount_invoiced',NULL,'','decimal','','','text','',NULL,'',1,1,1,0,'',0,0,0,0,0,0,1,'',0,'',0,1,0),(238,13,'tax_percent',NULL,'','decimal','','','text','',NULL,'',1,1,1,0,'',0,0,0,0,0,0,1,'',0,'',0,1,0),(239,13,'tax_amount',NULL,'','decimal','','','text','',NULL,'',1,1,1,0,'',0,0,0,0,0,0,1,'',0,'',0,1,0),(240,13,'tax_invoiced',NULL,'','decimal','','','text','',NULL,'',1,1,1,0,'',0,0,0,0,0,0,1,'',0,'',0,1,0),(241,13,'row_total',NULL,'','decimal','','','text','',NULL,'',1,1,1,0,'',0,0,0,0,0,0,1,'',0,'',0,1,0),(242,13,'row_weight',NULL,'','decimal','','','text','',NULL,'',1,1,1,0,'',0,0,0,0,0,0,1,'',0,'',0,1,0),(243,13,'row_invoiced',NULL,'','decimal','','','text','',NULL,'',1,1,1,0,'',0,0,0,0,0,0,1,'',0,'',0,1,0),(244,13,'invoiced_total',NULL,'','decimal','','','text','',NULL,'',1,1,1,0,'',0,0,0,0,0,0,1,'',0,'',0,1,0),(245,13,'amount_refunded',NULL,'','decimal','','','text','',NULL,'',1,1,1,0,'',0,0,0,0,0,0,1,'',0,'',0,1,0),(246,13,'base_price',NULL,'','decimal','','','text','',NULL,'',1,1,1,0,'',0,0,0,0,0,0,1,'',0,'',0,1,0),(247,13,'base_original_price',NULL,'','decimal','','','text','',NULL,'',1,1,1,0,'',0,0,0,0,0,0,1,'',0,'',0,1,0),(248,13,'base_discount_amount',NULL,'','decimal','','','text','',NULL,'',1,1,1,0,'',0,0,0,0,0,0,1,'',0,'',0,1,0),(249,13,'base_discount_invoiced',NULL,'','decimal','','','text','',NULL,'',1,1,1,0,'',0,0,0,0,0,0,1,'',0,'',0,1,0),(250,13,'base_tax_amount',NULL,'','decimal','','','text','',NULL,'',1,1,1,0,'',0,0,0,0,0,0,1,'',0,'',0,1,0),(251,13,'base_tax_invoiced',NULL,'','decimal','','','text','',NULL,'',1,1,1,0,'',0,0,0,0,0,0,1,'',0,'',0,1,0),(252,13,'base_row_total',NULL,'','decimal','','','text','',NULL,'',1,1,1,0,'',0,0,0,0,0,0,1,'',0,'',0,1,0),(253,13,'base_row_invoiced',NULL,'','decimal','','','text','',NULL,'',1,1,1,0,'',0,0,0,0,0,0,1,'',0,'',0,1,0),(254,13,'base_invoiced_total',NULL,'','decimal','','','text','',NULL,'',1,1,1,0,'',0,0,0,0,0,0,1,'',0,'',0,1,0),(255,13,'base_amount_refunded',NULL,'','decimal','','','text','',NULL,'',1,1,1,0,'',0,0,0,0,0,0,1,'',0,'',0,1,0),(256,13,'applied_rule_ids',NULL,'','varchar','','','text','',NULL,'',1,1,1,0,'',0,0,0,0,0,0,1,'',0,'',0,1,0),(257,13,'additional_data',NULL,'','text','','','text','',NULL,'',1,1,1,0,'',0,0,0,0,0,0,1,'',0,'',0,1,0),(258,14,'parent_id',NULL,'sales_entity/order_attribute_backend_child','static','','','text','',NULL,'',1,1,1,0,'',0,0,0,0,0,0,1,'',0,'',0,1,0),(259,14,'quote_payment_id',NULL,'','int','','','text','',NULL,'',1,1,1,0,'',0,0,0,0,0,0,1,'',0,'',0,1,0),(260,14,'method',NULL,'','varchar','','','text','',NULL,'',1,1,1,0,'',0,0,0,0,0,0,1,'',0,'',0,1,0),(261,14,'additional_data',NULL,'','text','','','text','',NULL,'',1,1,1,0,'',0,0,0,0,0,0,1,'',0,'',0,1,0),(262,14,'last_trans_id',NULL,'','varchar','','','text','',NULL,'',1,1,1,0,'',0,0,0,0,0,0,1,'',0,'',0,1,0),(263,14,'po_number',NULL,'','varchar','','','text','',NULL,'',1,1,1,0,'',0,0,0,0,0,0,1,'',0,'',0,1,0),(264,14,'cc_type',NULL,'','varchar','','','text','',NULL,'',1,1,1,0,'',0,0,0,0,0,0,1,'',0,'',0,1,0),(265,14,'cc_number_enc',NULL,'','varchar','','','text','',NULL,'',1,1,1,0,'',0,0,0,0,0,0,1,'',0,'',0,1,0),(266,14,'cc_last4',NULL,'','varchar','','','text','',NULL,'',1,1,1,0,'',0,0,0,0,0,0,1,'',0,'',0,1,0),(267,14,'cc_owner',NULL,'','varchar','','','text','',NULL,'',1,1,1,0,'',0,0,0,0,0,0,1,'',0,'',0,1,0),(268,14,'cc_exp_month',NULL,'','varchar','','','text','',NULL,'',1,1,1,0,'',0,0,0,0,0,0,1,'',0,'',0,1,0),(269,14,'cc_exp_year',NULL,'','varchar','','','text','',NULL,'',1,1,1,0,'',0,0,0,0,0,0,1,'',0,'',0,1,0),(270,14,'cc_ss_issue',NULL,'','varchar','','','text','',NULL,'',1,1,1,0,'',0,0,0,0,0,0,1,'',0,'',0,1,0),(271,14,'cc_ss_start_month',NULL,'','varchar','','','text','',NULL,'',1,1,1,0,'',0,0,0,0,0,0,1,'',0,'',0,1,0),(272,14,'cc_ss_start_year',NULL,'','varchar','','','text','',NULL,'',1,1,1,0,'',0,0,0,0,0,0,1,'',0,'',0,1,0),(273,14,'cc_status',NULL,'','varchar','','','text','',NULL,'',1,1,1,0,'',0,0,0,0,0,0,1,'',0,'',0,1,0),(274,14,'cc_status_description',NULL,'','varchar','','','text','',NULL,'',1,1,1,0,'',0,0,0,0,0,0,1,'',0,'',0,1,0),(275,14,'cc_trans_id',NULL,'','varchar','','','text','',NULL,'',1,1,1,0,'',0,0,0,0,0,0,1,'',0,'',0,1,0),(276,14,'cc_approval',NULL,'','varchar','','','text','',NULL,'',1,1,1,0,'',0,0,0,0,0,0,1,'',0,'',0,1,0),(277,14,'cc_avs_status',NULL,'','varchar','','','text','',NULL,'',1,1,1,0,'',0,0,0,0,0,0,1,'',0,'',0,1,0),(278,14,'cc_cid_status',NULL,'','varchar','','','text','',NULL,'',1,1,1,0,'',0,0,0,0,0,0,1,'',0,'',0,1,0),(279,14,'cc_debug_request_body',NULL,'','varchar','','','text','',NULL,'',1,1,1,0,'',0,0,0,0,0,0,1,'',0,'',0,1,0),(280,14,'cc_debug_response_body',NULL,'','varchar','','','text','',NULL,'',1,1,1,0,'',0,0,0,0,0,0,1,'',0,'',0,1,0),(281,14,'cc_debug_response_serialized',NULL,'','varchar','','','text','',NULL,'',1,1,1,0,'',0,0,0,0,0,0,1,'',0,'',0,1,0),(282,14,'anet_trans_method',NULL,'','varchar','','','text','',NULL,'',1,1,1,0,'',0,0,0,0,0,0,1,'',0,'',0,1,0),(283,14,'echeck_routing_number',NULL,'','varchar','','','text','',NULL,'',1,1,1,0,'',0,0,0,0,0,0,1,'',0,'',0,1,0),(284,14,'echeck_bank_name',NULL,'','varchar','','','text','',NULL,'',1,1,1,0,'',0,0,0,0,0,0,1,'',0,'',0,1,0),(285,14,'echeck_account_type',NULL,'','varchar','','','text','',NULL,'',1,1,1,0,'',0,0,0,0,0,0,1,'',0,'',0,1,0),(286,14,'echeck_account_name',NULL,'','varchar','','','text','',NULL,'',1,1,1,0,'',0,0,0,0,0,0,1,'',0,'',0,1,0),(287,14,'echeck_type',NULL,'','varchar','','','text','',NULL,'',1,1,1,0,'',0,0,0,0,0,0,1,'',0,'',0,1,0),(288,14,'amount_ordered',NULL,'','decimal','','','text','',NULL,'',1,1,1,0,'',0,0,0,0,0,0,1,'',0,'',0,1,0),(289,14,'amount_authorized',NULL,'','decimal','','','text','',NULL,'',1,1,1,0,'',0,0,0,0,0,0,1,'',0,'',0,1,0),(290,14,'amount_paid',NULL,'','decimal','','','text','',NULL,'',1,1,1,0,'',0,0,0,0,0,0,1,'',0,'',0,1,0),(291,14,'amount_canceled',NULL,'','decimal','','','text','',NULL,'',1,1,1,0,'',0,0,0,0,0,0,1,'',0,'',0,1,0),(292,14,'amount_refunded',NULL,'','decimal','','','text','',NULL,'',1,1,1,0,'',0,0,0,0,0,0,1,'',0,'',0,1,0),(293,14,'shipping_amount',NULL,'','decimal','','','text','',NULL,'',1,1,1,0,'',0,0,0,0,0,0,1,'',0,'',0,1,0),(294,14,'shipping_captured',NULL,'','decimal','','','text','',NULL,'',1,1,1,0,'',0,0,0,0,0,0,1,'',0,'',0,1,0),(295,14,'shipping_refunded',NULL,'','decimal','','','text','',NULL,'',1,1,1,0,'',0,0,0,0,0,0,1,'',0,'',0,1,0),(296,14,'base_amount_ordered',NULL,'','decimal','','','text','',NULL,'',1,1,1,0,'',0,0,0,0,0,0,1,'',0,'',0,1,0),(297,14,'base_amount_authorized',NULL,'','decimal','','','text','',NULL,'',1,1,1,0,'',0,0,0,0,0,0,1,'',0,'',0,1,0),(298,14,'base_amount_paid',NULL,'','decimal','','','text','',NULL,'',1,1,1,0,'',0,0,0,0,0,0,1,'',0,'',0,1,0),(299,14,'base_amount_canceled',NULL,'','decimal','','','text','',NULL,'',1,1,1,0,'',0,0,0,0,0,0,1,'',0,'',0,1,0),(300,14,'base_amount_refunded',NULL,'','decimal','','','text','',NULL,'',1,1,1,0,'',0,0,0,0,0,0,1,'',0,'',0,1,0),(301,14,'base_shipping_amount',NULL,'','decimal','','','text','',NULL,'',1,1,1,0,'',0,0,0,0,0,0,1,'',0,'',0,1,0),(302,14,'base_shipping_captured',NULL,'','decimal','','','text','',NULL,'',1,1,1,0,'',0,0,0,0,0,0,1,'',0,'',0,1,0),(303,14,'base_shipping_refunded',NULL,'','decimal','','','text','',NULL,'',1,1,1,0,'',0,0,0,0,0,0,1,'',0,'',0,1,0),(304,15,'parent_id',NULL,'sales_entity/order_attribute_backend_child','static','','','text','',NULL,'',1,1,1,0,'',0,0,0,0,0,0,1,'',0,'',0,1,0),(305,15,'status',NULL,'','varchar','','','text','',NULL,'',1,1,1,0,'',0,0,0,0,0,0,1,'',0,'',0,1,0),(306,15,'comment',NULL,'','text','','','text','',NULL,'',1,1,1,0,'',0,0,0,0,0,0,1,'',0,'',0,1,0),(307,15,'is_customer_notified',NULL,'','int','','','text','',NULL,'',1,1,1,0,'',0,0,0,0,0,0,1,'',0,'',0,1,0),(308,16,'entity_id',NULL,'sales_entity/order_invoice_attribute_backend_parent','static','','','text','',NULL,'',1,1,1,0,'',0,0,0,0,0,0,1,'',0,'',0,1,0),(309,16,'state',NULL,'','int','','','text','',NULL,'',1,1,1,0,'',0,0,0,0,0,0,1,'',0,'',0,1,0),(310,16,'is_used_for_refund',NULL,'','int','','','text','',NULL,'',1,1,1,0,'',0,0,0,0,0,0,1,'',0,'',0,1,0),(311,16,'transaction_id',NULL,'','varchar','','','text','',NULL,'',1,1,1,0,'',0,0,0,0,0,0,1,'',0,'',0,1,0),(312,16,'order_id',NULL,'sales_entity/order_invoice_attribute_backend_order','int','','','text','',NULL,'',1,1,1,0,'',0,0,0,0,0,0,1,'',0,'',0,1,0),(313,16,'billing_address_id',NULL,'','int','','','text','',NULL,'',1,1,1,0,'',0,0,0,0,0,0,1,'',0,'',0,1,0),(314,16,'shipping_address_id',NULL,'','int','','','text','',NULL,'',1,1,1,0,'',0,0,0,0,0,0,1,'',0,'',0,1,0),(315,16,'base_currency_code',NULL,'','varchar','','','text','',NULL,'',1,1,1,0,'',0,0,0,0,0,0,1,'',0,'',0,1,0),(316,16,'store_currency_code',NULL,'','varchar','','','text','',NULL,'',1,1,1,0,'',0,0,0,0,0,0,1,'',0,'',0,1,0),(317,16,'order_currency_code',NULL,'','varchar','','','text','',NULL,'',1,1,1,0,'',0,0,0,0,0,0,1,'',0,'',0,1,0),(318,16,'store_to_base_rate',NULL,'','decimal','','','text','',NULL,'',1,1,1,0,'',0,0,0,0,0,0,1,'',0,'',0,1,0),(319,16,'store_to_order_rate',NULL,'','decimal','','','text','',NULL,'',1,1,1,0,'',0,0,0,0,0,0,1,'',0,'',0,1,0),(320,16,'subtotal',NULL,'','decimal','','','text','',NULL,'',1,1,1,0,'',0,0,0,0,0,0,1,'',0,'',0,1,0),(321,16,'discount_amount',NULL,'','decimal','','','text','',NULL,'',1,1,1,0,'',0,0,0,0,0,0,1,'',0,'',0,1,0),(322,16,'tax_amount',NULL,'','decimal','','','text','',NULL,'',1,1,1,0,'',0,0,0,0,0,0,1,'',0,'',0,1,0),(323,16,'shipping_amount',NULL,'','decimal','','','text','',NULL,'',1,1,1,0,'',0,0,0,0,0,0,1,'',0,'',0,1,0),(324,16,'grand_total',NULL,'','decimal','','','text','',NULL,'',1,1,1,0,'',0,0,0,0,0,0,1,'',0,'',0,1,0),(325,16,'total_qty',NULL,'','decimal','','','text','',NULL,'',1,1,1,0,'',0,0,0,0,0,0,1,'',0,'',0,1,0),(326,16,'can_void_flag',NULL,'','int','','','text','',NULL,'',1,1,1,0,'',0,0,0,0,0,0,1,'',0,'',0,1,0),(327,16,'base_subtotal',NULL,'','decimal','','','text','',NULL,'',1,1,1,0,'',0,0,0,0,0,0,1,'',0,'',0,1,0),(328,16,'base_discount_amount',NULL,'','decimal','','','text','',NULL,'',1,1,1,0,'',0,0,0,0,0,0,1,'',0,'',0,1,0),(329,16,'base_tax_amount',NULL,'','decimal','','','text','',NULL,'',1,1,1,0,'',0,0,0,0,0,0,1,'',0,'',0,1,0),(330,16,'base_shipping_amount',NULL,'','decimal','','','text','',NULL,'',1,1,1,0,'',0,0,0,0,0,0,1,'',0,'',0,1,0),(331,16,'base_grand_total',NULL,'','decimal','','','text','',NULL,'',1,1,1,0,'',0,0,0,0,0,0,1,'',0,'',0,1,0),(332,16,'email_sent',NULL,'','int','','','text','',NULL,'',1,1,1,0,'',0,0,0,0,0,0,1,'',0,'',0,1,0),(333,16,'store_id',NULL,'','static','','','text','',NULL,'',1,1,1,0,'',0,0,0,0,0,0,1,'',0,'',0,1,0),(334,17,'parent_id',NULL,'sales_entity/order_invoice_attribute_backend_child','static','','','text','',NULL,'',1,1,1,0,'',0,0,0,0,0,0,1,'',0,'',0,1,0),(335,17,'order_item_id',NULL,'','int','','','text','',NULL,'',1,1,1,0,'',0,0,0,0,0,0,1,'',0,'',0,1,0),(336,17,'product_id',NULL,'','int','','','text','',NULL,'',1,1,1,0,'',0,0,0,0,0,0,1,'',0,'',0,1,0),(337,17,'name',NULL,'','varchar','','','text','',NULL,'',1,1,1,0,'',0,0,0,0,0,0,1,'',0,'',0,1,0),(338,17,'description',NULL,'','text','','','text','',NULL,'',1,1,1,0,'',0,0,0,0,0,0,1,'',0,'',0,1,0),(339,17,'sku',NULL,'','varchar','','','text','',NULL,'',1,1,1,0,'',0,0,0,0,0,0,1,'',0,'',0,1,0),(340,17,'qty',NULL,'','decimal','','','text','',NULL,'',1,1,1,0,'',0,0,0,0,0,0,1,'',0,'',0,1,0),(341,17,'cost',NULL,'','decimal','','','text','',NULL,'',1,1,1,0,'',0,0,0,0,0,0,1,'',0,'',0,1,0),(342,17,'price',NULL,'','decimal','','','text','',NULL,'',1,1,1,0,'',0,0,0,0,0,0,1,'',0,'',0,1,0),(343,17,'discount_amount',NULL,'','decimal','','','text','',NULL,'',1,1,1,0,'',0,0,0,0,0,0,1,'',0,'',0,1,0),(344,17,'tax_amount',NULL,'','decimal','','','text','',NULL,'',1,1,1,0,'',0,0,0,0,0,0,1,'',0,'',0,1,0),(345,17,'row_total',NULL,'','decimal','','','text','',NULL,'',1,1,1,0,'',0,0,0,0,0,0,1,'',0,'',0,1,0),(346,17,'base_price',NULL,'','decimal','','','text','',NULL,'',1,1,1,0,'',0,0,0,0,0,0,1,'',0,'',0,1,0),(347,17,'base_discount_amount',NULL,'','decimal','','','text','',NULL,'',1,1,1,0,'',0,0,0,0,0,0,1,'',0,'',0,1,0),(348,17,'base_tax_amount',NULL,'','decimal','','','text','',NULL,'',1,1,1,0,'',0,0,0,0,0,0,1,'',0,'',0,1,0),(349,17,'base_row_total',NULL,'','decimal','','','text','',NULL,'',1,1,1,0,'',0,0,0,0,0,0,1,'',0,'',0,1,0),(350,17,'additional_data',NULL,'','text','','','text','',NULL,'',1,1,1,0,'',0,0,0,0,0,0,1,'',0,'',0,1,0),(351,18,'parent_id',NULL,'sales_entity/order_invoice_attribute_backend_child','static','','','text','',NULL,'',1,1,1,0,'',0,0,0,0,0,0,1,'',0,'',0,1,0),(352,18,'comment',NULL,'','text','','','text','',NULL,'',1,1,1,0,'',0,0,0,0,0,0,1,'',0,'',0,1,0),(353,18,'is_customer_notified',NULL,'','int','','','text','',NULL,'',1,1,1,0,'',0,0,0,0,0,0,1,'',0,'',0,1,0),(354,19,'entity_id',NULL,'sales_entity/order_shipment_attribute_backend_parent','static','','','text','',NULL,'',1,1,1,0,'',0,0,0,0,0,0,1,'',0,'',0,1,0),(355,19,'customer_id',NULL,'','int','','','text','',NULL,'',1,1,1,0,'',0,0,0,0,0,0,1,'',0,'',0,1,0),(356,19,'order_id',NULL,'','int','','','text','',NULL,'',1,1,1,0,'',0,0,0,0,0,0,1,'',0,'',0,1,0),(357,19,'shipment_status',NULL,'','int','','','text','',NULL,'',1,1,1,0,'',0,0,0,0,0,0,1,'',0,'',0,1,0),(358,19,'billing_address_id',NULL,'','int','','','text','',NULL,'',1,1,1,0,'',0,0,0,0,0,0,1,'',0,'',0,1,0),(359,19,'shipping_address_id',NULL,'','int','','','text','',NULL,'',1,1,1,0,'',0,0,0,0,0,0,1,'',0,'',0,1,0),(360,19,'total_qty',NULL,'','decimal','','','text','',NULL,'',1,1,1,0,'',0,0,0,0,0,0,1,'',0,'',0,1,0),(361,19,'total_weight',NULL,'','decimal','','','text','',NULL,'',1,1,1,0,'',0,0,0,0,0,0,1,'',0,'',0,1,0),(362,19,'email_sent',NULL,'','int','','','text','',NULL,'',1,1,1,0,'',0,0,0,0,0,0,1,'',0,'',0,1,0),(363,19,'store_id',NULL,'','static','','','text','',NULL,'',1,1,1,0,'',0,0,0,0,0,0,1,'',0,'',0,1,0),(364,20,'parent_id',NULL,'sales_entity/order_shipment_attribute_backend_child','static','','','text','',NULL,'',1,1,1,0,'',0,0,0,0,0,0,1,'',0,'',0,1,0),(365,20,'order_item_id',NULL,'','int','','','text','',NULL,'',1,1,1,0,'',0,0,0,0,0,0,1,'',0,'',0,1,0),(366,20,'product_id',NULL,'','int','','','text','',NULL,'',1,1,1,0,'',0,0,0,0,0,0,1,'',0,'',0,1,0),(367,20,'name',NULL,'','varchar','','','text','',NULL,'',1,1,1,0,'',0,0,0,0,0,0,1,'',0,'',0,1,0),(368,20,'description',NULL,'','text','','','text','',NULL,'',1,1,1,0,'',0,0,0,0,0,0,1,'',0,'',0,1,0),(369,20,'sku',NULL,'','varchar','','','text','',NULL,'',1,1,1,0,'',0,0,0,0,0,0,1,'',0,'',0,1,0),(370,20,'qty',NULL,'','decimal','','','text','',NULL,'',1,1,1,0,'',0,0,0,0,0,0,1,'',0,'',0,1,0),(371,20,'price',NULL,'','decimal','','','text','',NULL,'',1,1,1,0,'',0,0,0,0,0,0,1,'',0,'',0,1,0),(372,20,'weight',NULL,'','decimal','','','text','',NULL,'',1,1,1,0,'',0,0,0,0,0,0,1,'',0,'',0,1,0),(373,20,'row_total',NULL,'','decimal','','','text','',NULL,'',1,1,1,0,'',0,0,0,0,0,0,1,'',0,'',0,1,0),(374,20,'additional_data',NULL,'','text','','','text','',NULL,'',1,1,1,0,'',0,0,0,0,0,0,1,'',0,'',0,1,0),(375,21,'parent_id',NULL,'sales_entity/order_shipment_attribute_backend_child','static','','','text','',NULL,'',1,1,1,0,'',0,0,0,0,0,0,1,'',0,'',0,1,0),(376,21,'comment',NULL,'','text','','','text','',NULL,'',1,1,1,0,'',0,0,0,0,0,0,1,'',0,'',0,1,0),(377,21,'is_customer_notified',NULL,'','int','','','text','',NULL,'',1,1,1,0,'',0,0,0,0,0,0,1,'',0,'',0,1,0),(378,22,'parent_id',NULL,'sales_entity/order_shipment_attribute_backend_child','static','','','text','',NULL,'',1,1,1,0,'',0,0,0,0,0,0,1,'',0,'',0,1,0),(379,22,'order_id',NULL,'','int','','','text','',NULL,'',1,1,1,0,'',0,0,0,0,0,0,1,'',0,'',0,1,0),(380,22,'number',NULL,'','text','','','text','',NULL,'',1,1,1,0,'',0,0,0,0,0,0,1,'',0,'',0,1,0),(381,22,'carrier_code',NULL,'','varchar','','','text','',NULL,'',1,1,1,0,'',0,0,0,0,0,0,1,'',0,'',0,1,0),(382,22,'title',NULL,'','varchar','','','text','',NULL,'',1,1,1,0,'',0,0,0,0,0,0,1,'',0,'',0,1,0),(383,22,'description',NULL,'','text','','','text','',NULL,'',1,1,1,0,'',0,0,0,0,0,0,1,'',0,'',0,1,0),(384,22,'qty',NULL,'','decimal','','','text','',NULL,'',1,1,1,0,'',0,0,0,0,0,0,1,'',0,'',0,1,0),(385,22,'weight',NULL,'','decimal','','','text','',NULL,'',1,1,1,0,'',0,0,0,0,0,0,1,'',0,'',0,1,0),(386,23,'entity_id',NULL,'sales_entity/order_creditmemo_attribute_backend_parent','static','','','text','',NULL,'',1,1,1,0,'',0,0,0,0,0,0,1,'',0,'',0,1,0),(387,23,'state',NULL,'','int','','','text','',NULL,'',1,1,1,0,'',0,0,0,0,0,0,1,'',0,'',0,1,0),(388,23,'invoice_id',NULL,'','int','','','text','',NULL,'',1,1,1,0,'',0,0,0,0,0,0,1,'',0,'',0,1,0),(389,23,'transaction_id',NULL,'','varchar','','','text','',NULL,'',1,1,1,0,'',0,0,0,0,0,0,1,'',0,'',0,1,0),(390,23,'order_id',NULL,'','int','','','text','',NULL,'',1,1,1,0,'',0,0,0,0,0,0,1,'',0,'',0,1,0),(391,23,'creditmemo_status',NULL,'','int','','','text','',NULL,'',1,1,1,0,'',0,0,0,0,0,0,1,'',0,'',0,1,0),(392,23,'billing_address_id',NULL,'','int','','','text','',NULL,'',1,1,1,0,'',0,0,0,0,0,0,1,'',0,'',0,1,0),(393,23,'shipping_address_id',NULL,'','int','','','text','',NULL,'',1,1,1,0,'',0,0,0,0,0,0,1,'',0,'',0,1,0),(394,23,'base_currency_code',NULL,'','varchar','','','text','',NULL,'',1,1,1,0,'',0,0,0,0,0,0,1,'',0,'',0,1,0),(395,23,'store_currency_code',NULL,'','varchar','','','text','',NULL,'',1,1,1,0,'',0,0,0,0,0,0,1,'',0,'',0,1,0),(396,23,'order_currency_code',NULL,'','varchar','','','text','',NULL,'',1,1,1,0,'',0,0,0,0,0,0,1,'',0,'',0,1,0),(397,23,'store_to_base_rate',NULL,'','decimal','','','text','',NULL,'',1,1,1,0,'',0,0,0,0,0,0,1,'',0,'',0,1,0),(398,23,'store_to_order_rate',NULL,'','decimal','','','text','',NULL,'',1,1,1,0,'',0,0,0,0,0,0,1,'',0,'',0,1,0),(399,23,'subtotal',NULL,'','decimal','','','text','',NULL,'',1,1,1,0,'',0,0,0,0,0,0,1,'',0,'',0,1,0),(400,23,'discount_amount',NULL,'','decimal','','','text','',NULL,'',1,1,1,0,'',0,0,0,0,0,0,1,'',0,'',0,1,0),(401,23,'tax_amount',NULL,'','decimal','','','text','',NULL,'',1,1,1,0,'',0,0,0,0,0,0,1,'',0,'',0,1,0),(402,23,'shipping_amount',NULL,'','decimal','','','text','',NULL,'',1,1,1,0,'',0,0,0,0,0,0,1,'',0,'',0,1,0),(403,23,'adjustment',NULL,'','decimal','','','text','',NULL,'',1,1,1,0,'',0,0,0,0,0,0,1,'',0,'',0,1,0),(404,23,'adjustment_positive',NULL,'','decimal','','','text','',NULL,'',1,1,1,0,'',0,0,0,0,0,0,1,'',0,'',0,1,0),(405,23,'adjustment_negative',NULL,'','decimal','','','text','',NULL,'',1,1,1,0,'',0,0,0,0,0,0,1,'',0,'',0,1,0),(406,23,'grand_total',NULL,'','decimal','','','text','',NULL,'',1,1,1,0,'',0,0,0,0,0,0,1,'',0,'',0,1,0),(407,23,'base_subtotal',NULL,'','decimal','','','text','',NULL,'',1,1,1,0,'',0,0,0,0,0,0,1,'',0,'',0,1,0),(408,23,'base_discount_amount',NULL,'','decimal','','','text','',NULL,'',1,1,1,0,'',0,0,0,0,0,0,1,'',0,'',0,1,0),(409,23,'base_tax_amount',NULL,'','decimal','','','text','',NULL,'',1,1,1,0,'',0,0,0,0,0,0,1,'',0,'',0,1,0),(410,23,'base_shipping_amount',NULL,'','decimal','','','text','',NULL,'',1,1,1,0,'',0,0,0,0,0,0,1,'',0,'',0,1,0),(411,23,'base_adjustment',NULL,'','decimal','','','text','',NULL,'',1,1,1,0,'',0,0,0,0,0,0,1,'',0,'',0,1,0),(412,23,'base_adjustment_positive',NULL,'','decimal','','','text','',NULL,'',1,1,1,0,'',0,0,0,0,0,0,1,'',0,'',0,1,0),(413,23,'base_adjustment_negative',NULL,'','decimal','','','text','',NULL,'',1,1,1,0,'',0,0,0,0,0,0,1,'',0,'',0,1,0),(414,23,'base_grand_total',NULL,'','decimal','','','text','',NULL,'',1,1,1,0,'',0,0,0,0,0,0,1,'',0,'',0,1,0),(415,23,'email_sent',NULL,'','int','','','text','',NULL,'',1,1,1,0,'',0,0,0,0,0,0,1,'',0,'',0,1,0),(416,23,'store_id',NULL,'','static','','','text','',NULL,'',1,1,1,0,'',0,0,0,0,0,0,1,'',0,'',0,1,0),(417,24,'parent_id',NULL,'sales_entity/order_creditmemo_attribute_backend_child','static','','','text','',NULL,'',1,1,1,0,'',0,0,0,0,0,0,1,'',0,'',0,1,0),(418,24,'order_item_id',NULL,'','int','','','text','',NULL,'',1,1,1,0,'',0,0,0,0,0,0,1,'',0,'',0,1,0),(419,24,'product_id',NULL,'','int','','','text','',NULL,'',1,1,1,0,'',0,0,0,0,0,0,1,'',0,'',0,1,0),(420,24,'name',NULL,'','varchar','','','text','',NULL,'',1,1,1,0,'',0,0,0,0,0,0,1,'',0,'',0,1,0),(421,24,'description',NULL,'','text','','','text','',NULL,'',1,1,1,0,'',0,0,0,0,0,0,1,'',0,'',0,1,0),(422,24,'sku',NULL,'','varchar','','','text','',NULL,'',1,1,1,0,'',0,0,0,0,0,0,1,'',0,'',0,1,0),(423,24,'qty',NULL,'','decimal','','','text','',NULL,'',1,1,1,0,'',0,0,0,0,0,0,1,'',0,'',0,1,0),(424,24,'cost',NULL,'','decimal','','','text','',NULL,'',1,1,1,0,'',0,0,0,0,0,0,1,'',0,'',0,1,0),(425,24,'price',NULL,'','decimal','','','text','',NULL,'',1,1,1,0,'',0,0,0,0,0,0,1,'',0,'',0,1,0),(426,24,'discount_amount',NULL,'','decimal','','','text','',NULL,'',1,1,1,0,'',0,0,0,0,0,0,1,'',0,'',0,1,0),(427,24,'tax_amount',NULL,'','decimal','','','text','',NULL,'',1,1,1,0,'',0,0,0,0,0,0,1,'',0,'',0,1,0),(428,24,'row_total',NULL,'','decimal','','','text','',NULL,'',1,1,1,0,'',0,0,0,0,0,0,1,'',0,'',0,1,0),(429,24,'base_price',NULL,'','decimal','','','text','',NULL,'',1,1,1,0,'',0,0,0,0,0,0,1,'',0,'',0,1,0),(430,24,'base_discount_amount',NULL,'','decimal','','','text','',NULL,'',1,1,1,0,'',0,0,0,0,0,0,1,'',0,'',0,1,0),(431,24,'base_tax_amount',NULL,'','decimal','','','text','',NULL,'',1,1,1,0,'',0,0,0,0,0,0,1,'',0,'',0,1,0),(432,24,'base_row_total',NULL,'','decimal','','','text','',NULL,'',1,1,1,0,'',0,0,0,0,0,0,1,'',0,'',0,1,0),(433,24,'additional_data',NULL,'','text','','','text','',NULL,'',1,1,1,0,'',0,0,0,0,0,0,1,'',0,'',0,1,0),(434,25,'parent_id',NULL,'sales_entity/order_creditmemo_attribute_backend_child','static','','','text','',NULL,'',1,1,1,0,'',0,0,0,0,0,0,1,'',0,'',0,1,0),(435,25,'comment',NULL,'','text','','','text','',NULL,'',1,1,1,0,'',0,0,0,0,0,0,1,'',0,'',0,1,0),(436,25,'is_customer_notified',NULL,'','int','','','text','',NULL,'',1,1,1,0,'',0,0,0,0,0,0,1,'',0,'',0,1,0),(437,13,'product_type',NULL,'','varchar','','','text','',NULL,'',1,1,1,0,'',0,0,0,0,0,0,1,'',0,'',0,1,0),(438,11,'can_ship_partially',NULL,'','int','','','text','',NULL,'',1,1,1,0,'',0,0,0,0,0,0,1,'',0,'',0,1,0),(439,11,'can_ship_partially_item',NULL,'','int','','','text','',NULL,'',1,1,1,0,'',0,0,0,0,0,0,1,'',0,'',0,1,0),(440,11,'payment_authorization_amount',NULL,'','decimal','','','text','',NULL,'',1,1,1,0,'',0,0,0,0,0,0,1,'',0,'',0,1,0),(441,11,'payment_authorization_expiration',NULL,'','int','','','text','',NULL,'',1,1,1,0,'',0,0,0,0,0,0,1,'',0,'',0,1,0),(442,11,'shipping_tax_refunded',NULL,'','static','','','text','',NULL,'',1,1,1,0,'',0,0,0,0,0,0,1,'',0,'',0,1,0),(443,11,'base_shipping_tax_refunded',NULL,'','static','','','text','',NULL,'',1,1,1,0,'',0,0,0,0,0,0,1,'',0,'',0,1,0),(444,11,'gift_message_id',NULL,'','int','','','text','',NULL,'',1,0,0,0,'',0,0,0,0,0,0,1,'',0,'',0,1,0),(445,4,'gift_message_available',NULL,'giftmessage/entity_attribute_backend_boolean_config','varchar','','','select','Allow Gift Message',NULL,'giftmessage/entity_attribute_source_boolean_config',1,1,0,0,'2',0,0,0,0,0,0,0,'',0,'',0,1,0),(446,4,'price_type',NULL,'','int','','','','',NULL,'',1,0,1,0,'',0,0,0,0,0,0,0,'bundle',0,'',0,1,0),(447,4,'sku_type',NULL,'','int','','','','',NULL,'',1,0,1,0,'',0,0,0,0,0,0,0,'bundle',0,'',0,1,0),(448,4,'weight_type',NULL,'','int','','','','',NULL,'',1,0,1,0,'',0,0,0,0,0,0,0,'bundle',0,'',0,1,0),(449,4,'price_view',NULL,'','int','','','select','Price View',NULL,'bundle/product_attribute_source_price_view',1,1,1,0,'',0,0,0,0,0,0,0,'bundle',0,'',0,1,0),(450,4,'shipment_type',NULL,'','int','','','','Shipment',NULL,'',1,0,1,0,'',0,0,0,0,0,0,0,'bundle',0,'',0,1,0),(451,4,'image_label',NULL,'','varchar','','','text','Image Label',NULL,'',0,0,0,0,'',0,0,0,0,0,0,0,'',0,'',0,1,1),(452,4,'small_image_label',NULL,'','varchar','','','text','Small Image Label',NULL,'',0,0,0,0,'',0,0,0,0,0,0,0,'',0,'',0,1,1),(453,4,'thumbnail_label',NULL,'','varchar','','','text','Thumbnail Label',NULL,'',0,0,0,0,'',0,0,0,0,0,0,0,'',0,'',0,1,1),(454,11,'global_currency_code',NULL,'','varchar','','','text','',NULL,'',1,1,1,0,'',0,0,0,0,0,0,1,'',0,'',0,1,1),(455,11,'base_to_global_rate',NULL,'','decimal','','','text','',NULL,'',1,1,1,0,'',0,0,0,0,0,0,1,'',0,'',0,1,1),(456,11,'base_to_order_rate',NULL,'','decimal','','','text','',NULL,'',1,1,1,0,'',0,0,0,0,0,0,1,'',0,'',0,1,1),(457,16,'global_currency_code',NULL,'','varchar','','','text','',NULL,'',1,1,1,0,'',0,0,0,0,0,0,1,'',0,'',0,1,1),(458,16,'base_to_global_rate',NULL,'','decimal','','','text','',NULL,'',1,1,1,0,'',0,0,0,0,0,0,1,'',0,'',0,1,1),(459,16,'base_to_order_rate',NULL,'','decimal','','','text','',NULL,'',1,1,1,0,'',0,0,0,0,0,0,1,'',0,'',0,1,1),(460,23,'global_currency_code',NULL,'','varchar','','','text','',NULL,'',1,1,1,0,'',0,0,0,0,0,0,1,'',0,'',0,1,1),(461,23,'base_to_global_rate',NULL,'','decimal','','','text','',NULL,'',1,1,1,0,'',0,0,0,0,0,0,1,'',0,'',0,1,1),(462,23,'base_to_order_rate',NULL,'','decimal','','','text','',NULL,'',1,1,1,0,'',0,0,0,0,0,0,1,'',0,'',0,1,1),(463,11,'discount_refunded',NULL,'','static','','','text','',NULL,'',1,1,1,0,'',0,0,0,0,0,0,1,'',0,'',0,1,1),(464,11,'discount_canceled',NULL,'','static','','','text','',NULL,'',1,1,1,0,'',0,0,0,0,0,0,1,'',0,'',0,1,1),(465,11,'discount_invoiced',NULL,'','static','','','text','',NULL,'',1,1,1,0,'',0,0,0,0,0,0,1,'',0,'',0,1,1),(466,11,'base_discount_refunded',NULL,'','static','','','text','',NULL,'',1,1,1,0,'',0,0,0,0,0,0,1,'',0,'',0,1,1),(467,11,'base_discount_canceled',NULL,'','static','','','text','',NULL,'',1,1,1,0,'',0,0,0,0,0,0,1,'',0,'',0,1,1),(468,11,'base_discount_invoiced',NULL,'','static','','','text','',NULL,'',1,1,1,0,'',0,0,0,0,0,0,1,'',0,'',0,1,1),(469,4,'disable_googlecheckout',NULL,'','int','','','select','Not available for purchase with Google Checkout',NULL,'eav/entity_attribute_source_boolean',1,1,0,0,'0',0,0,0,0,0,0,0,'',0,'',0,1,1),(470,4,'links_purchased_separately',NULL,'','int','','','','Links can be purchased separately',NULL,'',1,0,1,0,'',0,0,0,0,0,0,0,'downloadable',0,'',0,1,1),(471,4,'samples_title',NULL,'','varchar','','','','Samples title',NULL,'',0,0,1,0,'',0,0,0,0,0,0,0,'downloadable',0,'',0,1,1),(472,4,'links_title',NULL,'','varchar','','','','Links title',NULL,'',0,0,1,0,'',0,0,0,0,0,0,0,'downloadable',0,'',0,1,1),(473,24,'base_weee_tax_applied_amount',NULL,'','decimal','','','text','',NULL,'',1,1,1,0,'',0,0,0,0,0,0,1,'',0,'',0,1,1),(474,24,'base_weee_tax_applied_row_amount',NULL,'','decimal','','','text','',NULL,'',1,1,1,0,'',0,0,0,0,0,0,1,'',0,'',0,1,1),(475,24,'weee_tax_applied_amount',NULL,'','decimal','','','text','',NULL,'',1,1,1,0,'',0,0,0,0,0,0,1,'',0,'',0,1,1),(476,24,'weee_tax_applied_row_amount',NULL,'','decimal','','','text','',NULL,'',1,1,1,0,'',0,0,0,0,0,0,1,'',0,'',0,1,1),(477,17,'base_weee_tax_applied_amount',NULL,'','decimal','','','text','',NULL,'',1,1,1,0,'',0,0,0,0,0,0,1,'',0,'',0,1,1),(478,17,'base_weee_tax_applied_row_amount',NULL,'','decimal','','','text','',NULL,'',1,1,1,0,'',0,0,0,0,0,0,1,'',0,'',0,1,1),(479,17,'weee_tax_applied_amount',NULL,'','decimal','','','text','',NULL,'',1,1,1,0,'',0,0,0,0,0,0,1,'',0,'',0,1,1),(480,17,'weee_tax_applied_row_amount',NULL,'','decimal','','','text','',NULL,'',1,1,1,0,'',0,0,0,0,0,0,1,'',0,'',0,1,1),(481,17,'weee_tax_applied',NULL,'','text','','','text','',NULL,'',1,1,1,0,'',0,0,0,0,0,0,1,'',0,'',0,1,1),(482,24,'weee_tax_applied',NULL,'','text','','','text','',NULL,'',1,1,1,0,'',0,0,0,0,0,0,1,'',0,'',0,1,1),(483,24,'weee_tax_disposition',NULL,'','decimal','','','text','',NULL,'',1,1,1,0,'',0,0,0,0,0,0,1,'',0,'',0,1,1),(484,24,'weee_tax_row_disposition',NULL,'','decimal','','','text','',NULL,'',1,1,1,0,'',0,0,0,0,0,0,1,'',0,'',0,1,1),(485,24,'base_weee_tax_disposition',NULL,'','decimal','','','text','',NULL,'',1,1,1,0,'',0,0,0,0,0,0,1,'',0,'',0,1,1),(486,24,'base_weee_tax_row_disposition',NULL,'','decimal','','','text','',NULL,'',1,1,1,0,'',0,0,0,0,0,0,1,'',0,'',0,1,1),(487,17,'weee_tax_disposition',NULL,'','decimal','','','text','',NULL,'',1,1,1,0,'',0,0,0,0,0,0,1,'',0,'',0,1,1),(488,17,'weee_tax_row_disposition',NULL,'','decimal','','','text','',NULL,'',1,1,1,0,'',0,0,0,0,0,0,1,'',0,'',0,1,1),(489,17,'base_weee_tax_disposition',NULL,'','decimal','','','text','',NULL,'',1,1,1,0,'',0,0,0,0,0,0,1,'',0,'',0,1,1),(490,17,'base_weee_tax_row_disposition',NULL,'','decimal','','','text','',NULL,'',1,1,1,0,'',0,0,0,0,0,0,1,'',0,'',0,1,1);

--
-- Table structure for table `eav_attribute_group`
--

CREATE TABLE `eav_attribute_group` (
  `attribute_group_id` smallint(5) unsigned NOT NULL auto_increment,
  `attribute_set_id` smallint(5) unsigned NOT NULL default '0',
  `attribute_group_name` varchar(255) NOT NULL default '',
  `sort_order` smallint(6) NOT NULL default '0',
  `default_id` smallint(5) unsigned default '0',
  PRIMARY KEY  (`attribute_group_id`),
  UNIQUE KEY `attribute_set_id` (`attribute_set_id`,`attribute_group_name`),
  KEY `attribute_set_id_2` (`attribute_set_id`,`sort_order`),
  CONSTRAINT `FK_eav_attribute_group` FOREIGN KEY (`attribute_set_id`) REFERENCES `eav_attribute_set` (`attribute_set_id`) ON DELETE CASCADE ON UPDATE CASCADE
) ENGINE=InnoDB AUTO_INCREMENT=30 DEFAULT CHARSET=utf8;

--
-- Dumping data for table `eav_attribute_group`
--

INSERT INTO `eav_attribute_group` VALUES (1,1,'General',1,1),(2,2,'General',1,1),(3,3,'General',1,1),(4,4,'General',1,1),(5,4,'Prices',2,0),(6,4,'Meta Information',3,0),(7,4,'Images',4,0),(8,4,'Design',6,0),(9,5,'General',1,1),(10,6,'General',1,1),(11,7,'General',1,1),(12,8,'General',1,1),(13,9,'General',1,1),(14,10,'General',1,1),(15,11,'General',1,1),(16,12,'General',1,1),(17,13,'General',1,1),(18,14,'General',1,1),(19,15,'General',1,1),(20,16,'General',1,1),(21,17,'General',1,1),(22,18,'General',1,1),(23,19,'General',1,1),(24,20,'General',1,1),(25,21,'General',1,1),(26,22,'General',1,1),(27,23,'General',1,1),(28,24,'General',1,1),(29,25,'General',1,1);

--
-- Table structure for table `eav_attribute_option`
--

CREATE TABLE `eav_attribute_option` (
  `option_id` int(10) unsigned NOT NULL auto_increment,
  `attribute_id` smallint(5) unsigned NOT NULL default '0',
  `sort_order` smallint(5) unsigned NOT NULL default '0',
  PRIMARY KEY  (`option_id`),
  KEY `FK_ATTRIBUTE_OPTION_ATTRIBUTE` (`attribute_id`),
  CONSTRAINT `FK_ATTRIBUTE_OPTION_ATTRIBUTE` FOREIGN KEY (`attribute_id`) REFERENCES `eav_attribute` (`attribute_id`) ON DELETE CASCADE ON UPDATE CASCADE
) ENGINE=InnoDB DEFAULT CHARSET=utf8 COMMENT='Attributes option (for source model)';

--
-- Dumping data for table `eav_attribute_option`
--


--
-- Table structure for table `eav_attribute_option_value`
--

CREATE TABLE `eav_attribute_option_value` (
  `value_id` int(10) unsigned NOT NULL auto_increment,
  `option_id` int(10) unsigned NOT NULL default '0',
  `store_id` smallint(5) unsigned NOT NULL default '0',
  `value` varchar(255) NOT NULL default '',
  PRIMARY KEY  (`value_id`),
  KEY `FK_ATTRIBUTE_OPTION_VALUE_OPTION` (`option_id`),
  KEY `FK_ATTRIBUTE_OPTION_VALUE_STORE` (`store_id`),
  CONSTRAINT `FK_ATTRIBUTE_OPTION_VALUE_OPTION` FOREIGN KEY (`option_id`) REFERENCES `eav_attribute_option` (`option_id`) ON DELETE CASCADE ON UPDATE CASCADE,
  CONSTRAINT `FK_ATTRIBUTE_OPTION_VALUE_STORE` FOREIGN KEY (`store_id`) REFERENCES `core_store` (`store_id`) ON DELETE CASCADE ON UPDATE CASCADE
) ENGINE=InnoDB DEFAULT CHARSET=utf8 COMMENT='Attribute option values per store';

--
-- Dumping data for table `eav_attribute_option_value`
--


--
-- Table structure for table `eav_attribute_set`
--

CREATE TABLE `eav_attribute_set` (
  `attribute_set_id` smallint(5) unsigned NOT NULL auto_increment,
  `entity_type_id` smallint(5) unsigned NOT NULL default '0',
  `attribute_set_name` varchar(255) character set utf8 collate utf8_swedish_ci NOT NULL default '',
  `sort_order` smallint(6) NOT NULL default '0',
  PRIMARY KEY  (`attribute_set_id`),
  UNIQUE KEY `entity_type_id` (`entity_type_id`,`attribute_set_name`),
  KEY `entity_type_id_2` (`entity_type_id`,`sort_order`),
  CONSTRAINT `FK_eav_attribute_set` FOREIGN KEY (`entity_type_id`) REFERENCES `eav_entity_type` (`entity_type_id`) ON DELETE CASCADE ON UPDATE CASCADE
) ENGINE=InnoDB AUTO_INCREMENT=26 DEFAULT CHARSET=utf8;

--
-- Dumping data for table `eav_attribute_set`
--

INSERT INTO `eav_attribute_set` VALUES (1,1,'Default',3),(2,2,'Default',3),(3,3,'Default',11),(4,4,'Default',11),(5,5,'Default',1),(6,6,'Default',1),(7,7,'Default',1),(8,8,'Default',1),(9,9,'Default',1),(10,10,'Default',1),(11,11,'Default',1),(12,12,'Default',1),(13,13,'Default',1),(14,14,'Default',1),(15,15,'Default',1),(16,16,'Default',1),(17,17,'Default',1),(18,18,'Default',1),(19,19,'Default',1),(20,20,'Default',1),(21,21,'Default',1),(22,22,'Default',1),(23,23,'Default',1),(24,24,'Default',1),(25,25,'Default',1);

--
-- Table structure for table `eav_entity`
--

CREATE TABLE `eav_entity` (
  `entity_id` int(10) unsigned NOT NULL auto_increment,
  `entity_type_id` smallint(8) unsigned NOT NULL default '0',
  `attribute_set_id` smallint(5) unsigned NOT NULL default '0',
  `increment_id` varchar(50) NOT NULL default '',
  `parent_id` int(11) unsigned NOT NULL default '0',
  `store_id` smallint(5) unsigned NOT NULL default '0',
  `created_at` datetime NOT NULL default '0000-00-00 00:00:00',
  `updated_at` datetime NOT NULL default '0000-00-00 00:00:00',
  `is_active` tinyint(1) unsigned NOT NULL default '1',
  PRIMARY KEY  (`entity_id`),
  KEY `FK_ENTITY_ENTITY_TYPE` (`entity_type_id`),
  KEY `FK_ENTITY_STORE` (`store_id`),
  CONSTRAINT `FK_eav_entity` FOREIGN KEY (`entity_type_id`) REFERENCES `eav_entity_type` (`entity_type_id`) ON DELETE CASCADE ON UPDATE CASCADE,
  CONSTRAINT `FK_eav_entity_store` FOREIGN KEY (`store_id`) REFERENCES `core_store` (`store_id`) ON DELETE CASCADE ON UPDATE CASCADE
) ENGINE=InnoDB DEFAULT CHARSET=utf8 COMMENT='Entityies';

--
-- Dumping data for table `eav_entity`
--


--
-- Table structure for table `eav_entity_attribute`
--

CREATE TABLE `eav_entity_attribute` (
  `entity_attribute_id` int(10) unsigned NOT NULL auto_increment,
  `entity_type_id` smallint(5) unsigned NOT NULL default '0',
  `attribute_set_id` smallint(5) unsigned NOT NULL default '0',
  `attribute_group_id` smallint(5) unsigned NOT NULL default '0',
  `attribute_id` smallint(5) unsigned NOT NULL default '0',
  `sort_order` smallint(6) NOT NULL default '0',
  PRIMARY KEY  (`entity_attribute_id`),
  UNIQUE KEY `attribute_set_id_2` (`attribute_set_id`,`attribute_id`),
  UNIQUE KEY `attribute_group_id` (`attribute_group_id`,`attribute_id`),
  KEY `attribute_set_id_3` (`attribute_set_id`,`sort_order`),
  KEY `FK_EAV_ENTITY_ATTRIVUTE_ATTRIBUTE` (`attribute_id`),
  CONSTRAINT `FK_eav_entity_attribute` FOREIGN KEY (`attribute_id`) REFERENCES `eav_attribute` (`attribute_id`) ON DELETE CASCADE ON UPDATE CASCADE,
  CONSTRAINT `FK_eav_entity_attribute_group` FOREIGN KEY (`attribute_group_id`) REFERENCES `eav_attribute_group` (`attribute_group_id`) ON DELETE CASCADE ON UPDATE CASCADE,
  CONSTRAINT `FK_EAV_ENTITY_ATTRIVUTE_ATTRIBUTE` FOREIGN KEY (`attribute_id`) REFERENCES `eav_attribute` (`attribute_id`) ON DELETE CASCADE ON UPDATE CASCADE,
  CONSTRAINT `FK_EAV_ENTITY_ATTRIVUTE_GROUP` FOREIGN KEY (`attribute_group_id`) REFERENCES `eav_attribute_group` (`attribute_group_id`) ON DELETE CASCADE ON UPDATE CASCADE
) ENGINE=InnoDB AUTO_INCREMENT=491 DEFAULT CHARSET=utf8;

--
-- Dumping data for table `eav_entity_attribute`
--

INSERT INTO `eav_entity_attribute` VALUES (1,1,1,1,1,10),(2,1,1,1,2,20),(3,1,1,1,3,30),(4,1,1,1,4,37),(5,1,1,1,5,40),(6,1,1,1,6,43),(7,1,1,1,7,50),(8,1,1,1,8,53),(9,1,1,1,9,60),(10,1,1,1,10,70),(11,1,1,1,11,80),(12,1,1,1,12,81),(13,1,1,1,13,82),(14,1,1,1,14,83),(15,1,1,1,15,84),(16,1,1,1,16,85),(17,2,2,2,17,7),(18,2,2,2,18,10),(19,2,2,2,19,13),(20,2,2,2,20,20),(21,2,2,2,21,23),(22,2,2,2,22,30),(23,2,2,2,23,40),(24,2,2,2,24,50),(25,2,2,2,25,60),(26,2,2,2,26,70),(27,2,2,2,27,80),(28,2,2,2,28,90),(29,2,2,2,29,100),(30,2,2,2,30,110),(31,3,3,3,31,1),(32,3,3,3,32,2),(33,3,3,3,33,3),(34,3,3,3,34,4),(35,3,3,3,35,5),(36,3,3,3,36,6),(37,3,3,3,37,7),(38,3,3,3,38,8),(39,3,3,3,39,9),(40,3,3,3,40,10),(41,3,3,3,41,11),(42,3,3,3,42,12),(43,3,3,3,43,13),(44,3,3,3,44,14),(45,3,3,3,45,15),(46,3,3,3,46,16),(47,3,3,3,47,17),(48,3,3,3,48,18),(49,3,3,3,49,19),(50,3,3,3,50,20),(51,3,3,3,51,21),(52,3,3,3,52,22),(53,3,3,3,53,23),(54,3,3,3,54,24),(55,3,3,3,55,25),(56,4,4,4,56,1),(57,4,4,4,57,2),(58,4,4,4,58,3),(59,4,4,4,59,4),(60,4,4,5,60,1),(61,4,4,5,61,2),(62,4,4,5,62,3),(63,4,4,5,63,4),(64,4,4,5,64,5),(65,4,4,4,65,5),(66,4,4,4,66,6),(67,4,4,6,67,1),(68,4,4,6,68,2),(69,4,4,6,69,3),(70,4,4,7,70,1),(71,4,4,7,71,2),(72,4,4,7,72,3),(73,4,4,7,73,4),(74,4,4,4,74,7),(75,4,4,5,75,10),(76,4,4,4,76,8),(77,4,4,4,77,9),(78,4,4,4,78,10),(79,4,4,7,79,5),(80,4,4,4,80,11),(81,4,4,5,81,7),(82,4,4,4,82,12),(83,4,4,4,83,13),(84,4,4,5,84,8),(85,4,4,4,85,14),(86,4,4,8,86,1),(87,4,4,8,87,2),(88,4,4,8,88,3),(89,4,4,8,89,4),(90,4,4,4,90,15),(91,4,4,8,91,5),(92,4,4,4,92,16),(93,4,4,4,93,17),(94,11,11,15,94,1),(95,11,11,15,95,2),(96,11,11,15,96,3),(97,11,11,15,97,4),(98,11,11,15,98,5),(99,11,11,15,99,6),(100,11,11,15,100,7),(101,11,11,15,101,8),(102,11,11,15,102,9),(103,11,11,15,103,10),(104,11,11,15,104,11),(105,11,11,15,105,12),(106,11,11,15,106,13),(107,11,11,15,107,14),(108,11,11,15,108,15),(109,11,11,15,109,16),(110,11,11,15,110,17),(111,11,11,15,111,18),(112,11,11,15,112,19),(113,11,11,15,113,20),(114,11,11,15,114,21),(115,11,11,15,115,22),(116,11,11,15,116,23),(117,11,11,15,117,24),(118,11,11,15,118,25),(119,11,11,15,119,26),(120,11,11,15,120,27),(121,11,11,15,121,28),(122,11,11,15,122,29),(123,11,11,15,123,30),(124,11,11,15,124,31),(125,11,11,15,125,32),(126,11,11,15,126,33),(127,11,11,15,127,34),(128,11,11,15,128,35),(129,11,11,15,129,36),(130,11,11,15,130,37),(131,11,11,15,131,38),(132,11,11,15,132,39),(133,11,11,15,133,40),(134,11,11,15,134,41),(135,11,11,15,135,42),(136,11,11,15,136,43),(137,11,11,15,137,44),(138,11,11,15,138,45),(139,11,11,15,139,46),(140,11,11,15,140,47),(141,11,11,15,141,48),(142,11,11,15,142,49),(143,11,11,15,143,50),(144,11,11,15,144,51),(145,11,11,15,145,52),(146,11,11,15,146,53),(147,11,11,15,147,54),(148,11,11,15,148,55),(149,11,11,15,149,56),(150,11,11,15,150,57),(151,11,11,15,151,58),(152,11,11,15,152,59),(153,11,11,15,153,60),(154,11,11,15,154,61),(155,11,11,15,155,62),(156,11,11,15,156,63),(157,11,11,15,157,64),(158,11,11,15,158,65),(159,11,11,15,159,66),(160,11,11,15,160,67),(161,11,11,15,161,68),(162,11,11,15,162,69),(163,11,11,15,163,70),(164,11,11,15,164,71),(165,11,11,15,165,72),(166,11,11,15,166,73),(167,11,11,15,167,74),(168,11,11,15,168,75),(169,11,11,15,169,76),(170,11,11,15,170,77),(171,11,11,15,171,78),(172,11,11,15,172,79),(173,11,11,15,173,80),(174,11,11,15,174,81),(175,11,11,15,175,82),(176,11,11,15,176,83),(177,11,11,15,177,84),(178,11,11,15,178,85),(179,11,11,15,179,86),(180,11,11,15,180,87),(181,11,11,15,181,88),(182,11,11,15,182,89),(183,11,11,15,183,90),(184,11,11,15,184,91),(185,11,11,15,185,92),(186,11,11,15,186,93),(187,11,11,15,187,94),(188,11,11,15,188,95),(189,11,11,15,189,96),(190,11,11,15,190,97),(191,11,11,15,191,98),(192,11,11,15,192,99),(193,11,11,15,193,100),(194,11,11,15,194,101),(195,12,12,16,195,1),(196,12,12,16,196,2),(197,12,12,16,197,3),(198,12,12,16,198,4),(199,12,12,16,199,5),(200,12,12,16,200,6),(201,12,12,16,201,7),(202,12,12,16,202,8),(203,12,12,16,203,9),(204,12,12,16,204,10),(205,12,12,16,205,11),(206,12,12,16,206,12),(207,12,12,16,207,13),(208,12,12,16,208,14),(209,12,12,16,209,15),(210,12,12,16,210,16),(211,12,12,16,211,17),(212,12,12,16,212,18),(213,12,12,16,213,19),(214,12,12,16,214,20),(215,13,13,17,215,1),(216,13,13,17,216,2),(217,13,13,17,217,3),(218,13,13,17,218,4),(219,13,13,17,219,5),(220,13,13,17,220,6),(221,13,13,17,221,7),(222,13,13,17,222,8),(223,13,13,17,223,9),(224,13,13,17,224,10),(225,13,13,17,225,11),(226,13,13,17,226,12),(227,13,13,17,227,13),(228,13,13,17,228,14),(229,13,13,17,229,15),(230,13,13,17,230,16),(231,13,13,17,231,17),(232,13,13,17,232,18),(233,13,13,17,233,19),(234,13,13,17,234,20),(235,13,13,17,235,21),(236,13,13,17,236,22),(237,13,13,17,237,23),(238,13,13,17,238,24),(239,13,13,17,239,25),(240,13,13,17,240,26),(241,13,13,17,241,27),(242,13,13,17,242,28),(243,13,13,17,243,29),(244,13,13,17,244,30),(245,13,13,17,245,31),(246,13,13,17,246,32),(247,13,13,17,247,33),(248,13,13,17,248,34),(249,13,13,17,249,35),(250,13,13,17,250,36),(251,13,13,17,251,37),(252,13,13,17,252,38),(253,13,13,17,253,39),(254,13,13,17,254,40),(255,13,13,17,255,41),(256,13,13,17,256,42),(257,13,13,17,257,43),(258,14,14,18,258,1),(259,14,14,18,259,2),(260,14,14,18,260,3),(261,14,14,18,261,4),(262,14,14,18,262,5),(263,14,14,18,263,6),(264,14,14,18,264,7),(265,14,14,18,265,8),(266,14,14,18,266,9),(267,14,14,18,267,10),(268,14,14,18,268,11),(269,14,14,18,269,12),(270,14,14,18,270,13),(271,14,14,18,271,14),(272,14,14,18,272,15),(273,14,14,18,273,16),(274,14,14,18,274,17),(275,14,14,18,275,18),(276,14,14,18,276,19),(277,14,14,18,277,20),(278,14,14,18,278,21),(279,14,14,18,279,22),(280,14,14,18,280,23),(281,14,14,18,281,24),(282,14,14,18,282,25),(283,14,14,18,283,26),(284,14,14,18,284,27),(285,14,14,18,285,28),(286,14,14,18,286,29),(287,14,14,18,287,30),(288,14,14,18,288,31),(289,14,14,18,289,32),(290,14,14,18,290,33),(291,14,14,18,291,34),(292,14,14,18,292,35),(293,14,14,18,293,36),(294,14,14,18,294,37),(295,14,14,18,295,38),(296,14,14,18,296,39),(297,14,14,18,297,40),(298,14,14,18,298,41),(299,14,14,18,299,42),(300,14,14,18,300,43),(301,14,14,18,301,44),(302,14,14,18,302,45),(303,14,14,18,303,46),(304,15,15,19,304,1),(305,15,15,19,305,2),(306,15,15,19,306,3),(307,15,15,19,307,4),(308,16,16,20,308,1),(309,16,16,20,309,2),(310,16,16,20,310,3),(311,16,16,20,311,4),(312,16,16,20,312,5),(313,16,16,20,313,6),(314,16,16,20,314,7),(315,16,16,20,315,8),(316,16,16,20,316,9),(317,16,16,20,317,10),(318,16,16,20,318,11),(319,16,16,20,319,12),(320,16,16,20,320,13),(321,16,16,20,321,14),(322,16,16,20,322,15),(323,16,16,20,323,16),(324,16,16,20,324,17),(325,16,16,20,325,18),(326,16,16,20,326,19),(327,16,16,20,327,20),(328,16,16,20,328,21),(329,16,16,20,329,22),(330,16,16,20,330,23),(331,16,16,20,331,24),(332,16,16,20,332,25),(333,16,16,20,333,26),(334,17,17,21,334,1),(335,17,17,21,335,2),(336,17,17,21,336,3),(337,17,17,21,337,4),(338,17,17,21,338,5),(339,17,17,21,339,6),(340,17,17,21,340,7),(341,17,17,21,341,8),(342,17,17,21,342,9),(343,17,17,21,343,10),(344,17,17,21,344,11),(345,17,17,21,345,12),(346,17,17,21,346,13),(347,17,17,21,347,14),(348,17,17,21,348,15),(349,17,17,21,349,16),(350,17,17,21,350,17),(351,18,18,22,351,1),(352,18,18,22,352,2),(353,18,18,22,353,3),(354,19,19,23,354,1),(355,19,19,23,355,2),(356,19,19,23,356,3),(357,19,19,23,357,4),(358,19,19,23,358,5),(359,19,19,23,359,6),(360,19,19,23,360,7),(361,19,19,23,361,8),(362,19,19,23,362,9),(363,19,19,23,363,10),(364,20,20,24,364,1),(365,20,20,24,365,2),(366,20,20,24,366,3),(367,20,20,24,367,4),(368,20,20,24,368,5),(369,20,20,24,369,6),(370,20,20,24,370,7),(371,20,20,24,371,8),(372,20,20,24,372,9),(373,20,20,24,373,10),(374,20,20,24,374,11),(375,21,21,25,375,1),(376,21,21,25,376,2),(377,21,21,25,377,3),(378,22,22,26,378,1),(379,22,22,26,379,2),(380,22,22,26,380,3),(381,22,22,26,381,4),(382,22,22,26,382,5),(383,22,22,26,383,6),(384,22,22,26,384,7),(385,22,22,26,385,8),(386,23,23,27,386,1),(387,23,23,27,387,2),(388,23,23,27,388,3),(389,23,23,27,389,4),(390,23,23,27,390,5),(391,23,23,27,391,6),(392,23,23,27,392,7),(393,23,23,27,393,8),(394,23,23,27,394,9),(395,23,23,27,395,10),(396,23,23,27,396,11),(397,23,23,27,397,12),(398,23,23,27,398,13),(399,23,23,27,399,14),(400,23,23,27,400,15),(401,23,23,27,401,16),(402,23,23,27,402,17),(403,23,23,27,403,18),(404,23,23,27,404,19),(405,23,23,27,405,20),(406,23,23,27,406,21),(407,23,23,27,407,22),(408,23,23,27,408,23),(409,23,23,27,409,24),(410,23,23,27,410,25),(411,23,23,27,411,26),(412,23,23,27,412,27),(413,23,23,27,413,28),(414,23,23,27,414,29),(415,23,23,27,415,30),(416,23,23,27,416,31),(417,24,24,28,417,1),(418,24,24,28,418,2),(419,24,24,28,419,3),(420,24,24,28,420,4),(421,24,24,28,421,5),(422,24,24,28,422,6),(423,24,24,28,423,7),(424,24,24,28,424,8),(425,24,24,28,425,9),(426,24,24,28,426,10),(427,24,24,28,427,11),(428,24,24,28,428,12),(429,24,24,28,429,13),(430,24,24,28,430,14),(431,24,24,28,431,15),(432,24,24,28,432,16),(433,24,24,28,433,17),(434,25,25,29,434,1),(435,25,25,29,435,2),(436,25,25,29,436,3),(437,13,13,17,437,44),(438,11,11,15,438,102),(439,11,11,15,439,103),(440,11,11,15,440,104),(441,11,11,15,441,105),(442,11,11,15,442,106),(443,11,11,15,443,107),(444,11,11,15,444,108),(445,4,4,4,445,18),(446,4,4,4,446,19),(447,4,4,4,447,20),(448,4,4,4,448,21),(449,4,4,5,449,11),(450,4,4,4,450,22),(451,4,4,4,451,23),(452,4,4,4,452,24),(453,4,4,4,453,25),(454,11,11,15,454,109),(455,11,11,15,455,110),(456,11,11,15,456,111),(457,16,16,20,457,27),(458,16,16,20,458,28),(459,16,16,20,459,29),(460,23,23,27,460,32),(461,23,23,27,461,33),(462,23,23,27,462,34),(463,11,11,15,463,112),(464,11,11,15,464,113),(465,11,11,15,465,114),(466,11,11,15,466,115),(467,11,11,15,467,116),(468,11,11,15,468,117),(469,4,4,5,469,26),(470,4,4,4,470,26),(471,4,4,4,471,27),(472,4,4,4,472,28),(473,24,24,28,473,18),(474,24,24,28,474,19),(475,24,24,28,475,20),(476,24,24,28,476,21),(477,17,17,21,477,18),(478,17,17,21,478,19),(479,17,17,21,479,20),(480,17,17,21,480,21),(481,17,17,21,481,22),(482,24,24,28,482,22),(483,24,24,28,483,23),(484,24,24,28,484,24),(485,24,24,28,485,25),(486,24,24,28,486,26),(487,17,17,21,487,23),(488,17,17,21,488,24),(489,17,17,21,489,25),(490,17,17,21,490,26);

--
-- Table structure for table `eav_entity_datetime`
--

CREATE TABLE `eav_entity_datetime` (
  `value_id` int(11) NOT NULL auto_increment,
  `entity_type_id` smallint(5) unsigned NOT NULL default '0',
  `attribute_id` smallint(5) unsigned NOT NULL default '0',
  `store_id` smallint(5) unsigned NOT NULL default '0',
  `entity_id` int(10) unsigned NOT NULL default '0',
  `value` datetime NOT NULL default '0000-00-00 00:00:00',
  PRIMARY KEY  (`value_id`),
  KEY `FK_ATTRIBUTE_DATETIME_ENTITY_TYPE` (`entity_type_id`),
  KEY `FK_ATTRIBUTE_DATETIME_ATTRIBUTE` (`attribute_id`),
  KEY `FK_ATTRIBUTE_DATETIME_STORE` (`store_id`),
  KEY `FK_ATTRIBUTE_DATETIME_ENTITY` (`entity_id`),
  KEY `value_by_attribute` (`attribute_id`,`value`),
  KEY `value_by_entity_type` (`entity_type_id`,`value`),
  CONSTRAINT `FK_EAV_ENTITY_DATETIME_ENTITY` FOREIGN KEY (`entity_id`) REFERENCES `eav_entity` (`entity_id`) ON DELETE CASCADE ON UPDATE CASCADE,
  CONSTRAINT `FK_EAV_ENTITY_DATETIME_ENTITY_TYPE` FOREIGN KEY (`entity_type_id`) REFERENCES `eav_entity_type` (`entity_type_id`) ON DELETE CASCADE ON UPDATE CASCADE,
  CONSTRAINT `FK_EAV_ENTITY_DATETIME_STORE` FOREIGN KEY (`store_id`) REFERENCES `core_store` (`store_id`) ON DELETE CASCADE ON UPDATE CASCADE
) ENGINE=InnoDB DEFAULT CHARSET=utf8 COMMENT='Datetime values of attributes';

--
-- Dumping data for table `eav_entity_datetime`
--


--
-- Table structure for table `eav_entity_decimal`
--

CREATE TABLE `eav_entity_decimal` (
  `value_id` int(11) NOT NULL auto_increment,
  `entity_type_id` smallint(5) unsigned NOT NULL default '0',
  `attribute_id` smallint(5) unsigned NOT NULL default '0',
  `store_id` smallint(5) unsigned NOT NULL default '0',
  `entity_id` int(10) unsigned NOT NULL default '0',
  `value` decimal(12,4) NOT NULL default '0.0000',
  PRIMARY KEY  (`value_id`),
  KEY `FK_ATTRIBUTE_DECIMAL_ENTITY_TYPE` (`entity_type_id`),
  KEY `FK_ATTRIBUTE_DECIMAL_ATTRIBUTE` (`attribute_id`),
  KEY `FK_ATTRIBUTE_DECIMAL_STORE` (`store_id`),
  KEY `FK_ATTRIBUTE_DECIMAL_ENTITY` (`entity_id`),
  KEY `value_by_attribute` (`attribute_id`,`value`),
  KEY `value_by_entity_type` (`entity_type_id`,`value`),
  CONSTRAINT `FK_EAV_ENTITY_DECIMAL_ENTITY` FOREIGN KEY (`entity_id`) REFERENCES `eav_entity` (`entity_id`) ON DELETE CASCADE ON UPDATE CASCADE,
  CONSTRAINT `FK_EAV_ENTITY_DECIMAL_ENTITY_TYPE` FOREIGN KEY (`entity_type_id`) REFERENCES `eav_entity_type` (`entity_type_id`) ON DELETE CASCADE ON UPDATE CASCADE,
  CONSTRAINT `FK_EAV_ENTITY_DECIMAL_STORE` FOREIGN KEY (`store_id`) REFERENCES `core_store` (`store_id`) ON DELETE CASCADE ON UPDATE CASCADE
) ENGINE=InnoDB DEFAULT CHARSET=utf8 COMMENT='Decimal values of attributes';

--
-- Dumping data for table `eav_entity_decimal`
--


--
-- Table structure for table `eav_entity_int`
--

CREATE TABLE `eav_entity_int` (
  `value_id` int(11) NOT NULL auto_increment,
  `entity_type_id` smallint(5) unsigned NOT NULL default '0',
  `attribute_id` smallint(5) unsigned NOT NULL default '0',
  `store_id` smallint(5) unsigned NOT NULL default '0',
  `entity_id` int(10) unsigned NOT NULL default '0',
  `value` int(11) NOT NULL default '0',
  PRIMARY KEY  (`value_id`),
  KEY `FK_ATTRIBUTE_INT_ENTITY_TYPE` (`entity_type_id`),
  KEY `FK_ATTRIBUTE_INT_ATTRIBUTE` (`attribute_id`),
  KEY `FK_ATTRIBUTE_INT_STORE` (`store_id`),
  KEY `FK_ATTRIBUTE_INT_ENTITY` (`entity_id`),
  KEY `value_by_attribute` (`attribute_id`,`value`),
  KEY `value_by_entity_type` (`entity_type_id`,`value`),
  CONSTRAINT `FK_EAV_ENTITY_INT_ENTITY` FOREIGN KEY (`entity_id`) REFERENCES `eav_entity` (`entity_id`) ON DELETE CASCADE ON UPDATE CASCADE,
  CONSTRAINT `FK_EAV_ENTITY_INT_ENTITY_TYPE` FOREIGN KEY (`entity_type_id`) REFERENCES `eav_entity_type` (`entity_type_id`) ON DELETE CASCADE ON UPDATE CASCADE,
  CONSTRAINT `FK_EAV_ENTITY_INT_STORE` FOREIGN KEY (`store_id`) REFERENCES `core_store` (`store_id`) ON DELETE CASCADE ON UPDATE CASCADE
) ENGINE=InnoDB DEFAULT CHARSET=utf8 COMMENT='Integer values of attributes';

--
-- Dumping data for table `eav_entity_int`
--


--
-- Table structure for table `eav_entity_store`
--

CREATE TABLE `eav_entity_store` (
  `entity_store_id` int(10) unsigned NOT NULL auto_increment,
  `entity_type_id` smallint(5) unsigned NOT NULL default '0',
  `store_id` smallint(5) unsigned NOT NULL default '0',
  `increment_prefix` varchar(20) NOT NULL default '',
  `increment_last_id` varchar(50) NOT NULL default '',
  PRIMARY KEY  (`entity_store_id`),
  KEY `FK_eav_entity_store_entity_type` (`entity_type_id`),
  KEY `FK_eav_entity_store_store` (`store_id`),
  CONSTRAINT `FK_eav_entity_store_entity_type` FOREIGN KEY (`entity_type_id`) REFERENCES `eav_entity_type` (`entity_type_id`) ON DELETE CASCADE ON UPDATE CASCADE,
  CONSTRAINT `FK_eav_entity_store_store` FOREIGN KEY (`store_id`) REFERENCES `core_store` (`store_id`) ON DELETE CASCADE ON UPDATE CASCADE
) ENGINE=InnoDB AUTO_INCREMENT=6 DEFAULT CHARSET=utf8;

--
-- Dumping data for table `eav_entity_store`
--

INSERT INTO `eav_entity_store` VALUES (1,1,0,'0','000000360'),(2,11,1,'1','ORD00318440'),(3,16,1,'1','INV00318219'),(4,19,1,'1','SHI00317374'),(5,23,1,'1','MEM317296');

--
-- Table structure for table `eav_entity_text`
--

CREATE TABLE `eav_entity_text` (
  `value_id` int(11) NOT NULL auto_increment,
  `entity_type_id` smallint(5) unsigned NOT NULL default '0',
  `attribute_id` smallint(5) unsigned NOT NULL default '0',
  `store_id` smallint(5) unsigned NOT NULL default '0',
  `entity_id` int(10) unsigned NOT NULL default '0',
  `value` text NOT NULL,
  PRIMARY KEY  (`value_id`),
  KEY `FK_ATTRIBUTE_TEXT_ENTITY_TYPE` (`entity_type_id`),
  KEY `FK_ATTRIBUTE_TEXT_ATTRIBUTE` (`attribute_id`),
  KEY `FK_ATTRIBUTE_TEXT_STORE` (`store_id`),
  KEY `FK_ATTRIBUTE_TEXT_ENTITY` (`entity_id`),
  CONSTRAINT `FK_EAV_ENTITY_TEXT_ENTITY` FOREIGN KEY (`entity_id`) REFERENCES `eav_entity` (`entity_id`) ON DELETE CASCADE ON UPDATE CASCADE,
  CONSTRAINT `FK_EAV_ENTITY_TEXT_ENTITY_TYPE` FOREIGN KEY (`entity_type_id`) REFERENCES `eav_entity_type` (`entity_type_id`) ON DELETE CASCADE ON UPDATE CASCADE,
  CONSTRAINT `FK_EAV_ENTITY_TEXT_STORE` FOREIGN KEY (`store_id`) REFERENCES `core_store` (`store_id`) ON DELETE CASCADE ON UPDATE CASCADE
) ENGINE=InnoDB DEFAULT CHARSET=utf8 COMMENT='Text values of attributes';

--
-- Dumping data for table `eav_entity_text`
--


--
-- Table structure for table `eav_entity_type`
--

CREATE TABLE `eav_entity_type` (
  `entity_type_id` smallint(5) unsigned NOT NULL auto_increment,
  `entity_type_code` varchar(50) NOT NULL default '',
  `entity_model` varchar(255) NOT NULL,
  `attribute_model` varchar(255) NOT NULL,
  `entity_table` varchar(255) NOT NULL default '',
  `value_table_prefix` varchar(255) NOT NULL default '',
  `entity_id_field` varchar(255) NOT NULL default '',
  `is_data_sharing` tinyint(4) unsigned NOT NULL default '1',
  `data_sharing_key` varchar(100) default 'default',
  `default_attribute_set_id` smallint(5) unsigned NOT NULL default '0',
  `increment_model` varchar(255) NOT NULL default '',
  `increment_per_store` tinyint(1) unsigned NOT NULL default '0',
  `increment_pad_length` tinyint(8) unsigned NOT NULL default '8',
  `increment_pad_char` char(1) NOT NULL default '0',
  PRIMARY KEY  (`entity_type_id`),
  KEY `entity_name` (`entity_type_code`)
) ENGINE=InnoDB AUTO_INCREMENT=26 DEFAULT CHARSET=utf8;

--
-- Dumping data for table `eav_entity_type`
--

INSERT INTO `eav_entity_type` VALUES (1,'customer','customer/customer','','customer/entity','','',1,'default',1,'eav/entity_increment_numeric',0,8,'0'),(2,'customer_address','customer/customer_address','','customer/address_entity','','',1,'default',2,'',0,8,'0'),(3,'catalog_category','catalog/category','catalog/resource_eav_attribute','catalog/category','','',1,'default',3,'',0,8,'0'),(4,'catalog_product','catalog/product','catalog/resource_eav_attribute','catalog/product','','',1,'default',4,'',0,8,'0'),(5,'quote','sales/quote','','sales/quote','','',1,'default',5,'',0,8,'0'),(6,'quote_item','sales/quote_item','','sales/quote_item','','',1,'default',6,'',0,8,'0'),(7,'quote_address','sales/quote_address','','sales/quote_address','','',1,'default',7,'',0,8,'0'),(8,'quote_address_item','sales/quote_address_item','','sales/quote_entity','','',1,'default',8,'',0,8,'0'),(9,'quote_address_rate','sales/quote_address_rate','','sales/quote_entity','','',1,'default',9,'',0,8,'0'),(10,'quote_payment','sales/quote_payment','','sales/quote_entity','','',1,'default',10,'',0,8,'0'),(11,'order','sales/order','','sales/order','','',1,'default',11,'adjordernum/increment',1,8,'0'),(12,'order_address','sales/order_address','','sales/order_entity','','',1,'default',12,'',0,8,'0'),(13,'order_item','sales/order_item','','sales/order_entity','','',1,'default',13,'',0,8,'0'),(14,'order_payment','sales/order_payment','','sales/order_entity','','',1,'default',14,'',0,8,'0'),(15,'order_status_history','sales/order_status_history','','sales/order_entity','','',1,'default',15,'',0,8,'0'),(16,'invoice','sales/order_invoice','','sales/order_entity','','',1,'default',16,'adjordernum/increment',1,8,'0'),(17,'invoice_item','sales/order_invoice_item','','sales/order_entity','','',1,'default',17,'',0,8,'0'),(18,'invoice_comment','sales/order_invoice_comment','','sales/order_entity','','',1,'default',18,'',0,8,'0'),(19,'shipment','sales/order_shipment','','sales/order_entity','','',1,'default',19,'adjordernum/increment',1,8,'0'),(20,'shipment_item','sales/order_shipment_item','','sales/order_entity','','',1,'default',20,'',0,8,'0'),(21,'shipment_comment','sales/order_shipment_comment','','sales/order_entity','','',1,'default',21,'',0,8,'0'),(22,'shipment_track','sales/order_shipment_track','','sales/order_entity','','',1,'default',22,'',0,8,'0'),(23,'creditmemo','sales/order_creditmemo','','sales/order_entity','','',1,'default',23,'adjordernum/increment',1,8,'0'),(24,'creditmemo_item','sales/order_creditmemo_item','','sales/order_entity','','',1,'default',24,'',0,8,'0'),(25,'creditmemo_comment','sales/order_creditmemo_comment','','sales/order_entity','','',1,'default',25,'',0,8,'0');

--
-- Table structure for table `eav_entity_varchar`
--

CREATE TABLE `eav_entity_varchar` (
  `value_id` int(11) NOT NULL auto_increment,
  `entity_type_id` smallint(5) unsigned NOT NULL default '0',
  `attribute_id` smallint(5) unsigned NOT NULL default '0',
  `store_id` smallint(5) unsigned NOT NULL default '0',
  `entity_id` int(10) unsigned NOT NULL default '0',
  `value` varchar(255) NOT NULL default '',
  PRIMARY KEY  (`value_id`),
  KEY `FK_ATTRIBUTE_VARCHAR_ENTITY_TYPE` (`entity_type_id`),
  KEY `FK_ATTRIBUTE_VARCHAR_ATTRIBUTE` (`attribute_id`),
  KEY `FK_ATTRIBUTE_VARCHAR_STORE` (`store_id`),
  KEY `FK_ATTRIBUTE_VARCHAR_ENTITY` (`entity_id`),
  KEY `value_by_attribute` (`attribute_id`,`value`),
  KEY `value_by_entity_type` (`entity_type_id`,`value`),
  CONSTRAINT `FK_EAV_ENTITY_VARCHAR_ENTITY` FOREIGN KEY (`entity_id`) REFERENCES `eav_entity` (`entity_id`) ON DELETE CASCADE ON UPDATE CASCADE,
  CONSTRAINT `FK_EAV_ENTITY_VARCHAR_ENTITY_TYPE` FOREIGN KEY (`entity_type_id`) REFERENCES `eav_entity_type` (`entity_type_id`) ON DELETE CASCADE ON UPDATE CASCADE,
  CONSTRAINT `FK_EAV_ENTITY_VARCHAR_STORE` FOREIGN KEY (`store_id`) REFERENCES `core_store` (`store_id`) ON DELETE CASCADE ON UPDATE CASCADE
) ENGINE=InnoDB DEFAULT CHARSET=utf8 COMMENT='Varchar values of attributes';

--
-- Dumping data for table `eav_entity_varchar`
--


--
-- Table structure for table `gift_message`
--

CREATE TABLE `gift_message` (
  `gift_message_id` int(7) unsigned NOT NULL auto_increment,
  `customer_id` int(7) unsigned NOT NULL default '0',
  `sender` varchar(255) NOT NULL default '',
  `recipient` varchar(255) NOT NULL default '',
  `message` text NOT NULL,
  PRIMARY KEY  (`gift_message_id`)
) ENGINE=InnoDB DEFAULT CHARSET=utf8;

--
-- Dumping data for table `gift_message`
--


--
-- Table structure for table `googlebase_attributes`
--

CREATE TABLE `googlebase_attributes` (
  `id` int(10) unsigned NOT NULL auto_increment,
  `attribute_id` smallint(5) unsigned NOT NULL,
  `gbase_attribute` varchar(255) NOT NULL,
  `type_id` int(10) unsigned NOT NULL,
  PRIMARY KEY  (`id`),
  KEY `GOOGLEBASE_ATTRIBUTES_ATTRIBUTE_ID` (`attribute_id`),
  KEY `GOOGLEBASE_ATTRIBUTES_TYPE_ID` (`type_id`),
  CONSTRAINT `GOOGLEBASE_ATTRIBUTES_ATTRIBUTE_ID` FOREIGN KEY (`attribute_id`) REFERENCES `eav_attribute` (`attribute_id`) ON DELETE CASCADE,
  CONSTRAINT `GOOGLEBASE_ATTRIBUTES_TYPE_ID` FOREIGN KEY (`type_id`) REFERENCES `googlebase_types` (`type_id`) ON DELETE CASCADE
) ENGINE=InnoDB DEFAULT CHARSET=utf8 COMMENT='Google Base Attributes link Product Attributes';

--
-- Dumping data for table `googlebase_attributes`
--


--
-- Table structure for table `googlebase_items`
--

CREATE TABLE `googlebase_items` (
  `item_id` int(10) unsigned NOT NULL auto_increment,
  `type_id` int(10) unsigned NOT NULL default '0',
  `product_id` int(10) unsigned NOT NULL,
  `gbase_item_id` varchar(255) NOT NULL,
  `store_id` smallint(5) unsigned NOT NULL,
  `published` datetime NOT NULL default '0000-00-00 00:00:00',
  `expires` datetime NOT NULL default '0000-00-00 00:00:00',
  `impr` smallint(5) unsigned NOT NULL default '0',
  `clicks` smallint(5) unsigned NOT NULL default '0',
  `views` smallint(5) unsigned NOT NULL default '0',
  `is_hidden` tinyint(4) NOT NULL default '0',
  PRIMARY KEY  (`item_id`),
  KEY `GOOGLEBASE_ITEMS_PRODUCT_ID` (`product_id`),
  KEY `GOOGLEBASE_ITEMS_STORE_ID` (`store_id`),
  CONSTRAINT `GOOGLEBASE_ITEMS_PRODUCT_ID` FOREIGN KEY (`product_id`) REFERENCES `catalog_product_entity` (`entity_id`) ON DELETE CASCADE,
  CONSTRAINT `GOOGLEBASE_ITEMS_STORE_ID` FOREIGN KEY (`store_id`) REFERENCES `core_store` (`store_id`) ON DELETE CASCADE
) ENGINE=InnoDB DEFAULT CHARSET=utf8 COMMENT='Google Base Items Products';

--
-- Dumping data for table `googlebase_items`
--


--
-- Table structure for table `googlebase_types`
--

CREATE TABLE `googlebase_types` (
  `type_id` int(10) unsigned NOT NULL auto_increment,
  `attribute_set_id` smallint(5) unsigned NOT NULL,
  `gbase_itemtype` varchar(255) NOT NULL,
  `target_country` varchar(2) NOT NULL default 'US',
  PRIMARY KEY  (`type_id`),
  KEY `GOOGLEBASE_TYPES_ATTRIBUTE_SET_ID` (`attribute_set_id`),
  CONSTRAINT `GOOGLEBASE_TYPES_ATTRIBUTE_SET_ID` FOREIGN KEY (`attribute_set_id`) REFERENCES `eav_attribute_set` (`attribute_set_id`) ON DELETE CASCADE
) ENGINE=InnoDB DEFAULT CHARSET=utf8 COMMENT='Google Base Item Types link Attribute Sets';

--
-- Dumping data for table `googlebase_types`
--


--
-- Table structure for table `googlecheckout_api_debug`
--

CREATE TABLE `googlecheckout_api_debug` (
  `debug_id` int(10) unsigned NOT NULL auto_increment,
  `dir` enum('in','out') default NULL,
  `url` varchar(255) default NULL,
  `request_body` text,
  `response_body` text,
  PRIMARY KEY  (`debug_id`)
) ENGINE=InnoDB DEFAULT CHARSET=utf8;

--
-- Dumping data for table `googlecheckout_api_debug`
--


--
-- Table structure for table `googleoptimizer_code`
--

CREATE TABLE `googleoptimizer_code` (
  `code_id` int(10) unsigned NOT NULL auto_increment,
  `entity_id` int(10) unsigned NOT NULL,
  `entity_type` varchar(50) NOT NULL default '',
  `store_id` smallint(5) unsigned NOT NULL,
  `control_script` text,
  `tracking_script` text,
  `conversion_script` text,
  `conversion_page` varchar(255) NOT NULL default '',
  `additional_data` text,
  PRIMARY KEY  (`code_id`),
  KEY `GOOGLEOPTIMIZER_CODE_STORE` (`store_id`),
  CONSTRAINT `FK_GOOGLEOPTIMIZER_CODE_STORE` FOREIGN KEY (`store_id`) REFERENCES `core_store` (`store_id`) ON DELETE CASCADE ON UPDATE CASCADE
) ENGINE=InnoDB DEFAULT CHARSET=utf8;

--
-- Dumping data for table `googleoptimizer_code`
--


--
-- Table structure for table `log_customer`
--

CREATE TABLE `log_customer` (
  `log_id` int(10) unsigned NOT NULL auto_increment,
  `visitor_id` bigint(20) unsigned default NULL,
  `customer_id` int(11) NOT NULL default '0',
  `login_at` datetime NOT NULL default '0000-00-00 00:00:00',
  `logout_at` datetime default NULL,
  `store_id` smallint(5) unsigned NOT NULL,
  PRIMARY KEY  (`log_id`)
) ENGINE=MyISAM AUTO_INCREMENT=215 DEFAULT CHARSET=utf8 COMMENT='Customers log information';

--
-- Dumping data for table `log_customer`
--

INSERT INTO `log_customer` VALUES (1,3,1,'2009-02-14 08:02:17',NULL,1),(2,12,1,'2009-02-14 18:56:12',NULL,1),(3,53,13,'2009-02-14 23:59:50',NULL,1),(4,62,1,'2009-02-15 01:15:32',NULL,1),(5,67,1,'2009-02-15 03:01:22',NULL,1),(6,68,14,'2009-02-15 03:34:59','2009-02-15 03:40:21',1),(7,74,15,'2009-02-15 05:45:22',NULL,1),(8,181,315,'2009-02-20 12:34:47',NULL,1),(9,237,48,'2009-02-25 17:13:12',NULL,1),(10,432,316,'2009-03-13 00:56:38',NULL,1),(11,436,316,'2009-03-13 13:45:24','2009-03-13 13:46:17',1),(12,519,317,'2009-03-21 20:42:37',NULL,1),(13,647,1,'2009-04-03 19:46:44',NULL,1),(14,680,13,'2009-04-04 03:34:06',NULL,1),(15,691,286,'2009-04-04 15:06:38',NULL,1),(16,693,315,'2009-04-04 18:14:31',NULL,1),(17,720,317,'2009-04-06 20:57:58',NULL,1),(18,721,272,'2009-04-07 00:24:49','2009-04-07 00:27:29',1),(19,723,13,'2009-04-07 00:25:34',NULL,1),(20,735,315,'2009-04-07 15:26:14',NULL,1),(21,752,315,'2009-04-08 14:44:37','2009-04-08 14:47:20',1),(22,753,318,'2009-04-08 15:14:51',NULL,1),(23,764,318,'2009-04-08 21:16:07',NULL,1),(24,796,319,'2009-04-10 22:44:18','2009-04-10 22:53:29',1),(25,828,320,'2009-04-15 19:59:41',NULL,1),(26,832,319,'2009-04-16 00:42:59',NULL,1),(27,833,319,'2009-04-16 02:43:53','2009-04-16 02:58:03',1),(28,844,319,'2009-04-16 17:14:21',NULL,1),(29,948,321,'2009-04-28 19:41:51',NULL,1),(30,960,315,'2009-04-30 00:24:06',NULL,1),(31,1003,315,'2009-05-02 11:40:55',NULL,1),(32,1016,315,'2009-05-05 20:26:45',NULL,1),(33,1023,322,'2009-05-07 05:09:42',NULL,1),(34,1031,315,'2009-05-07 14:23:37',NULL,1),(35,1360,181,'2009-06-03 21:44:01',NULL,1),(36,1373,181,'2009-06-04 06:50:38','2009-06-04 07:02:26',1),(37,1375,5,'2009-06-04 07:01:41','2009-06-04 07:02:34',1),(38,1373,181,'2009-06-04 07:05:10','2009-06-04 07:10:13',1),(39,1375,5,'2009-06-04 07:05:41','2009-06-04 07:09:47',1),(40,1375,181,'2009-06-04 07:10:42',NULL,1),(41,1439,320,'2009-06-07 23:38:18',NULL,1),(42,1469,320,'2009-06-10 23:00:29',NULL,1),(43,1495,320,'2009-06-12 17:25:16',NULL,1),(44,1814,5,'2009-07-11 01:13:42',NULL,1),(45,2016,5,'2009-07-28 00:21:23',NULL,1),(46,2022,5,'2009-07-28 14:01:35',NULL,1),(47,2077,323,'2009-07-30 19:14:32',NULL,1),(48,2195,324,'2009-08-07 22:13:17',NULL,1),(49,2284,324,'2009-08-14 17:43:24',NULL,1),(50,2332,325,'2009-08-18 16:36:12',NULL,1),(51,2367,326,'2009-08-22 03:17:16',NULL,1),(52,2505,179,'2009-09-01 03:57:15',NULL,1),(53,2533,327,'2009-09-04 07:47:14',NULL,1),(54,2787,5,'2009-10-02 06:35:26',NULL,1),(55,3054,179,'2009-10-19 03:13:25',NULL,1),(56,3297,328,'2009-10-29 16:37:44',NULL,1),(57,3299,329,'2009-10-29 17:16:33',NULL,1),(58,3307,330,'2009-10-30 02:05:22',NULL,1),(59,3350,331,'2009-11-01 20:09:58',NULL,1),(60,3371,331,'2009-11-01 20:13:01',NULL,1),(61,3440,332,'2009-11-03 16:49:50',NULL,1),(62,3517,333,'2009-11-07 03:02:48',NULL,1),(63,3639,334,'2009-11-17 19:35:09',NULL,1),(64,3678,335,'2009-11-20 18:04:34',NULL,1),(65,3698,278,'2009-11-20 23:05:51',NULL,1),(66,3726,278,'2009-11-21 21:57:30',NULL,1),(67,3811,278,'2009-11-25 00:14:12',NULL,1),(68,3830,278,'2009-11-25 20:08:46',NULL,1),(69,3831,278,'2009-11-25 23:12:59',NULL,1),(70,3844,263,'2009-11-26 14:18:19',NULL,1),(71,3846,208,'2009-11-26 16:03:00',NULL,1),(72,3858,28,'2009-11-26 18:19:10',NULL,1),(73,3881,271,'2009-11-26 18:49:45','2009-11-26 18:59:52',1),(74,3881,271,'2009-11-26 19:02:49','2009-11-26 19:05:38',1),(75,3885,274,'2009-11-26 19:07:52','2009-11-26 19:18:17',1),(76,3887,278,'2009-11-26 20:00:17',NULL,1),(77,3891,40,'2009-11-26 20:15:46','2009-11-26 20:26:05',1),(78,3904,235,'2009-11-27 03:29:20',NULL,1),(79,3907,235,'2009-11-27 05:05:57',NULL,1),(80,3916,271,'2009-11-27 09:19:39','2009-11-27 09:30:56',1),(81,3918,227,'2009-11-27 21:35:15',NULL,1),(82,3922,235,'2009-11-28 00:48:10',NULL,1),(83,3928,283,'2009-11-28 07:50:38',NULL,1),(84,3934,271,'2009-11-28 12:28:50','2009-11-28 12:42:15',1),(85,3936,235,'2009-11-28 14:25:28',NULL,1),(86,3940,271,'2009-11-28 19:09:58','2009-11-28 19:10:46',1),(87,3945,271,'2009-11-29 07:49:17','2009-11-29 09:08:02',1),(88,3948,97,'2009-11-29 17:08:28',NULL,1),(89,3953,271,'2009-11-30 05:09:19','2009-11-30 05:15:14',1),(90,3954,271,'2009-11-30 05:17:05','2009-11-30 08:06:32',1),(91,3954,271,'2009-11-30 08:18:37','2009-11-30 08:20:33',1),(92,3986,235,'2009-12-01 09:34:39',NULL,1),(93,3995,278,'2009-12-01 20:47:03',NULL,1),(94,4000,278,'2009-12-01 20:47:32',NULL,1),(95,4012,278,'2009-12-01 20:53:10',NULL,1),(96,4025,278,'2009-12-01 20:54:51',NULL,1),(97,4043,278,'2009-12-01 20:55:56',NULL,1),(98,4058,278,'2009-12-02 00:21:29',NULL,1),(99,4062,278,'2009-12-02 00:22:16',NULL,1),(100,4069,283,'2009-12-02 03:24:12',NULL,1),(101,4076,334,'2009-12-02 18:36:47','2009-12-02 18:37:29',1),(102,4085,28,'2009-12-03 02:22:56',NULL,1),(103,4088,235,'2009-12-03 02:52:56',NULL,1),(104,4110,28,'2009-12-03 21:45:29',NULL,1),(105,4118,235,'2009-12-04 11:35:05',NULL,1),(106,4123,28,'2009-12-04 18:28:20',NULL,1),(107,4158,283,'2009-12-07 21:31:55',NULL,1),(108,4193,283,'2009-12-09 21:26:51',NULL,1),(109,4240,283,'2009-12-14 22:59:27',NULL,1),(110,4629,336,'2010-01-17 07:57:32',NULL,1),(111,4882,5,'2010-01-26 17:51:34',NULL,1),(112,5067,5,'2010-02-05 00:29:30',NULL,1),(113,5071,337,'2010-02-05 03:31:54',NULL,1),(114,5081,338,'2010-02-05 16:56:44',NULL,1),(115,5096,337,'2010-02-06 23:36:34',NULL,1),(116,5116,339,'2010-02-08 17:30:46',NULL,1),(117,5143,340,'2010-02-09 22:10:47',NULL,1),(118,5159,339,'2010-02-10 16:53:27',NULL,1),(119,5184,339,'2010-02-11 00:57:03',NULL,1),(120,5234,341,'2010-02-13 17:50:52',NULL,1),(121,5235,337,'2010-02-13 17:52:47',NULL,1),(122,5249,342,'2010-02-14 03:00:35',NULL,1),(123,5264,339,'2010-02-14 20:58:16','2010-02-14 21:35:25',1),(124,5267,342,'2010-02-14 23:58:35',NULL,1),(125,5276,341,'2010-02-15 20:47:20',NULL,1),(126,5281,337,'2010-02-15 22:43:49',NULL,1),(127,5284,342,'2010-02-15 23:19:41',NULL,1),(128,5300,342,'2010-02-16 21:55:40',NULL,1),(129,5303,337,'2010-02-17 02:13:14',NULL,1),(130,5308,342,'2010-02-17 13:41:09',NULL,1),(131,5314,342,'2010-02-17 22:18:54',NULL,1),(132,5324,337,'2010-02-18 05:24:51',NULL,1),(133,5337,339,'2010-02-18 20:06:43','2010-02-18 20:54:14',1),(134,5344,341,'2010-02-18 22:34:46',NULL,1),(135,5358,343,'2010-02-19 14:47:16','2010-02-19 14:48:37',1),(136,5370,342,'2010-02-19 23:23:20',NULL,1),(137,5374,341,'2010-02-20 03:03:41',NULL,1),(138,5377,339,'2010-02-20 08:05:39',NULL,1),(139,5381,342,'2010-02-20 13:49:41',NULL,1),(140,5382,5,'2010-02-20 15:47:49',NULL,1),(141,5396,342,'2010-02-21 15:32:57',NULL,1),(142,5418,342,'2010-02-22 22:54:20',NULL,1),(143,5420,341,'2010-02-23 00:49:01',NULL,1),(144,5434,342,'2010-02-24 00:16:03',NULL,1),(145,5446,342,'2010-02-25 01:48:09',NULL,1),(146,5454,341,'2010-02-25 22:19:36',NULL,1),(147,5464,343,'2010-02-26 15:26:33','2010-02-26 15:27:18',1),(148,5469,342,'2010-02-26 21:57:14',NULL,1),(149,5478,344,'2010-02-27 13:32:46',NULL,1),(150,5484,342,'2010-02-27 22:45:27',NULL,1),(151,5493,341,'2010-02-28 16:05:04',NULL,1),(152,5522,179,'2010-03-01 22:48:37',NULL,1),(153,5525,342,'2010-03-01 23:55:46',NULL,1),(154,5555,342,'2010-03-03 02:13:03',NULL,1),(155,5564,342,'2010-03-03 23:30:02',NULL,1),(156,5635,179,'2010-03-08 16:15:26',NULL,1),(157,5683,345,'2010-03-11 19:36:27',NULL,1),(158,5706,342,'2010-03-12 19:22:10',NULL,1),(159,5842,342,'2010-03-21 22:09:42',NULL,1),(160,6031,346,'2010-04-08 18:24:30',NULL,1),(161,6051,342,'2010-04-10 23:10:27',NULL,1),(162,6126,346,'2010-04-16 00:24:57',NULL,1),(163,6539,342,'2010-05-17 12:21:48',NULL,1),(164,6704,179,'2010-05-29 16:55:48',NULL,1),(165,7216,347,'2010-07-01 23:11:09',NULL,1),(166,7224,347,'2010-07-02 07:07:28','2010-07-02 07:08:22',1),(167,7242,342,'2010-07-03 13:19:41',NULL,1),(168,7664,212,'2010-07-29 20:25:07','2010-07-29 20:39:26',1),(169,7664,212,'2010-07-29 20:40:27','2010-07-29 20:47:29',1),(170,7680,212,'2010-07-30 19:47:50','2010-07-30 19:50:01',1),(171,7865,179,'2010-08-07 22:26:08',NULL,1),(172,7922,348,'2010-08-10 11:04:22',NULL,1),(173,8002,349,'2010-08-16 02:35:07',NULL,1),(174,8099,350,'2010-08-20 19:19:55',NULL,1),(175,8104,349,'2010-08-21 00:24:05',NULL,1),(176,8128,351,'2010-08-21 23:32:28',NULL,1),(177,8131,349,'2010-08-21 23:54:00','2010-08-22 00:07:36',1),(178,8200,349,'2010-08-27 01:33:26',NULL,1),(179,8240,349,'2010-08-29 19:05:09',NULL,1),(180,8273,352,'2010-09-01 12:23:38',NULL,1),(181,8293,179,'2010-09-02 17:38:33',NULL,1),(182,8397,321,'2010-09-15 01:29:47',NULL,1),(183,8481,353,'2010-09-23 09:29:20',NULL,1),(184,8552,354,'2010-09-28 19:42:27',NULL,1),(185,8570,355,'2010-09-30 05:16:20',NULL,1),(186,8573,353,'2010-09-30 07:25:36','2010-09-30 07:25:59',1),(187,8578,97,'2010-09-30 16:11:40',NULL,1),(188,8582,355,'2010-09-30 17:59:50','2010-09-30 18:00:41',1),(189,8587,355,'2010-10-01 00:01:52',NULL,1),(190,8609,355,'2010-10-03 07:29:20',NULL,1),(191,8644,356,'2010-10-07 14:42:56','2010-10-07 14:47:16',1),(192,8817,354,'2010-10-21 15:46:16',NULL,1),(193,8835,342,'2010-10-23 02:19:54',NULL,1),(194,8893,342,'2010-10-28 22:38:41',NULL,1),(195,8949,349,'2010-11-03 04:18:19','2010-11-03 04:19:52',1),(196,8970,357,'2010-11-05 15:10:52',NULL,1),(197,8971,358,'2010-11-05 18:36:31',NULL,1),(198,9005,359,'2010-11-10 07:46:32',NULL,1),(199,9011,359,'2010-11-10 18:59:24',NULL,1),(200,9020,359,'2010-11-11 16:13:42',NULL,1),(201,9033,359,'2010-11-12 20:05:36',NULL,1),(202,9036,359,'2010-11-13 07:25:02',NULL,1),(203,9039,359,'2010-11-13 18:35:17',NULL,1),(204,9042,359,'2010-11-13 23:40:34',NULL,1),(205,9049,359,'2010-11-14 08:54:27',NULL,1),(206,9052,359,'2010-11-14 16:36:44',NULL,1),(207,9061,359,'2010-11-15 08:32:14',NULL,1),(208,9066,359,'2010-11-15 20:04:46',NULL,1),(209,9069,359,'2010-11-16 00:17:31',NULL,1),(210,9094,359,'2010-11-17 19:15:19',NULL,1),(211,9104,359,'2010-11-18 10:06:05',NULL,1),(212,9119,271,'2010-11-20 17:50:55','2010-11-20 17:51:48',1),(213,9227,179,'2010-11-28 22:32:40',NULL,1),(214,9235,360,'2010-11-29 20:21:57',NULL,1);

--
-- Table structure for table `log_quote`
--

CREATE TABLE `log_quote` (
  `quote_id` int(10) unsigned NOT NULL default '0',
  `visitor_id` bigint(20) unsigned default NULL,
  `created_at` datetime NOT NULL default '0000-00-00 00:00:00',
  `deleted_at` datetime default NULL,
  PRIMARY KEY  (`quote_id`)
) ENGINE=MyISAM DEFAULT CHARSET=utf8 COMMENT='Quote log data';

--
-- Dumping data for table `log_quote`
--

INSERT INTO `log_quote` VALUES (1,2,'2009-02-14 06:54:58',NULL),(2,3,'2009-02-14 07:42:12','2009-02-14 08:04:40'),(3,4,'2009-02-14 07:49:48',NULL),(5,6,'2009-02-14 09:44:24',NULL),(6,9,'2009-02-14 16:37:52',NULL),(7,12,'2009-02-14 18:55:34',NULL),(9,14,'2009-02-14 20:11:25',NULL),(10,15,'2009-02-14 20:14:26',NULL),(11,32,'2009-02-14 20:43:56',NULL),(12,33,'2009-02-14 20:46:42',NULL),(13,45,'2009-02-14 21:30:43',NULL),(14,46,'2009-02-14 21:37:27',NULL),(15,53,'2009-02-14 23:56:19',NULL),(17,54,'2009-02-15 00:00:03',NULL),(18,54,'2009-02-15 00:02:20',NULL),(19,62,'2009-02-15 01:15:02','2009-02-15 01:18:29'),(20,67,'2009-02-15 03:00:57','2009-02-15 03:02:39'),(22,68,'2009-02-15 03:27:37','2009-02-15 03:39:20'),(24,74,'2009-02-15 05:43:11','2009-02-15 05:45:23'),(25,82,'2009-02-15 10:11:13',NULL),(26,86,'2009-02-15 13:29:09',NULL),(27,97,'2009-02-16 02:14:59',NULL),(28,101,'2009-02-16 05:08:29',NULL),(29,103,'2009-02-16 06:15:28',NULL),(30,105,'2009-02-16 10:12:28',NULL),(31,116,'2009-02-16 20:20:07','2009-02-16 20:24:19'),(32,118,'2009-02-17 00:05:19',NULL),(33,124,'2009-02-17 19:05:38',NULL),(34,158,'2009-02-19 13:01:22',NULL),(35,162,'2009-02-19 16:17:22','2009-02-19 16:33:46'),(37,190,'2009-02-20 21:09:39','2009-02-20 21:34:37'),(38,195,'2009-02-21 01:29:51',NULL),(39,237,'2009-02-25 17:00:47','2009-02-25 17:17:29'),(41,263,'2009-02-26 06:11:30',NULL),(42,272,'2009-02-26 17:05:19',NULL),(43,283,'2009-02-27 04:43:43',NULL),(44,287,'2009-02-27 10:53:44',NULL),(45,304,'2009-03-01 18:29:18',NULL),(46,314,'2009-03-02 20:04:16',NULL),(47,315,'2009-03-02 21:55:51',NULL),(48,330,'2009-03-05 03:34:42',NULL),(49,329,'2009-03-05 03:37:20',NULL),(50,369,'2009-03-07 10:21:13',NULL),(51,371,'2009-03-07 18:01:33',NULL),(52,388,'2009-03-09 23:24:05',NULL),(53,412,'2009-03-10 20:31:54',NULL),(54,413,'2009-03-10 20:54:29',NULL),(55,432,'2009-03-13 00:45:41',NULL),(57,433,'2009-03-13 02:20:54',NULL),(58,436,'2009-03-13 13:44:58',NULL),(59,455,'2009-03-15 23:45:46',NULL),(60,519,'2009-03-21 20:32:19',NULL),(61,527,'2009-03-22 23:45:37',NULL),(62,535,'2009-03-23 18:46:55',NULL),(63,547,'2009-03-24 18:09:12',NULL),(64,567,'2009-03-26 14:28:00',NULL),(65,573,'2009-03-27 14:12:29',NULL),(66,581,'2009-03-28 08:19:28',NULL),(67,592,'2009-03-30 07:58:25',NULL),(68,592,'2009-03-30 07:58:36',NULL),(69,593,'2009-03-30 08:02:57',NULL),(70,596,'2009-03-30 19:32:52',NULL),(71,605,'2009-03-31 08:43:21',NULL),(72,605,'2009-03-31 08:45:06',NULL),(73,647,'2009-04-03 19:46:05',NULL),(75,648,'2009-04-03 20:26:21',NULL),(76,650,'2009-04-03 20:32:41',NULL),(77,659,'2009-04-03 20:41:39',NULL),(78,674,'2009-04-03 22:33:41',NULL),(79,680,'2009-04-04 03:30:03',NULL),(81,685,'2009-04-04 07:27:27',NULL),(82,691,'2009-04-04 15:01:01',NULL),(84,693,'2009-04-04 17:38:11','2009-04-04 18:34:34'),(85,697,'2009-04-05 01:06:36',NULL),(86,701,'2009-04-05 12:40:08',NULL),(87,721,'2009-04-07 00:17:25','2009-04-07 00:27:19'),(89,746,'2009-04-07 22:43:23',NULL),(90,746,'2009-04-07 22:51:46',NULL),(91,753,'2009-04-08 14:59:44','2009-04-08 15:27:04'),(93,762,'2009-04-08 21:05:42','2009-04-08 21:13:49'),(94,791,'2009-04-10 00:54:07',NULL),(95,796,'2009-04-10 22:40:46',NULL),(97,815,'2009-04-13 20:34:23',NULL),(98,819,'2009-04-14 17:00:22',NULL),(99,828,'2009-04-15 19:49:10','2009-04-15 19:59:42'),(100,831,'2009-04-15 22:32:22',NULL),(101,832,'2009-04-16 00:39:30',NULL),(102,833,'2009-04-16 02:43:36',NULL),(103,833,'2009-04-16 02:58:33',NULL),(104,834,'2009-04-16 05:38:29',NULL),(105,835,'2009-04-16 06:12:52',NULL),(106,844,'2009-04-16 17:13:21','2009-04-16 17:18:40'),(107,869,'2009-04-20 09:12:27',NULL),(108,875,'2009-04-21 14:08:20',NULL),(109,883,'2009-04-22 11:44:44',NULL),(110,884,'2009-04-22 15:15:19',NULL),(111,907,'2009-04-25 00:59:35',NULL),(112,912,'2009-04-25 18:01:22',NULL),(113,948,'2009-04-28 19:18:00','2009-04-28 19:41:52'),(114,955,'2009-04-29 16:17:18',NULL),(115,957,'2009-04-29 17:50:15',NULL),(116,958,'2009-04-29 19:47:23',NULL),(117,960,'2009-04-29 23:58:34','2009-04-30 00:39:06'),(119,969,'2009-04-30 22:38:46',NULL),(120,971,'2009-05-01 06:04:32',NULL),(121,1023,'2009-05-07 05:02:09',NULL),(122,1049,'2009-05-09 01:00:13',NULL),(123,1053,'2009-05-10 11:27:46',NULL),(124,1063,'2009-05-11 14:20:53','2009-05-11 15:27:49'),(125,1097,'2009-05-15 09:09:33',NULL),(126,1097,'2009-05-15 09:09:33',NULL),(127,1097,'2009-05-15 09:09:35',NULL),(128,1097,'2009-05-15 09:09:39',NULL),(129,1097,'2009-05-15 09:10:15',NULL),(130,1097,'2009-05-15 09:10:18',NULL),(131,1097,'2009-05-15 09:10:23',NULL),(132,1097,'2009-05-15 09:10:23',NULL),(133,1097,'2009-05-15 09:10:50',NULL),(134,1097,'2009-05-15 09:10:50',NULL),(135,1097,'2009-05-15 09:10:56',NULL),(136,1097,'2009-05-15 09:10:56',NULL),(137,1097,'2009-05-15 09:11:03',NULL),(138,1097,'2009-05-15 09:11:04',NULL),(139,1097,'2009-05-15 09:11:07',NULL),(140,1097,'2009-05-15 09:11:07',NULL),(141,1097,'2009-05-15 09:11:07',NULL),(142,1097,'2009-05-15 09:11:08',NULL),(143,1097,'2009-05-15 09:11:26',NULL),(144,1097,'2009-05-15 09:11:26',NULL),(145,1097,'2009-05-15 09:11:37',NULL),(146,1097,'2009-05-15 09:11:38',NULL),(147,1097,'2009-05-15 09:11:51',NULL),(148,1097,'2009-05-15 09:11:51',NULL),(149,1097,'2009-05-15 09:13:33',NULL),(150,1097,'2009-05-15 09:13:33',NULL),(151,1097,'2009-05-15 09:14:17',NULL),(152,1097,'2009-05-15 09:14:17',NULL),(153,1097,'2009-05-15 09:14:17',NULL),(154,1097,'2009-05-15 09:14:18',NULL),(155,1097,'2009-05-15 09:14:18',NULL),(156,1097,'2009-05-15 09:14:20',NULL),(157,1097,'2009-05-15 09:14:25',NULL),(158,1097,'2009-05-15 09:14:25',NULL),(159,1097,'2009-05-15 09:14:44',NULL),(160,1097,'2009-05-15 09:14:44',NULL),(161,1101,'2009-05-15 15:23:55','2009-05-15 15:35:31'),(162,1143,'2009-05-19 09:56:24',NULL),(163,1168,'2009-05-23 18:47:31',NULL),(164,1194,'2009-05-25 08:25:00',NULL),(165,1207,'2009-05-25 10:25:06',NULL),(166,1208,'2009-05-25 10:25:07',NULL),(167,1209,'2009-05-25 10:25:07',NULL),(168,1210,'2009-05-25 10:25:08',NULL),(169,1211,'2009-05-25 10:25:08',NULL),(170,1212,'2009-05-25 10:25:09',NULL),(171,1214,'2009-05-25 10:31:46',NULL),(172,1215,'2009-05-25 10:39:39',NULL),(173,1216,'2009-05-25 10:49:18',NULL),(174,1217,'2009-05-25 11:25:15',NULL),(175,1239,'2009-05-27 20:27:31',NULL),(176,1247,'2009-05-28 14:05:48',NULL),(177,1253,'2009-05-28 19:50:53',NULL),(178,1288,'2009-05-30 07:44:12',NULL),(179,1289,'2009-05-30 09:11:52',NULL),(180,1292,'2009-05-30 10:33:08',NULL),(181,1294,'2009-05-30 11:55:05',NULL),(182,1295,'2009-05-30 13:17:27',NULL),(183,1308,'2009-05-31 11:48:33',NULL),(184,1318,'2009-06-01 10:12:10',NULL),(185,1324,'2009-06-01 13:49:18',NULL),(186,1328,'2009-06-01 22:23:17',NULL),(187,1339,'2009-06-02 21:14:38',NULL),(188,1347,'2009-06-03 03:39:18',NULL),(189,1360,'2009-06-03 21:41:34',NULL),(191,1370,'2009-06-04 05:41:01',NULL),(192,1373,'2009-06-04 06:39:22',NULL),(193,1375,'2009-06-04 07:01:05',NULL),(195,1375,'2009-06-04 07:02:44',NULL),(196,1373,'2009-06-04 07:04:45',NULL),(197,1375,'2009-06-04 07:10:04','2009-06-04 07:16:18'),(198,1388,'2009-06-05 02:40:26',NULL),(199,1417,'2009-06-06 07:19:50',NULL),(200,1418,'2009-06-06 09:10:22',NULL),(201,1420,'2009-06-06 11:01:54',NULL),(202,1421,'2009-06-06 12:53:23',NULL),(203,1425,'2009-06-06 17:19:40',NULL),(204,1433,'2009-06-07 12:46:42',NULL),(205,1434,'2009-06-07 14:59:55',NULL),(206,1436,'2009-06-07 17:11:21',NULL),(207,1438,'2009-06-07 19:23:51',NULL),(208,1439,'2009-06-07 23:35:32','2009-06-07 23:40:04'),(210,1441,'2009-06-08 13:17:53',NULL),(211,1450,'2009-06-09 07:29:51',NULL),(212,1457,'2009-06-09 15:55:30',NULL),(213,1459,'2009-06-09 18:36:07',NULL),(214,1464,'2009-06-10 19:58:24',NULL),(215,1468,'2009-06-10 22:03:49',NULL),(216,1471,'2009-06-11 00:08:38',NULL),(217,1484,'2009-06-11 21:44:39',NULL),(218,1486,'2009-06-11 23:56:50',NULL),(219,1488,'2009-06-12 02:07:55',NULL),(220,1489,'2009-06-12 04:20:50',NULL),(221,1501,'2009-06-12 19:52:34',NULL),(222,1503,'2009-06-13 00:11:48',NULL),(223,1509,'2009-06-13 20:13:50',NULL),(224,1511,'2009-06-13 22:53:22',NULL),(225,1516,'2009-06-15 04:06:14',NULL),(226,1523,'2009-06-16 05:08:54',NULL),(227,1524,'2009-06-16 06:49:12',NULL),(228,1539,'2009-06-18 23:50:18',NULL),(229,1546,'2009-06-19 15:07:53',NULL),(230,1562,'2009-06-20 14:37:20',NULL),(231,1570,'2009-06-21 02:19:04',NULL),(232,1586,'2009-06-22 12:55:01',NULL),(233,1600,'2009-06-23 08:37:32',NULL),(234,1602,'2009-06-23 10:32:16',NULL),(235,1608,'2009-06-23 16:54:19',NULL),(236,1611,'2009-06-23 18:53:53',NULL),(237,1631,'2009-06-24 19:49:55',NULL),(238,1633,'2009-06-24 21:28:15',NULL),(239,1637,'2009-06-25 00:44:22',NULL),(240,1640,'2009-06-25 02:23:28',NULL),(241,1652,'2009-06-25 12:34:54',NULL),(242,1653,'2009-06-25 13:37:57',NULL),(243,1668,'2009-06-26 02:03:09',NULL),(244,1679,'2009-06-27 04:47:16',NULL),(245,1692,'2009-06-29 07:30:03',NULL),(246,1723,'2009-07-01 14:16:37',NULL),(247,1725,'2009-07-01 17:52:10',NULL),(248,1734,'2009-07-02 13:04:42',NULL),(249,1748,'2009-07-03 12:46:48',NULL),(250,1754,'2009-07-03 20:46:00',NULL),(251,1755,'2009-07-03 23:38:43',NULL),(252,1764,'2009-07-06 15:32:18',NULL),(253,1775,'2009-07-07 20:42:57',NULL),(254,1776,'2009-07-07 23:45:27',NULL),(255,1777,'2009-07-08 02:50:18',NULL),(256,1795,'2009-07-08 23:26:00',NULL),(257,1814,'2009-07-11 01:12:53','2009-07-11 01:19:07'),(258,1824,'2009-07-13 08:09:50',NULL),(259,1836,'2009-07-14 11:04:02',NULL),(260,1850,'2009-07-16 10:53:34',NULL),(261,1867,'2009-07-18 00:20:07',NULL),(262,1875,'2009-07-18 07:46:35',NULL),(263,1898,'2009-07-20 12:34:07',NULL),(264,1925,'2009-07-23 12:00:59',NULL),(265,1948,'2009-07-24 12:36:40',NULL),(266,1950,'2009-07-24 16:13:26',NULL),(267,1956,'2009-07-24 16:31:06',NULL),(268,1957,'2009-07-24 16:36:59',NULL),(269,1959,'2009-07-24 17:31:27',NULL),(270,1963,'2009-07-24 19:46:47',NULL),(271,1964,'2009-07-24 19:51:27',NULL),(272,1965,'2009-07-24 20:13:05',NULL),(273,1968,'2009-07-24 21:26:44',NULL),(274,1971,'2009-07-25 03:24:25',NULL),(275,1973,'2009-07-25 04:36:10',NULL),(276,1975,'2009-07-25 08:41:08',NULL),(277,1979,'2009-07-25 12:19:31',NULL),(278,1980,'2009-07-25 15:33:43',NULL),(279,1986,'2009-07-25 20:05:44',NULL),(280,1991,'2009-07-25 22:18:30',NULL),(281,1995,'2009-07-26 06:17:27',NULL),(282,2001,'2009-07-26 11:17:55',NULL),(283,2002,'2009-07-26 14:00:39',NULL),(284,2015,'2009-07-27 21:09:23',NULL),(285,2016,'2009-07-27 22:22:40',NULL),(288,2083,'2009-07-31 12:49:39',NULL),(289,2108,'2009-08-03 01:57:41',NULL),(290,2127,'2009-08-04 22:23:19',NULL),(291,2137,'2009-08-05 13:00:39',NULL),(292,2147,'2009-08-06 02:09:17',NULL),(293,2178,'2009-08-07 01:39:49',NULL),(294,2184,'2009-08-07 03:13:24',NULL),(295,2195,'2009-08-07 22:08:03','2009-08-07 22:13:17'),(296,2201,'2009-08-08 19:19:29',NULL),(297,2235,'2009-08-11 01:00:42',NULL),(298,2239,'2009-08-11 15:28:17',NULL),(299,2239,'2009-08-11 15:28:20',NULL),(300,2251,'2009-08-11 20:55:46',NULL),(301,2274,'2009-08-13 23:55:33',NULL),(302,2300,'2009-08-16 11:35:09',NULL),(303,2308,'2009-08-16 23:13:42',NULL),(304,2320,'2009-08-17 17:38:04',NULL),(305,2332,'2009-08-18 16:33:02','2009-08-18 16:37:05'),(306,2339,'2009-08-19 03:46:05',NULL),(307,2351,'2009-08-20 06:05:07',NULL),(308,2364,'2009-08-21 19:32:44',NULL),(309,2389,'2009-08-23 22:38:54',NULL),(310,2403,'2009-08-24 19:02:56',NULL),(311,2471,'2009-08-29 03:21:22',NULL),(312,2473,'2009-08-29 07:41:11',NULL),(313,2496,'2009-08-31 07:47:38',NULL),(314,2505,'2009-09-01 03:39:01',NULL),(316,2509,'2009-09-01 15:28:53',NULL),(317,2510,'2009-09-01 19:48:39',NULL),(318,2521,'2009-09-02 19:25:58',NULL),(319,2544,'2009-09-05 12:34:23',NULL),(320,2545,'2009-09-05 14:41:20',NULL),(321,2548,'2009-09-06 00:45:53',NULL),(322,2554,'2009-09-06 21:01:17',NULL),(323,2570,'2009-09-08 11:37:22',NULL),(324,2572,'2009-09-08 17:22:50',NULL),(325,2599,'2009-09-11 00:14:04',NULL),(326,2607,'2009-09-12 18:48:55',NULL),(327,2622,'2009-09-14 04:16:25',NULL),(328,2625,'2009-09-14 14:17:29',NULL),(329,2641,'2009-09-16 11:12:06',NULL),(330,2644,'2009-09-16 16:50:47',NULL),(331,2659,'2009-09-18 12:49:40',NULL),(332,2671,'2009-09-20 06:15:33',NULL),(333,2673,'2009-09-20 08:12:25',NULL),(334,2712,'2009-09-24 06:19:00',NULL),(335,2723,'2009-09-26 00:04:16',NULL),(336,2725,'2009-09-26 15:16:36',NULL),(337,2737,'2009-09-28 10:12:31',NULL),(338,2784,'2009-10-02 05:16:35',NULL),(339,2787,'2009-10-02 06:34:58',NULL),(341,2797,'2009-10-02 22:50:08',NULL),(342,2841,'2009-10-06 09:32:15',NULL),(343,2846,'2009-10-06 17:46:19',NULL),(344,2858,'2009-10-08 01:11:53',NULL),(345,2885,'2009-10-09 07:46:15',NULL),(346,2899,'2009-10-09 19:26:49',NULL),(347,2925,'2009-10-12 00:45:06',NULL),(348,2926,'2009-10-12 00:45:06',NULL),(349,2927,'2009-10-12 00:45:07',NULL),(350,2931,'2009-10-12 01:03:25',NULL),(351,2950,'2009-10-12 17:06:19',NULL),(352,2955,'2009-10-13 08:22:09',NULL),(353,2965,'2009-10-14 02:15:02',NULL),(354,2979,'2009-10-15 02:19:14','2009-10-15 02:46:58'),(355,3026,'2009-10-17 18:46:51',NULL),(356,3028,'2009-10-17 21:54:42',NULL),(357,3033,'2009-10-18 04:36:11',NULL),(358,3041,'2009-10-18 15:43:53',NULL),(359,3054,'2009-10-19 03:08:30',NULL),(361,3058,'2009-10-19 08:48:17',NULL),(362,3067,'2009-10-19 16:46:25',NULL),(363,3095,'2009-10-21 07:13:19',NULL),(364,3105,'2009-10-21 23:57:23',NULL),(365,3106,'2009-10-22 02:46:17',NULL),(366,3119,'2009-10-22 15:28:38',NULL),(367,3167,'2009-10-23 04:34:59',NULL),(368,3169,'2009-10-23 05:15:52',NULL),(369,3181,'2009-10-23 13:23:45',NULL),(370,3183,'2009-10-23 14:03:59',NULL),(371,3197,'2009-10-23 20:17:50',NULL),(372,3241,'2009-10-26 17:31:06',NULL),(373,3244,'2009-10-26 18:45:34',NULL),(374,3246,'2009-10-26 21:34:12',NULL),(375,3257,'2009-10-27 16:41:50',NULL),(376,3277,'2009-10-28 18:55:50',NULL),(377,3280,'2009-10-28 21:48:56',NULL),(378,3281,'2009-10-28 21:51:47',NULL),(379,3286,'2009-10-29 02:48:15',NULL),(380,3293,'2009-10-29 13:17:40',NULL),(381,3297,'2009-10-29 16:15:47','2009-10-29 16:37:45'),(382,3298,'2009-10-29 16:16:48',NULL),(383,3299,'2009-10-29 17:12:21',NULL),(384,3307,'2009-10-30 01:56:20','2009-10-30 02:05:23'),(386,3325,'2009-10-31 20:25:10',NULL),(387,3327,'2009-10-31 23:13:32',NULL),(388,3333,'2009-11-01 06:19:03','2009-11-01 06:30:04'),(389,3336,'2009-11-01 13:44:55',NULL),(390,3341,'2009-11-01 19:34:33',NULL),(391,3382,'2009-11-01 22:55:40',NULL),(392,3394,'2009-11-02 17:17:51',NULL),(393,3398,'2009-11-02 19:22:17',NULL),(394,3408,'2009-11-02 20:04:58',NULL),(395,3424,'2009-11-03 01:49:25',NULL),(396,3424,'2009-11-03 01:49:49',NULL),(397,3426,'2009-11-03 04:51:34',NULL),(398,3436,'2009-11-03 14:51:47',NULL),(399,3437,'2009-11-03 15:23:35',NULL),(400,3440,'2009-11-03 16:43:17','2009-11-03 16:49:51'),(401,3454,'2009-11-04 01:53:55',NULL),(402,3455,'2009-11-04 03:27:57',NULL),(403,3471,'2009-11-04 21:54:46',NULL),(404,3492,'2009-11-06 01:27:01',NULL),(405,3517,'2009-11-07 02:45:05','2009-11-07 03:03:59'),(406,3534,'2009-11-09 00:26:19',NULL),(407,3542,'2009-11-09 15:49:01',NULL),(408,3560,'2009-11-11 05:51:05','2009-11-11 05:56:50'),(409,3566,'2009-11-11 14:10:09',NULL),(410,3574,'2009-11-11 23:47:49',NULL),(411,3580,'2009-11-12 13:39:42',NULL),(412,3586,'2009-11-12 20:09:51',NULL),(413,3604,'2009-11-14 19:25:18',NULL),(414,3632,'2009-11-16 19:10:28',NULL),(415,3634,'2009-11-17 02:20:37',NULL),(416,3639,'2009-11-17 19:29:02','2009-11-17 19:35:09'),(417,3644,'2009-11-18 07:52:11',NULL),(418,3660,'2009-11-19 14:01:48',NULL),(419,3662,'2009-11-19 16:43:52',NULL),(420,3665,'2009-11-19 18:24:04',NULL),(421,3666,'2009-11-19 19:25:57',NULL),(422,3676,'2009-11-20 17:51:06',NULL),(423,3679,'2009-11-20 18:12:37',NULL),(424,3688,'2009-11-20 20:33:10',NULL),(425,3696,'2009-11-20 22:01:17',NULL),(427,3707,'2009-11-21 03:20:19',NULL),(428,3707,'2009-11-21 03:21:01',NULL),(429,3708,'2009-11-21 06:40:05',NULL),(430,3717,'2009-11-21 19:01:20',NULL),(431,3725,'2009-11-21 21:45:49',NULL),(432,3728,'2009-11-21 23:21:52',NULL),(433,3753,'2009-11-23 02:53:43',NULL),(434,3769,'2009-11-24 01:54:46',NULL),(435,3788,'2009-11-24 20:03:07',NULL),(436,3804,'2009-11-24 23:22:07',NULL),(437,3840,'2009-11-26 06:28:45',NULL),(438,3843,'2009-11-26 13:27:36',NULL),(439,3844,'2009-11-26 14:14:13','2009-11-26 14:25:08'),(441,3846,'2009-11-26 15:35:17','2009-11-26 17:25:48'),(443,3858,'2009-11-26 17:44:46','2009-11-26 18:23:46'),(446,3885,'2009-11-26 19:04:01',NULL),(448,3888,'2009-11-26 20:03:31',NULL),(449,3889,'2009-11-26 20:06:15',NULL),(450,3891,'2009-11-26 20:11:29',NULL),(452,3894,'2009-11-26 20:54:54',NULL),(453,3895,'2009-11-26 21:13:26',NULL),(454,3895,'2009-11-26 21:15:20','2009-11-26 21:27:16'),(455,3898,'2009-11-26 23:17:39','2009-11-26 23:28:30'),(456,3899,'2009-11-27 02:07:38','2009-11-27 02:18:58'),(457,3901,'2009-11-27 02:22:08',NULL),(458,3904,'2009-11-27 03:24:30','2009-11-27 03:32:55'),(461,3909,'2009-11-27 06:30:50',NULL),(462,3918,'2009-11-27 21:31:01','2009-11-27 21:39:27'),(464,3923,'2009-11-28 01:22:22',NULL),(465,3924,'2009-11-28 01:52:06',NULL),(466,3925,'2009-11-28 03:57:44',NULL),(467,3928,'2009-11-28 07:44:50','2009-11-28 07:55:49'),(470,3948,'2009-11-29 17:04:27',NULL),(472,3955,'2009-11-30 07:20:12',NULL),(473,3959,'2009-11-30 14:15:54',NULL),(474,3963,'2009-11-30 16:35:59',NULL),(475,3968,'2009-11-30 18:47:03',NULL),(476,3990,'2009-12-01 16:02:49',NULL),(477,4069,'2009-12-02 02:50:39','2009-12-02 03:28:39'),(478,4081,'2009-12-02 22:19:02',NULL),(479,4101,'2009-12-03 18:38:37',NULL),(480,4128,'2009-12-05 02:03:46',NULL),(481,4134,'2009-12-06 02:55:56',NULL),(484,4163,'2009-12-08 10:42:27',NULL),(485,4165,'2009-12-08 12:29:34',NULL),(486,4169,'2009-12-08 14:42:09',NULL),(487,4187,'2009-12-09 16:57:08',NULL),(488,4201,'2009-12-10 15:48:50',NULL),(489,4212,'2009-12-11 22:13:54',NULL),(490,4236,'2009-12-14 17:50:28',NULL),(491,4238,'2009-12-14 22:08:25',NULL),(492,4241,'2009-12-14 23:04:54','2009-12-14 23:21:43'),(493,4259,'2009-12-15 22:26:07',NULL),(494,4275,'2009-12-17 04:50:38',NULL),(495,4303,'2009-12-19 00:47:43',NULL),(496,4304,'2009-12-19 06:07:57',NULL),(497,4307,'2009-12-19 08:07:52',NULL),(498,4318,'2009-12-20 06:56:33',NULL),(499,4320,'2009-12-21 00:21:23',NULL),(500,4322,'2009-12-21 00:29:29',NULL),(501,4323,'2009-12-21 00:36:34',NULL),(502,4324,'2009-12-21 00:47:06',NULL),(503,4325,'2009-12-21 00:48:26',NULL),(504,4340,'2009-12-21 23:52:50',NULL),(505,4343,'2009-12-21 23:53:21',NULL),(506,4353,'2009-12-22 03:24:47',NULL),(507,4362,'2009-12-22 03:54:23',NULL),(508,4408,'2009-12-24 04:55:03',NULL),(509,4410,'2009-12-24 06:54:50',NULL),(510,4412,'2009-12-24 22:42:59',NULL),(511,4427,'2009-12-27 00:41:24',NULL),(512,4459,'2009-12-30 20:54:06',NULL),(513,4494,'2010-01-04 02:07:48',NULL),(514,4507,'2010-01-05 17:13:01',NULL),(515,4510,'2010-01-05 21:49:18',NULL),(516,4529,'2010-01-07 17:06:25',NULL),(517,4531,'2010-01-07 18:46:51',NULL),(518,4533,'2010-01-07 18:52:46',NULL),(519,4548,'2010-01-09 16:58:14',NULL),(520,4583,'2010-01-13 04:15:49',NULL),(521,4591,'2010-01-14 00:55:56',NULL),(522,4595,'2010-01-14 01:53:31',NULL),(523,4623,'2010-01-16 22:59:48',NULL),(524,4632,'2010-01-17 16:04:37',NULL),(525,4654,'2010-01-19 18:52:05',NULL),(526,4661,'2010-01-20 09:20:13',NULL),(527,4691,'2010-01-21 20:47:13',NULL),(528,4700,'2010-01-22 10:08:10',NULL),(529,4700,'2010-01-22 10:08:24',NULL),(530,4704,'2010-01-22 19:45:20',NULL),(531,4712,'2010-01-23 11:32:34',NULL),(532,4727,'2010-01-24 17:26:46',NULL),(533,4738,'2010-01-25 00:23:42',NULL),(534,4756,'2010-01-25 01:11:13',NULL),(535,4761,'2010-01-25 01:40:56',NULL),(536,4761,'2010-01-25 01:41:40',NULL),(537,4766,'2010-01-25 02:03:23',NULL),(538,4778,'2010-01-25 03:17:33',NULL),(539,4777,'2010-01-25 03:17:49',NULL),(540,4784,'2010-01-25 04:03:10',NULL),(541,4796,'2010-01-25 05:31:50',NULL),(542,4802,'2010-01-25 10:51:11',NULL),(543,4805,'2010-01-25 12:00:35',NULL),(544,4809,'2010-01-25 12:35:36',NULL),(545,4810,'2010-01-25 12:35:45',NULL),(546,4820,'2010-01-25 15:06:58',NULL),(547,4820,'2010-01-25 15:07:04',NULL),(548,4832,'2010-01-25 16:52:28',NULL),(549,4840,'2010-01-25 18:09:17',NULL),(550,4844,'2010-01-25 19:14:28',NULL),(551,4847,'2010-01-25 20:31:40',NULL),(552,4869,'2010-01-26 04:08:49',NULL),(553,4871,'2010-01-26 07:02:08',NULL),(554,4878,'2010-01-26 15:51:12',NULL),(555,4882,'2010-01-26 17:50:57',NULL),(557,4888,'2010-01-26 21:09:48',NULL),(558,4891,'2010-01-26 23:53:03',NULL),(559,4891,'2010-01-26 23:53:21','2010-01-27 00:03:09'),(560,4903,'2010-01-27 16:04:35',NULL),(561,4913,'2010-01-28 04:53:24',NULL),(562,4917,'2010-01-28 10:53:41',NULL),(563,4919,'2010-01-28 13:19:02',NULL),(564,4925,'2010-01-28 18:27:38',NULL),(565,4949,'2010-01-29 21:25:48',NULL),(566,4951,'2010-01-29 23:32:15',NULL),(567,4960,'2010-01-30 15:52:10',NULL),(568,4970,'2010-01-31 08:51:51',NULL),(569,4991,'2010-02-01 22:43:00','2010-02-01 22:50:23'),(570,5027,'2010-02-03 22:40:08','2010-02-03 22:54:33'),(571,5042,'2010-02-04 13:45:26',NULL),(572,5056,'2010-02-04 18:40:05',NULL),(573,5059,'2010-02-04 21:03:05',NULL),(574,5067,'2010-02-05 00:29:01','2010-02-05 01:17:57'),(575,5071,'2010-02-05 03:26:05',NULL),(576,5073,'2010-02-05 04:47:34',NULL),(578,5087,'2010-02-06 15:59:37',NULL),(579,5088,'2010-02-06 16:07:21',NULL),(580,5089,'2010-02-06 17:21:31',NULL),(581,5107,'2010-02-07 20:11:27','2010-02-07 20:17:06'),(582,5108,'2010-02-07 20:22:10',NULL),(583,5114,'2010-02-08 15:54:35',NULL),(585,5125,'2010-02-09 04:51:05',NULL),(586,5138,'2010-02-09 18:33:02',NULL),(587,5143,'2010-02-09 22:05:17',NULL),(588,5158,'2010-02-10 14:34:25',NULL),(589,5178,'2010-02-10 22:44:40',NULL),(590,5182,'2010-02-11 00:01:32',NULL),(591,5182,'2010-02-11 00:01:52',NULL),(593,5206,'2010-02-11 17:08:31',NULL),(594,5215,'2010-02-12 04:17:09',NULL),(595,5230,'2010-02-13 10:14:58',NULL),(596,5231,'2010-02-13 11:00:58',NULL),(597,5234,'2010-02-13 17:14:59','2010-02-13 17:50:53'),(598,5241,'2010-02-13 21:15:53',NULL),(599,5243,'2010-02-13 22:09:42',NULL),(600,5242,'2010-02-13 22:09:49',NULL),(601,5247,'2010-02-13 22:13:15',NULL),(602,5249,'2010-02-14 02:43:18','2010-02-14 03:01:56'),(603,5256,'2010-02-14 15:34:16',NULL),(604,5257,'2010-02-14 16:07:53',NULL),(606,5266,'2010-02-14 23:20:58',NULL),(608,5298,'2010-02-16 20:26:15',NULL),(609,5302,'2010-02-17 01:00:48',NULL),(610,5319,'2010-02-18 02:36:55',NULL),(611,5320,'2010-02-18 03:41:32',NULL),(615,5370,'2010-02-19 23:22:30','2010-02-19 23:44:40'),(618,5382,'2010-02-20 15:44:19',NULL),(620,5397,'2010-02-21 17:39:59',NULL),(621,5412,'2010-02-22 20:27:55',NULL),(622,5415,'2010-02-22 22:00:01',NULL),(623,5421,'2010-02-23 00:53:09',NULL),(624,5466,'2010-02-26 16:11:43',NULL),(625,5479,'2010-02-27 14:29:18',NULL),(626,5514,'2010-03-01 14:56:16',NULL),(627,5518,'2010-03-01 17:41:27',NULL),(628,5518,'2010-03-01 17:43:44',NULL),(629,5522,'2010-03-01 22:46:01','2010-03-01 22:51:06'),(631,5575,'2010-03-04 23:41:12',NULL),(632,5583,'2010-03-05 14:45:50',NULL),(633,5585,'2010-03-05 14:46:12',NULL),(634,5590,'2010-03-05 14:48:03',NULL),(635,5600,'2010-03-06 05:16:23',NULL),(636,5610,'2010-03-07 03:49:07',NULL),(637,5612,'2010-03-07 08:12:10',NULL),(638,5633,'2010-03-08 15:21:27',NULL),(639,5635,'2010-03-08 16:13:57','2010-03-08 16:16:55'),(641,5643,'2010-03-08 22:50:57',NULL),(642,5683,'2010-03-11 19:14:52','2010-03-11 19:36:29'),(643,5729,'2010-03-15 00:39:59',NULL),(644,5737,'2010-03-16 01:24:26',NULL),(645,5786,'2010-03-17 23:23:43',NULL),(646,5793,'2010-03-18 03:15:02',NULL),(647,5795,'2010-03-18 05:59:06',NULL),(649,5844,'2010-03-22 01:05:03',NULL),(650,5854,'2010-03-22 06:32:08',NULL),(651,5882,'2010-03-24 16:56:47',NULL),(652,5888,'2010-03-25 05:46:09',NULL),(653,5893,'2010-03-25 19:25:49',NULL),(654,5897,'2010-03-26 04:32:28',NULL),(655,5899,'2010-03-26 10:49:29',NULL),(656,5907,'2010-03-26 22:06:26',NULL),(657,5920,'2010-03-28 10:38:19',NULL),(658,5922,'2010-03-28 13:47:52',NULL),(659,5925,'2010-03-28 16:58:01',NULL),(660,5928,'2010-03-28 22:23:37',NULL),(661,5934,'2010-03-29 10:44:33',NULL),(662,5950,'2010-03-30 19:36:37',NULL),(663,5983,'2010-04-02 22:12:59',NULL),(664,5985,'2010-04-02 23:51:48',NULL),(665,6009,'2010-04-06 21:58:17',NULL),(666,6012,'2010-04-07 06:31:53',NULL),(667,6031,'2010-04-08 18:16:35','2010-04-08 18:24:32'),(668,6033,'2010-04-08 22:25:31',NULL),(670,6055,'2010-04-11 01:45:02',NULL),(671,6057,'2010-04-11 11:59:26',NULL),(672,6058,'2010-04-11 12:16:59',NULL),(673,6080,'2010-04-12 21:30:19',NULL),(674,6087,'2010-04-13 06:00:11',NULL),(675,6102,'2010-04-14 13:18:03','2010-04-14 13:23:25'),(676,6112,'2010-04-15 16:50:18',NULL),(677,6138,'2010-04-16 14:59:35',NULL),(678,6218,'2010-04-21 22:26:36',NULL),(679,6233,'2010-04-22 20:21:45',NULL),(680,6237,'2010-04-22 23:06:18',NULL),(681,6248,'2010-04-23 17:53:04',NULL),(682,6249,'2010-04-23 18:10:37',NULL),(683,6252,'2010-04-23 21:12:47',NULL),(684,6254,'2010-04-24 01:09:22',NULL),(685,6268,'2010-04-25 22:52:55',NULL),(686,6275,'2010-04-26 17:31:28',NULL),(687,6297,'2010-04-28 05:33:19',NULL),(688,6336,'2010-05-02 21:03:39',NULL),(689,6345,'2010-05-03 13:42:17',NULL),(690,6348,'2010-05-03 15:21:55',NULL),(691,6348,'2010-05-03 15:28:17',NULL),(692,6372,'2010-05-05 22:11:27',NULL),(693,6408,'2010-05-09 03:40:40',NULL),(694,6414,'2010-05-09 15:55:02',NULL),(695,6464,'2010-05-11 23:27:40',NULL),(696,6477,'2010-05-12 17:51:09',NULL),(697,6478,'2010-05-12 17:58:01',NULL),(698,6478,'2010-05-12 17:58:12',NULL),(699,6486,'2010-05-13 09:10:39',NULL),(700,6489,'2010-05-13 11:21:46',NULL),(701,6505,'2010-05-14 06:22:02',NULL),(702,6539,'2010-05-17 12:19:56',NULL),(704,6552,'2010-05-18 06:42:07',NULL),(705,6552,'2010-05-18 06:42:19',NULL),(706,6552,'2010-05-18 06:42:19',NULL),(707,6563,'2010-05-18 13:59:14',NULL),(708,6565,'2010-05-18 16:09:00',NULL),(709,6568,'2010-05-18 18:18:33',NULL),(710,6570,'2010-05-18 20:29:21',NULL),(711,6573,'2010-05-18 22:38:00',NULL),(712,6612,'2010-05-21 15:25:46',NULL),(713,6619,'2010-05-21 20:37:34','2010-05-21 20:55:27'),(714,6624,'2010-05-22 05:36:21',NULL),(715,6627,'2010-05-22 08:25:52',NULL),(716,6633,'2010-05-22 22:42:06',NULL),(717,6634,'2010-05-23 01:45:08',NULL),(718,6676,'2010-05-27 18:46:06',NULL),(719,6682,'2010-05-28 00:31:46',NULL),(720,6687,'2010-05-28 07:32:10',NULL),(721,6690,'2010-05-28 17:42:55',NULL),(722,6690,'2010-05-28 17:43:16',NULL),(723,6704,'2010-05-29 16:53:29','2010-05-29 16:57:10'),(725,6721,'2010-05-31 08:42:01',NULL),(726,6721,'2010-05-31 08:42:05',NULL),(727,6771,'2010-06-04 21:45:40',NULL),(728,6780,'2010-06-05 14:36:47',NULL),(729,6801,'2010-06-06 03:20:30',NULL),(730,6805,'2010-06-06 10:27:53',NULL),(731,6823,'2010-06-07 17:09:58',NULL),(732,6829,'2010-06-08 03:35:27',NULL),(733,6841,'2010-06-08 22:23:26',NULL),(734,6852,'2010-06-09 15:01:54',NULL),(735,6854,'2010-06-09 15:12:27',NULL),(736,6861,'2010-06-09 21:00:55',NULL),(737,6862,'2010-06-10 01:29:10',NULL),(738,6865,'2010-06-10 04:22:51',NULL),(739,6885,'2010-06-11 07:29:54',NULL),(740,6889,'2010-06-11 13:41:47',NULL),(741,6890,'2010-06-11 15:12:02',NULL),(742,6893,'2010-06-11 19:53:05',NULL),(743,6894,'2010-06-12 01:35:23',NULL),(744,6896,'2010-06-12 07:22:27',NULL),(745,6899,'2010-06-12 17:24:39',NULL),(746,6901,'2010-06-12 18:08:21',NULL),(747,6909,'2010-06-13 17:37:09',NULL),(748,6916,'2010-06-14 05:04:25',NULL),(749,6924,'2010-06-14 20:15:37',NULL),(750,6929,'2010-06-15 08:14:09',NULL),(751,6948,'2010-06-17 11:44:10',NULL),(752,6957,'2010-06-17 20:11:28',NULL),(753,6967,'2010-06-18 18:00:23',NULL),(754,6983,'2010-06-19 17:12:38',NULL),(755,6992,'2010-06-20 19:17:07',NULL),(756,7007,'2010-06-21 12:10:56',NULL),(757,7007,'2010-06-21 12:11:00',NULL),(758,7010,'2010-06-21 15:12:05',NULL),(759,7010,'2010-06-21 15:12:36',NULL),(760,7025,'2010-06-22 23:27:56',NULL),(761,7042,'2010-06-23 23:08:14',NULL),(762,7050,'2010-06-24 16:05:19',NULL),(763,7060,'2010-06-25 13:41:45',NULL),(764,7084,'2010-06-26 02:31:06',NULL),(765,7088,'2010-06-26 11:53:11',NULL),(766,7097,'2010-06-26 18:15:04',NULL),(767,7101,'2010-06-26 23:40:24',NULL),(768,7103,'2010-06-27 00:01:05',NULL),(769,7107,'2010-06-27 06:08:28',NULL),(770,7119,'2010-06-27 13:19:35',NULL),(771,7128,'2010-06-27 18:44:34',NULL),(772,7130,'2010-06-27 18:55:32',NULL),(773,7137,'2010-06-28 00:17:30',NULL),(774,7145,'2010-06-28 06:02:07',NULL),(775,7154,'2010-06-28 12:04:22',NULL),(776,7191,'2010-06-30 07:34:32',NULL),(777,7194,'2010-06-30 12:35:45',NULL),(778,7195,'2010-06-30 13:53:34',NULL),(779,7211,'2010-07-01 17:35:16',NULL),(780,7212,'2010-07-01 18:34:37',NULL),(781,7216,'2010-07-01 22:39:28','2010-07-01 23:11:10'),(782,7235,'2010-07-02 22:26:07',NULL),(783,7242,'2010-07-03 13:15:30','2010-07-03 13:23:00'),(785,7253,'2010-07-04 10:12:04',NULL),(786,7269,'2010-07-06 13:57:03',NULL),(787,7273,'2010-07-06 22:48:12',NULL),(788,7304,'2010-07-10 17:35:36',NULL),(789,7322,'2010-07-12 03:52:38',NULL),(790,7322,'2010-07-12 03:52:48',NULL),(791,7391,'2010-07-15 06:22:33',NULL),(792,7413,'2010-07-16 09:20:24',NULL),(793,7412,'2010-07-16 09:25:07',NULL),(794,7437,'2010-07-19 02:01:30',NULL),(795,7447,'2010-07-19 05:32:48',NULL),(796,7454,'2010-07-19 20:35:14',NULL),(797,7512,'2010-07-21 18:47:42','2010-07-21 19:12:44'),(798,7526,'2010-07-21 23:18:17',NULL),(799,7560,'2010-07-22 23:15:32',NULL),(800,7562,'2010-07-23 00:20:31',NULL),(801,7579,'2010-07-24 03:33:40',NULL),(802,7610,'2010-07-25 23:52:28',NULL),(803,7621,'2010-07-26 22:44:24',NULL),(804,7621,'2010-07-26 22:44:29',NULL),(805,7623,'2010-07-27 08:43:38',NULL),(806,7625,'2010-07-27 16:50:41',NULL),(807,7632,'2010-07-27 20:31:43',NULL),(809,7664,'2010-07-29 20:39:51',NULL),(810,7666,'2010-07-29 22:54:00',NULL),(811,7671,'2010-07-30 09:29:57',NULL),(812,7675,'2010-07-30 14:15:20',NULL),(813,7678,'2010-07-30 15:56:53',NULL),(814,7687,'2010-07-31 17:11:30',NULL),(815,7693,'2010-08-02 04:38:14',NULL),(816,7702,'2010-08-03 03:26:19',NULL),(817,7715,'2010-08-04 07:45:55',NULL),(818,7715,'2010-08-04 07:46:23',NULL),(819,7733,'2010-08-04 16:01:40',NULL),(820,7742,'2010-08-04 18:47:47',NULL),(821,7752,'2010-08-04 21:25:02',NULL),(822,7775,'2010-08-05 06:01:20',NULL),(823,7786,'2010-08-05 08:15:52',NULL),(824,7790,'2010-08-05 08:53:28',NULL),(825,7794,'2010-08-05 11:26:41',NULL),(826,7798,'2010-08-05 14:34:07',NULL),(827,7802,'2010-08-05 15:07:55',NULL),(828,7804,'2010-08-05 16:30:58',NULL),(829,7808,'2010-08-05 19:40:16',NULL),(830,7815,'2010-08-06 01:37:46',NULL),(831,7821,'2010-08-06 08:12:58',NULL),(832,7829,'2010-08-06 13:52:12',NULL),(833,7834,'2010-08-06 20:11:48',NULL),(834,7836,'2010-08-06 21:33:38','2010-08-06 21:39:58'),(835,7838,'2010-08-06 22:18:32',NULL),(836,7839,'2010-08-06 22:30:53',NULL),(837,7840,'2010-08-06 23:26:58',NULL),(838,7848,'2010-08-07 06:28:46',NULL),(839,7849,'2010-08-07 06:30:28',NULL),(840,7865,'2010-08-07 22:13:29',NULL),(842,7868,'2010-08-07 22:32:23',NULL),(843,7875,'2010-08-08 06:35:05',NULL),(844,7875,'2010-08-08 06:35:13',NULL),(845,7878,'2010-08-08 10:42:24',NULL),(846,7884,'2010-08-08 22:19:52',NULL),(847,7888,'2010-08-09 06:33:59',NULL),(848,7896,'2010-08-09 18:16:28',NULL),(849,7904,'2010-08-10 04:21:06',NULL),(850,7905,'2010-08-10 04:42:42',NULL),(851,7906,'2010-08-10 05:55:18',NULL),(852,7907,'2010-08-10 07:08:20',NULL),(853,7909,'2010-08-10 07:40:07',NULL),(854,7912,'2010-08-10 08:19:51',NULL),(855,7917,'2010-08-10 10:08:53',NULL),(856,7919,'2010-08-10 10:28:12',NULL),(857,7922,'2010-08-10 11:00:01',NULL),(858,7926,'2010-08-10 22:28:12',NULL),(859,7958,'2010-08-12 08:33:36',NULL),(860,7965,'2010-08-12 19:28:21',NULL),(861,7969,'2010-08-13 06:46:06',NULL),(862,7978,'2010-08-13 17:14:35',NULL),(863,7983,'2010-08-13 23:04:41',NULL),(864,8000,'2010-08-15 22:02:11',NULL),(865,8001,'2010-08-16 00:59:00',NULL),(866,8002,'2010-08-16 02:23:06',NULL),(867,8004,'2010-08-16 02:39:48',NULL),(868,8013,'2010-08-16 22:06:25',NULL),(869,8013,'2010-08-16 22:09:02',NULL),(870,8020,'2010-08-17 12:00:06',NULL),(871,8064,'2010-08-19 15:54:28',NULL),(872,8078,'2010-08-20 03:00:30',NULL),(873,8086,'2010-08-20 08:51:58',NULL),(874,8095,'2010-08-20 14:56:16',NULL),(875,8099,'2010-08-20 18:23:11','2010-08-20 19:19:57'),(876,8100,'2010-08-20 20:53:04',NULL),(877,8105,'2010-08-21 03:44:41',NULL),(878,8108,'2010-08-21 09:30:59',NULL),(879,8115,'2010-08-21 15:28:02',NULL),(880,8122,'2010-08-21 19:58:19',NULL),(881,8127,'2010-08-21 21:29:53',NULL),(882,8128,'2010-08-21 23:24:40','2010-08-21 23:32:30'),(883,8133,'2010-08-22 04:10:13',NULL),(884,8135,'2010-08-22 09:49:35',NULL),(885,8142,'2010-08-23 06:42:39',NULL),(886,8149,'2010-08-23 20:00:16','2010-08-23 20:04:56'),(887,8188,'2010-08-25 19:35:52',NULL),(888,8202,'2010-08-27 05:47:26',NULL),(889,8202,'2010-08-27 05:47:36',NULL),(890,8238,'2010-08-29 18:53:23',NULL),(891,8256,'2010-08-31 03:22:52',NULL),(892,8258,'2010-08-31 17:18:44',NULL),(893,8273,'2010-09-01 11:59:20','2010-09-01 12:23:41'),(894,8282,'2010-09-02 01:37:13',NULL),(895,8282,'2010-09-02 01:37:25',NULL),(896,8303,'2010-09-03 20:02:25',NULL),(897,8305,'2010-09-04 00:39:57',NULL),(898,8327,'2010-09-07 12:10:25',NULL),(899,8327,'2010-09-07 12:12:41',NULL),(900,8333,'2010-09-07 20:04:32',NULL),(901,8333,'2010-09-07 20:04:36',NULL),(902,8346,'2010-09-08 20:43:32',NULL),(903,8361,'2010-09-10 14:42:07',NULL),(904,8375,'2010-09-12 14:02:07',NULL),(905,8397,'2010-09-15 01:23:33','2010-09-15 01:33:03'),(907,8402,'2010-09-15 09:28:29',NULL),(908,8411,'2010-09-16 10:06:34',NULL),(909,8415,'2010-09-16 22:04:39',NULL),(910,8416,'2010-09-17 05:30:32',NULL),(911,8417,'2010-09-17 09:52:55',NULL),(912,8432,'2010-09-18 11:47:38',NULL),(913,8440,'2010-09-18 17:42:57',NULL),(914,8441,'2010-09-18 18:08:38',NULL),(915,8452,'2010-09-20 08:04:17',NULL),(916,8475,'2010-09-23 03:18:36',NULL),(917,8481,'2010-09-23 08:57:08',NULL),(918,8489,'2010-09-23 18:37:36','2010-09-23 18:42:11'),(919,8503,'2010-09-25 09:01:34',NULL),(920,8503,'2010-09-25 09:02:44',NULL),(921,8514,'2010-09-26 08:38:51',NULL),(922,8552,'2010-09-28 19:35:11','2010-09-28 19:43:51'),(923,8554,'2010-09-28 19:45:28',NULL),(924,8559,'2010-09-29 04:05:18',NULL),(925,8570,'2010-09-30 05:06:20','2010-09-30 05:16:22'),(926,8595,'2010-10-01 16:51:16',NULL),(927,8644,'2010-10-07 14:24:16',NULL),(928,8644,'2010-10-07 14:27:49',NULL),(930,8656,'2010-10-08 15:57:57',NULL),(931,8667,'2010-10-09 02:19:11',NULL),(932,8688,'2010-10-10 18:19:55',NULL),(933,8757,'2010-10-15 08:05:16',NULL),(934,8774,'2010-10-17 09:57:36',NULL),(935,8820,'2010-10-21 21:41:02',NULL),(937,8851,'2010-10-24 14:55:43','2010-10-24 15:08:54'),(938,8862,'2010-10-25 13:55:44',NULL),(939,8879,'2010-10-27 10:03:00',NULL),(940,8895,'2010-10-29 01:51:42',NULL),(941,8998,'2010-11-09 20:51:09',NULL),(942,9005,'2010-11-10 06:49:06','2010-11-10 07:46:36'),(943,9029,'2010-11-12 05:26:57',NULL),(944,9043,'2010-11-13 23:41:46',NULL),(945,9061,'2010-11-15 08:23:12','2010-11-15 08:35:30'),(947,9071,'2010-11-16 03:30:05',NULL),(948,9072,'2010-11-16 04:44:21',NULL),(949,9097,'2010-11-17 23:49:29',NULL),(950,9143,'2010-11-21 04:34:57',NULL),(951,9199,'2010-11-25 03:04:27',NULL),(952,9208,'2010-11-26 08:13:33',NULL),(953,9227,'2010-11-28 22:26:11','2010-11-28 22:34:14'),(955,9235,'2010-11-29 20:17:22','2010-11-29 20:21:58'),(956,9259,'2010-12-02 13:39:33',NULL),(957,9276,'2010-12-04 16:16:29',NULL),(958,9297,'2010-12-07 06:25:35',NULL),(959,9299,'2010-12-07 06:26:57',NULL),(960,9301,'2010-12-07 06:35:48',NULL),(961,9303,'2010-12-07 06:37:12',NULL),(962,9307,'2010-12-07 13:45:25',NULL),(963,9322,'2010-12-08 15:39:21',NULL),(964,9337,'2010-12-10 01:05:44','2010-12-10 01:17:04'),(965,9338,'2010-12-10 02:11:06',NULL),(966,9361,'2010-12-13 20:22:59',NULL),(967,9392,'2010-12-17 02:46:45',NULL),(968,9395,'2010-12-17 06:59:17',NULL);

--
